35.172.200.168 - - [30/Jun/2025:05:22:52 +0530] "GET /public/new-assets/img/top-arrow.svg HTTP/1.1" 200 321 "http://www.rmpharma.in/" "Mozilla/5.0 (X11; Linux x86_64) AppleWebKit/537.36 (KHTML, like Gecko) HeadlessChrome/85.0.4182.0 Safari/537.36"
54.92.208.161 - - [30/Jun/2025:05:22:51 +0530] "GET /public/new-assets/img/rangamati_logo.png HTTP/1.1" 200 443531 "http://rmpharma.in/" "Mozilla/5.0 (X11; Linux x86_64) AppleWebKit/537.36 (KHTML, like Gecko) HeadlessChrome/85.0.4182.0 Safari/537.36"
54.92.208.161 - - [30/Jun/2025:05:22:52 +0530] "GET /public/new-assets/fonts/Metropolis-Regular.woff2 HTTP/1.1" 200 75 "http://rmpharma.in/public/new-assets/css/style.css" "Mozilla/5.0 (X11; Linux x86_64) AppleWebKit/537.36 (KHTML, like Gecko) HeadlessChrome/85.0.4182.0 Safari/537.36"
54.92.208.161 - - [30/Jun/2025:05:22:52 +0530] "GET /public/new-assets/fonts/Metropolis-Bold.woff2 HTTP/1.1" 200 72 "http://rmpharma.in/public/new-assets/css/style.css" "Mozilla/5.0 (X11; Linux x86_64) AppleWebKit/537.36 (KHTML, like Gecko) HeadlessChrome/85.0.4182.0 Safari/537.36"
54.92.208.161 - - [30/Jun/2025:05:22:52 +0530] "GET /public/new-assets/fonts/Metropolis-Light.woff2 HTTP/1.1" 200 73 "http://rmpharma.in/public/new-assets/css/style.css" "Mozilla/5.0 (X11; Linux x86_64) AppleWebKit/537.36 (KHTML, like Gecko) HeadlessChrome/85.0.4182.0 Safari/537.36"
54.92.208.161 - - [30/Jun/2025:05:22:52 +0530] "GET /public/new-assets/fonts/Metropolis-Black.woff2 HTTP/1.1" 200 73 "http://rmpharma.in/public/new-assets/css/style.css" "Mozilla/5.0 (X11; Linux x86_64) AppleWebKit/537.36 (KHTML, like Gecko) HeadlessChrome/85.0.4182.0 Safari/537.36"
54.92.208.161 - - [30/Jun/2025:05:22:52 +0530] "GET /public/new-assets/fonts/StayClassySLDT.woff2 HTTP/1.1" 200 71 "http://rmpharma.in/public/new-assets/css/style.css" "Mozilla/5.0 (X11; Linux x86_64) AppleWebKit/537.36 (KHTML, like Gecko) HeadlessChrome/85.0.4182.0 Safari/537.36"
54.92.208.161 - - [30/Jun/2025:05:22:52 +0530] "GET /public/new-assets/fonts/Metropolis-Medium.woff2 HTTP/1.1" 200 74 "http://rmpharma.in/public/new-assets/css/style.css" "Mozilla/5.0 (X11; Linux x86_64) AppleWebKit/537.36 (KHTML, like Gecko) HeadlessChrome/85.0.4182.0 Safari/537.36"
35.172.200.168 - - [30/Jun/2025:05:22:52 +0530] "GET /public/new-assets/img/pharma-img/chooseus.jpg HTTP/1.1" 200 713176 "http://www.rmpharma.in/" "Mozilla/5.0 (X11; Linux x86_64) AppleWebKit/537.36 (KHTML, like Gecko) HeadlessChrome/85.0.4182.0 Safari/537.36"
54.92.208.161 - - [30/Jun/2025:05:22:52 +0530] "GET /public/new-assets/gallery/rangamati-banner2.jpg HTTP/1.1" 200 1019398 "http://rmpharma.in/" "Mozilla/5.0 (X11; Linux x86_64) AppleWebKit/537.36 (KHTML, like Gecko) HeadlessChrome/85.0.4182.0 Safari/537.36"
54.92.208.161 - - [30/Jun/2025:05:22:51 +0530] "GET /public/new-assets/gallery/rangamati-banner1.jpg HTTP/1.1" 200 647345 "http://rmpharma.in/" "Mozilla/5.0 (X11; Linux x86_64) AppleWebKit/537.36 (KHTML, like Gecko) HeadlessChrome/85.0.4182.0 Safari/537.36"
35.172.200.168 - - [30/Jun/2025:05:22:52 +0530] "GET /public/new-assets/gallery/rangamati-banner1.jpg HTTP/1.1" 200 647345 "http://www.rmpharma.in/" "Mozilla/5.0 (X11; Linux x86_64) AppleWebKit/537.36 (KHTML, like Gecko) HeadlessChrome/85.0.4182.0 Safari/537.36"
35.172.200.168 - - [30/Jun/2025:05:22:52 +0530] "GET /public/new-assets/gallery/rangamati-banner3.jpg HTTP/1.1" 200 519842 "http://www.rmpharma.in/" "Mozilla/5.0 (X11; Linux x86_64) AppleWebKit/537.36 (KHTML, like Gecko) HeadlessChrome/85.0.4182.0 Safari/537.36"
35.172.200.168 - - [30/Jun/2025:05:22:52 +0530] "GET /public/new-assets/gallery/college.png HTTP/1.1" 200 622025 "http://www.rmpharma.in/" "Mozilla/5.0 (X11; Linux x86_64) AppleWebKit/537.36 (KHTML, like Gecko) HeadlessChrome/85.0.4182.0 Safari/537.36"
35.172.200.168 - - [30/Jun/2025:05:22:52 +0530] "GET /public/new-assets/img/rangamati_logo.png HTTP/1.1" 200 443531 "http://www.rmpharma.in/" "Mozilla/5.0 (X11; Linux x86_64) AppleWebKit/537.36 (KHTML, like Gecko) HeadlessChrome/85.0.4182.0 Safari/537.36"
54.92.208.161 - - [30/Jun/2025:05:22:52 +0530] "GET /public/new-assets/gallery/gal5.jpg HTTP/1.1" 200 173288 "http://rmpharma.in/" "Mozilla/5.0 (X11; Linux x86_64) AppleWebKit/537.36 (KHTML, like Gecko) HeadlessChrome/85.0.4182.0 Safari/537.36"
54.92.208.161 - - [30/Jun/2025:05:22:52 +0530] "GET /public/new-assets/gallery/gal6.jpg HTTP/1.1" 200 324269 "http://rmpharma.in/" "Mozilla/5.0 (X11; Linux x86_64) AppleWebKit/537.36 (KHTML, like Gecko) HeadlessChrome/85.0.4182.0 Safari/537.36"
35.172.200.168 - - [30/Jun/2025:05:22:52 +0530] "GET /public/new-assets/gallery/rangamati-banner2.jpg HTTP/1.1" 200 1019398 "http://www.rmpharma.in/" "Mozilla/5.0 (X11; Linux x86_64) AppleWebKit/537.36 (KHTML, like Gecko) HeadlessChrome/85.0.4182.0 Safari/537.36"
54.92.208.161 - - [30/Jun/2025:05:22:52 +0530] "GET /public/new-assets/img/angle-left.svg HTTP/1.1" 200 337 "http://rmpharma.in/" "Mozilla/5.0 (X11; Linux x86_64) AppleWebKit/537.36 (KHTML, like Gecko) HeadlessChrome/85.0.4182.0 Safari/537.36"
35.172.200.168 - - [30/Jun/2025:05:22:52 +0530] "GET /public/new-assets/fonts/Metropolis-Regular.woff HTTP/1.1" 200 18180 "http://www.rmpharma.in/public/new-assets/css/style.css" "Mozilla/5.0 (X11; Linux x86_64) AppleWebKit/537.36 (KHTML, like Gecko) HeadlessChrome/85.0.4182.0 Safari/537.36"
35.172.200.168 - - [30/Jun/2025:05:22:53 +0530] "GET /public/new-assets/fonts/Metropolis-Bold.woff HTTP/1.1" 200 18272 "http://www.rmpharma.in/public/new-assets/css/style.css" "Mozilla/5.0 (X11; Linux x86_64) AppleWebKit/537.36 (KHTML, like Gecko) HeadlessChrome/85.0.4182.0 Safari/537.36"
54.92.208.161 - - [30/Jun/2025:05:22:52 +0530] "GET /public/new-assets/gallery/rangamati-banner3.jpg HTTP/1.1" 200 519842 "http://rmpharma.in/" "Mozilla/5.0 (X11; Linux x86_64) AppleWebKit/537.36 (KHTML, like Gecko) HeadlessChrome/85.0.4182.0 Safari/537.36"
35.172.200.168 - - [30/Jun/2025:05:22:53 +0530] "GET /public/new-assets/fonts/Metropolis-Light.woff HTTP/1.1" 200 18056 "http://www.rmpharma.in/public/new-assets/css/style.css" "Mozilla/5.0 (X11; Linux x86_64) AppleWebKit/537.36 (KHTML, like Gecko) HeadlessChrome/85.0.4182.0 Safari/537.36"
54.92.208.161 - - [30/Jun/2025:05:22:52 +0530] "GET /public/new-assets/gallery/gal13.jpg HTTP/1.1" 200 1212466 "http://rmpharma.in/" "Mozilla/5.0 (X11; Linux x86_64) AppleWebKit/537.36 (KHTML, like Gecko) HeadlessChrome/85.0.4182.0 Safari/537.36"
35.172.200.168 - - [30/Jun/2025:05:22:53 +0530] "GET /public/new-assets/fonts/StayClassySLDT.woff HTTP/1.1" 200 68780 "http://www.rmpharma.in/public/new-assets/css/style.css" "Mozilla/5.0 (X11; Linux x86_64) AppleWebKit/537.36 (KHTML, like Gecko) HeadlessChrome/85.0.4182.0 Safari/537.36"
54.92.208.161 - - [30/Jun/2025:05:22:53 +0530] "GET /public/new-assets/fonts/Metropolis-Bold.woff HTTP/1.1" 200 18272 "http://rmpharma.in/public/new-assets/css/style.css" "Mozilla/5.0 (X11; Linux x86_64) AppleWebKit/537.36 (KHTML, like Gecko) HeadlessChrome/85.0.4182.0 Safari/537.36"
54.92.208.161 - - [30/Jun/2025:05:22:53 +0530] "GET /public/new-assets/fonts/Metropolis-Regular.woff HTTP/1.1" 200 18180 "http://rmpharma.in/public/new-assets/css/style.css" "Mozilla/5.0 (X11; Linux x86_64) AppleWebKit/537.36 (KHTML, like Gecko) HeadlessChrome/85.0.4182.0 Safari/537.36"
35.172.200.168 - - [30/Jun/2025:05:22:53 +0530] "GET /public/new-assets/fonts/Metropolis-Black.woff HTTP/1.1" 200 18032 "http://www.rmpharma.in/public/new-assets/css/style.css" "Mozilla/5.0 (X11; Linux x86_64) AppleWebKit/537.36 (KHTML, like Gecko) HeadlessChrome/85.0.4182.0 Safari/537.36"
54.92.208.161 - - [30/Jun/2025:05:22:53 +0530] "GET /public/new-assets/fonts/Metropolis-Light.woff HTTP/1.1" 200 18056 "http://rmpharma.in/public/new-assets/css/style.css" "Mozilla/5.0 (X11; Linux x86_64) AppleWebKit/537.36 (KHTML, like Gecko) HeadlessChrome/85.0.4182.0 Safari/537.36"
35.172.200.168 - - [30/Jun/2025:05:22:53 +0530] "GET /public/new-assets/fonts/Metropolis-Medium.woff HTTP/1.1" 200 18324 "http://www.rmpharma.in/public/new-assets/css/style.css" "Mozilla/5.0 (X11; Linux x86_64) AppleWebKit/537.36 (KHTML, like Gecko) HeadlessChrome/85.0.4182.0 Safari/537.36"
35.172.200.168 - - [30/Jun/2025:05:22:53 +0530] "GET /public/new-assets/gallery/gal13.jpg HTTP/1.1" 200 1212466 "http://www.rmpharma.in/" "Mozilla/5.0 (X11; Linux x86_64) AppleWebKit/537.36 (KHTML, like Gecko) HeadlessChrome/85.0.4182.0 Safari/537.36"
35.172.200.168 - - [30/Jun/2025:05:22:53 +0530] "GET /public/new-assets/gallery/gal14.jpg HTTP/1.1" 200 782383 "http://www.rmpharma.in/" "Mozilla/5.0 (X11; Linux x86_64) AppleWebKit/537.36 (KHTML, like Gecko) HeadlessChrome/85.0.4182.0 Safari/537.36"
54.92.208.161 - - [30/Jun/2025:05:22:53 +0530] "GET /public/new-assets/fonts/Metropolis-Black.woff HTTP/1.1" 200 18032 "http://rmpharma.in/public/new-assets/css/style.css" "Mozilla/5.0 (X11; Linux x86_64) AppleWebKit/537.36 (KHTML, like Gecko) HeadlessChrome/85.0.4182.0 Safari/537.36"
35.172.200.168 - - [30/Jun/2025:05:22:53 +0530] "GET /public/new-assets/gallery/gal5.jpg HTTP/1.1" 200 173288 "http://www.rmpharma.in/" "Mozilla/5.0 (X11; Linux x86_64) AppleWebKit/537.36 (KHTML, like Gecko) HeadlessChrome/85.0.4182.0 Safari/537.36"
54.92.208.161 - - [30/Jun/2025:05:22:53 +0530] "GET /public/new-assets/fonts/StayClassySLDT.woff HTTP/1.1" 200 68780 "http://rmpharma.in/public/new-assets/css/style.css" "Mozilla/5.0 (X11; Linux x86_64) AppleWebKit/537.36 (KHTML, like Gecko) HeadlessChrome/85.0.4182.0 Safari/537.36"
35.172.200.168 - - [30/Jun/2025:05:22:53 +0530] "GET /public/new-assets/gallery/gal6.jpg HTTP/1.1" 200 324269 "http://www.rmpharma.in/" "Mozilla/5.0 (X11; Linux x86_64) AppleWebKit/537.36 (KHTML, like Gecko) HeadlessChrome/85.0.4182.0 Safari/537.36"
54.92.208.161 - - [30/Jun/2025:05:22:53 +0530] "GET /public/new-assets/fonts/Metropolis-Medium.woff HTTP/1.1" 200 18324 "http://rmpharma.in/public/new-assets/css/style.css" "Mozilla/5.0 (X11; Linux x86_64) AppleWebKit/537.36 (KHTML, like Gecko) HeadlessChrome/85.0.4182.0 Safari/537.36"
35.172.200.168 - - [30/Jun/2025:05:22:53 +0530] "GET /public/new-assets/img/angle-left.svg HTTP/1.1" 200 337 "http://www.rmpharma.in/" "Mozilla/5.0 (X11; Linux x86_64) AppleWebKit/537.36 (KHTML, like Gecko) HeadlessChrome/85.0.4182.0 Safari/537.36"
54.92.208.161 - - [30/Jun/2025:05:22:53 +0530] "GET /public/new-assets/img/angle-right.svg HTTP/1.1" 200 330 "http://rmpharma.in/" "Mozilla/5.0 (X11; Linux x86_64) AppleWebKit/537.36 (KHTML, like Gecko) HeadlessChrome/85.0.4182.0 Safari/537.36"
54.92.208.161 - - [30/Jun/2025:05:22:53 +0530] "GET /public/new-assets/gallery/college.png HTTP/1.1" 200 622025 "http://rmpharma.in/" "Mozilla/5.0 (X11; Linux x86_64) AppleWebKit/537.36 (KHTML, like Gecko) HeadlessChrome/85.0.4182.0 Safari/537.36"
35.172.200.168 - - [30/Jun/2025:05:22:53 +0530] "GET /public/new-assets/img/angle-right.svg HTTP/1.1" 200 330 "http://www.rmpharma.in/" "Mozilla/5.0 (X11; Linux x86_64) AppleWebKit/537.36 (KHTML, like Gecko) HeadlessChrome/85.0.4182.0 Safari/537.36"
54.92.208.161 - - [30/Jun/2025:05:22:53 +0530] "GET /public/new-assets/img/West_Bengal_University_of_Health_Sciences_Logo.svg.png HTTP/1.1" 200 49202 "http://rmpharma.in/" "Mozilla/5.0 (X11; Linux x86_64) AppleWebKit/537.36 (KHTML, like Gecko) HeadlessChrome/85.0.4182.0 Safari/537.36"
35.172.200.168 - - [30/Jun/2025:05:22:53 +0530] "GET /public/new-assets/img/West_Bengal_University_of_Health_Sciences_Logo.svg.png HTTP/1.1" 200 49202 "http://www.rmpharma.in/" "Mozilla/5.0 (X11; Linux x86_64) AppleWebKit/537.36 (KHTML, like Gecko) HeadlessChrome/85.0.4182.0 Safari/537.36"
54.92.208.161 - - [30/Jun/2025:05:22:53 +0530] "GET /public/new-assets/img/Pharmacy_Council_of_India_Logo.png HTTP/1.1" 200 110367 "http://rmpharma.in/" "Mozilla/5.0 (X11; Linux x86_64) AppleWebKit/537.36 (KHTML, like Gecko) HeadlessChrome/85.0.4182.0 Safari/537.36"
35.172.200.168 - - [30/Jun/2025:05:22:53 +0530] "GET /public/new-assets/img/Pharmacy_Council_of_India_Logo.png HTTP/1.1" 200 110367 "http://www.rmpharma.in/" "Mozilla/5.0 (X11; Linux x86_64) AppleWebKit/537.36 (KHTML, like Gecko) HeadlessChrome/85.0.4182.0 Safari/537.36"
54.92.208.161 - - [30/Jun/2025:05:22:53 +0530] "GET /public/new-assets/img/wbsctelogo.png HTTP/1.1" 200 69348 "http://rmpharma.in/" "Mozilla/5.0 (X11; Linux x86_64) AppleWebKit/537.36 (KHTML, like Gecko) HeadlessChrome/85.0.4182.0 Safari/537.36"
35.172.200.168 - - [30/Jun/2025:05:22:53 +0530] "GET /public/new-assets/img/wbsctelogo.png HTTP/1.1" 200 69348 "http://www.rmpharma.in/" "Mozilla/5.0 (X11; Linux x86_64) AppleWebKit/537.36 (KHTML, like Gecko) HeadlessChrome/85.0.4182.0 Safari/537.36"
35.172.200.168 - - [30/Jun/2025:05:22:53 +0530] "GET /public/new-assets/gallery/course1.jpg HTTP/1.1" 200 717406 "http://www.rmpharma.in/" "Mozilla/5.0 (X11; Linux x86_64) AppleWebKit/537.36 (KHTML, like Gecko) HeadlessChrome/85.0.4182.0 Safari/537.36"
54.92.208.161 - - [30/Jun/2025:05:22:53 +0530] "GET /public/new-assets/gallery/course1.jpg HTTP/1.1" 200 717406 "http://rmpharma.in/" "Mozilla/5.0 (X11; Linux x86_64) AppleWebKit/537.36 (KHTML, like Gecko) HeadlessChrome/85.0.4182.0 Safari/537.36"
35.172.200.168 - - [30/Jun/2025:05:22:53 +0530] "GET /public/new-assets/gallery/course2.jpg HTTP/1.1" 200 788791 "http://www.rmpharma.in/" "Mozilla/5.0 (X11; Linux x86_64) AppleWebKit/537.36 (KHTML, like Gecko) HeadlessChrome/85.0.4182.0 Safari/537.36"
35.172.200.168 - - [30/Jun/2025:05:22:53 +0530] "GET /public/new-assets/gallery/course3.jpg HTTP/1.1" 200 738208 "http://www.rmpharma.in/" "Mozilla/5.0 (X11; Linux x86_64) AppleWebKit/537.36 (KHTML, like Gecko) HeadlessChrome/85.0.4182.0 Safari/537.36"
54.92.208.161 - - [30/Jun/2025:05:22:53 +0530] "GET /public/new-assets/gallery/course2.jpg HTTP/1.1" 200 788791 "http://rmpharma.in/" "Mozilla/5.0 (X11; Linux x86_64) AppleWebKit/537.36 (KHTML, like Gecko) HeadlessChrome/85.0.4182.0 Safari/537.36"
54.92.208.161 - - [30/Jun/2025:05:22:53 +0530] "GET /public/new-assets/gallery/course3.jpg HTTP/1.1" 200 738208 "http://rmpharma.in/" "Mozilla/5.0 (X11; Linux x86_64) AppleWebKit/537.36 (KHTML, like Gecko) HeadlessChrome/85.0.4182.0 Safari/537.36"
35.172.200.168 - - [30/Jun/2025:05:22:53 +0530] "GET /public/new-assets/gallery/contact.png HTTP/1.1" 200 474343 "http://www.rmpharma.in/" "Mozilla/5.0 (X11; Linux x86_64) AppleWebKit/537.36 (KHTML, like Gecko) HeadlessChrome/85.0.4182.0 Safari/537.36"
54.92.208.161 - - [30/Jun/2025:05:22:54 +0530] "GET /public/new-assets/gallery/contact.png HTTP/1.1" 200 474343 "http://rmpharma.in/" "Mozilla/5.0 (X11; Linux x86_64) AppleWebKit/537.36 (KHTML, like Gecko) HeadlessChrome/85.0.4182.0 Safari/537.36"
54.92.208.161 - - [30/Jun/2025:05:22:54 +0530] "GET /assets/images/convo-images/loading.gif HTTP/1.1" 200 15294 "http://rmpharma.in/" "Mozilla/5.0 (X11; Linux x86_64) AppleWebKit/537.36 (KHTML, like Gecko) HeadlessChrome/85.0.4182.0 Safari/537.36"
54.92.208.161 - - [30/Jun/2025:05:22:54 +0530] "GET /public/new-assets/gallery/gal12.jpg HTTP/1.1" 200 224872 "http://rmpharma.in/" "Mozilla/5.0 (X11; Linux x86_64) AppleWebKit/537.36 (KHTML, like Gecko) HeadlessChrome/85.0.4182.0 Safari/537.36"
35.172.200.168 - - [30/Jun/2025:05:22:54 +0530] "GET /assets/images/convo-images/loading.gif HTTP/1.1" 200 15228 "http://www.rmpharma.in/" "Mozilla/5.0 (X11; Linux x86_64) AppleWebKit/537.36 (KHTML, like Gecko) HeadlessChrome/85.0.4182.0 Safari/537.36"
54.92.208.161 - - [30/Jun/2025:05:22:54 +0530] "GET /public/new-assets/gallery/gal3.jpg HTTP/1.1" 200 267463 "http://rmpharma.in/" "Mozilla/5.0 (X11; Linux x86_64) AppleWebKit/537.36 (KHTML, like Gecko) HeadlessChrome/85.0.4182.0 Safari/537.36"
54.92.208.161 - - [30/Jun/2025:05:22:54 +0530] "GET /public/assets/images/new-img/college-building-5-600.jpg HTTP/1.1" 200 116698 "http://rmpharma.in/" "Mozilla/5.0 (X11; Linux x86_64) AppleWebKit/537.36 (KHTML, like Gecko) HeadlessChrome/85.0.4182.0 Safari/537.36"
54.92.208.161 - - [30/Jun/2025:05:22:54 +0530] "GET /public/new-assets/gallery/gal7.jpg HTTP/1.1" 200 260984 "http://rmpharma.in/" "Mozilla/5.0 (X11; Linux x86_64) AppleWebKit/537.36 (KHTML, like Gecko) HeadlessChrome/85.0.4182.0 Safari/537.36"
54.92.208.161 - - [30/Jun/2025:05:22:54 +0530] "GET /public/new-assets/gallery/gal8.jpg HTTP/1.1" 200 258541 "http://rmpharma.in/" "Mozilla/5.0 (X11; Linux x86_64) AppleWebKit/537.36 (KHTML, like Gecko) HeadlessChrome/85.0.4182.0 Safari/537.36"
35.172.200.168 - - [30/Jun/2025:05:22:54 +0530] "GET /public/new-assets/gallery/gal12.jpg HTTP/1.1" 200 224872 "http://www.rmpharma.in/" "Mozilla/5.0 (X11; Linux x86_64) AppleWebKit/537.36 (KHTML, like Gecko) HeadlessChrome/85.0.4182.0 Safari/537.36"
35.172.200.168 - - [30/Jun/2025:05:22:54 +0530] "GET /public/new-assets/gallery/gal3.jpg HTTP/1.1" 200 267463 "http://www.rmpharma.in/" "Mozilla/5.0 (X11; Linux x86_64) AppleWebKit/537.36 (KHTML, like Gecko) HeadlessChrome/85.0.4182.0 Safari/537.36"
54.92.208.161 - - [30/Jun/2025:05:22:54 +0530] "GET /public/new-assets/gallery/gal9.jpg HTTP/1.1" 200 161507 "http://rmpharma.in/" "Mozilla/5.0 (X11; Linux x86_64) AppleWebKit/537.36 (KHTML, like Gecko) HeadlessChrome/85.0.4182.0 Safari/537.36"
35.172.200.168 - - [30/Jun/2025:05:22:54 +0530] "GET /public/assets/images/new-img/college-building-5-600.jpg HTTP/1.1" 200 116698 "http://www.rmpharma.in/" "Mozilla/5.0 (X11; Linux x86_64) AppleWebKit/537.36 (KHTML, like Gecko) HeadlessChrome/85.0.4182.0 Safari/537.36"
54.92.208.161 - - [30/Jun/2025:05:22:54 +0530] "GET /public/new-assets/gallery/gal10.jpg HTTP/1.1" 200 196630 "http://rmpharma.in/" "Mozilla/5.0 (X11; Linux x86_64) AppleWebKit/537.36 (KHTML, like Gecko) HeadlessChrome/85.0.4182.0 Safari/537.36"
35.172.200.168 - - [30/Jun/2025:05:22:54 +0530] "GET /public/new-assets/gallery/gal7.jpg HTTP/1.1" 200 260984 "http://www.rmpharma.in/" "Mozilla/5.0 (X11; Linux x86_64) AppleWebKit/537.36 (KHTML, like Gecko) HeadlessChrome/85.0.4182.0 Safari/537.36"
35.172.200.168 - - [30/Jun/2025:05:22:54 +0530] "GET /public/new-assets/gallery/gal8.jpg HTTP/1.1" 200 258541 "http://www.rmpharma.in/" "Mozilla/5.0 (X11; Linux x86_64) AppleWebKit/537.36 (KHTML, like Gecko) HeadlessChrome/85.0.4182.0 Safari/537.36"
35.172.200.168 - - [30/Jun/2025:05:22:54 +0530] "GET /public/new-assets/gallery/gal9.jpg HTTP/1.1" 200 161507 "http://www.rmpharma.in/" "Mozilla/5.0 (X11; Linux x86_64) AppleWebKit/537.36 (KHTML, like Gecko) HeadlessChrome/85.0.4182.0 Safari/537.36"
54.92.208.161 - - [30/Jun/2025:05:22:54 +0530] "GET /public/assets/images/new-img/college-building-600.jpg HTTP/1.1" 200 120944 "http://rmpharma.in/" "Mozilla/5.0 (X11; Linux x86_64) AppleWebKit/537.36 (KHTML, like Gecko) HeadlessChrome/85.0.4182.0 Safari/537.36"
54.92.208.161 - - [30/Jun/2025:05:22:54 +0530] "GET /public/new-assets/gallery/gal1.jpg HTTP/1.1" 200 218020 "http://rmpharma.in/" "Mozilla/5.0 (X11; Linux x86_64) AppleWebKit/537.36 (KHTML, like Gecko) HeadlessChrome/85.0.4182.0 Safari/537.36"
54.92.208.161 - - [30/Jun/2025:05:22:54 +0530] "GET /public/new-assets/gallery/gal2.jpg HTTP/1.1" 200 144518 "http://rmpharma.in/" "Mozilla/5.0 (X11; Linux x86_64) AppleWebKit/537.36 (KHTML, like Gecko) HeadlessChrome/85.0.4182.0 Safari/537.36"
54.92.208.161 - - [30/Jun/2025:05:22:54 +0530] "GET /public/new-assets/gallery/rangamati_logo.png HTTP/1.1" 200 443531 "http://rmpharma.in/" "Mozilla/5.0 (X11; Linux x86_64) AppleWebKit/537.36 (KHTML, like Gecko) HeadlessChrome/85.0.4182.0 Safari/537.36"
35.172.200.168 - - [30/Jun/2025:05:22:54 +0530] "GET /public/new-assets/gallery/gal10.jpg HTTP/1.1" 200 196630 "http://www.rmpharma.in/" "Mozilla/5.0 (X11; Linux x86_64) AppleWebKit/537.36 (KHTML, like Gecko) HeadlessChrome/85.0.4182.0 Safari/537.36"
54.92.208.161 - - [30/Jun/2025:05:22:54 +0530] "GET /public/new-assets/img/sikshapedia-prefferd-college-icon.png HTTP/1.1" 200 46759 "http://rmpharma.in/" "Mozilla/5.0 (X11; Linux x86_64) AppleWebKit/537.36 (KHTML, like Gecko) HeadlessChrome/85.0.4182.0 Safari/537.36"
35.172.200.168 - - [30/Jun/2025:05:22:54 +0530] "GET /public/assets/images/new-img/college-building-600.jpg HTTP/1.1" 200 120944 "http://www.rmpharma.in/" "Mozilla/5.0 (X11; Linux x86_64) AppleWebKit/537.36 (KHTML, like Gecko) HeadlessChrome/85.0.4182.0 Safari/537.36"
54.92.208.161 - - [30/Jun/2025:05:22:54 +0530] "GET /public/img/holiday-notice.png HTTP/1.1" 200 310633 "http://rmpharma.in/" "Mozilla/5.0 (X11; Linux x86_64) AppleWebKit/537.36 (KHTML, like Gecko) HeadlessChrome/85.0.4182.0 Safari/537.36"
35.172.200.168 - - [30/Jun/2025:05:22:55 +0530] "GET /public/new-assets/gallery/gal1.jpg HTTP/1.1" 200 218020 "http://www.rmpharma.in/" "Mozilla/5.0 (X11; Linux x86_64) AppleWebKit/537.36 (KHTML, like Gecko) HeadlessChrome/85.0.4182.0 Safari/537.36"
35.172.200.168 - - [30/Jun/2025:05:22:55 +0530] "GET /public/new-assets/gallery/gal2.jpg HTTP/1.1" 200 144518 "http://www.rmpharma.in/" "Mozilla/5.0 (X11; Linux x86_64) AppleWebKit/537.36 (KHTML, like Gecko) HeadlessChrome/85.0.4182.0 Safari/537.36"
54.92.208.161 - - [30/Jun/2025:05:22:55 +0530] "GET /public/new-assets/gallery/notice.png HTTP/1.1" 200 1077550 "http://rmpharma.in/public/new-assets/css/style.css" "Mozilla/5.0 (X11; Linux x86_64) AppleWebKit/537.36 (KHTML, like Gecko) HeadlessChrome/85.0.4182.0 Safari/537.36"
35.172.200.168 - - [30/Jun/2025:05:22:55 +0530] "GET /public/new-assets/gallery/rangamati_logo.png HTTP/1.1" 200 443531 "http://www.rmpharma.in/" "Mozilla/5.0 (X11; Linux x86_64) AppleWebKit/537.36 (KHTML, like Gecko) HeadlessChrome/85.0.4182.0 Safari/537.36"
54.92.208.161 - - [30/Jun/2025:05:22:55 +0530] "GET /public/new-assets/gallery/gal14.jpg HTTP/1.1" 200 782383 "http://rmpharma.in/" "Mozilla/5.0 (X11; Linux x86_64) AppleWebKit/537.36 (KHTML, like Gecko) HeadlessChrome/85.0.4182.0 Safari/537.36"
35.172.200.168 - - [30/Jun/2025:05:22:55 +0530] "GET /public/new-assets/img/sikshapedia-prefferd-college-icon.png HTTP/1.1" 200 46759 "http://www.rmpharma.in/" "Mozilla/5.0 (X11; Linux x86_64) AppleWebKit/537.36 (KHTML, like Gecko) HeadlessChrome/85.0.4182.0 Safari/537.36"
35.172.200.168 - - [30/Jun/2025:05:22:55 +0530] "GET /public/img/holiday-notice.png HTTP/1.1" 200 310633 "http://www.rmpharma.in/" "Mozilla/5.0 (X11; Linux x86_64) AppleWebKit/537.36 (KHTML, like Gecko) HeadlessChrome/85.0.4182.0 Safari/537.36"
35.172.200.168 - - [30/Jun/2025:05:22:55 +0530] "GET /public/new-assets/gallery/notice.png HTTP/1.1" 200 1077550 "http://www.rmpharma.in/public/new-assets/css/style.css" "Mozilla/5.0 (X11; Linux x86_64) AppleWebKit/537.36 (KHTML, like Gecko) HeadlessChrome/85.0.4182.0 Safari/537.36"
74.125.215.38 - - [30/Jun/2025:06:23:31 +0530] "GET / HTTP/1.1" 200 20195 "-" "Google-Display-Ads-Bot"
74.125.215.40 - - [30/Jun/2025:06:24:47 +0530] "GET / HTTP/1.1" 200 20195 "-" "Google-Display-Ads-Bot"
74.125.215.40 - - [30/Jun/2025:06:27:22 +0530] "GET / HTTP/1.1" 200 20195 "-" "Google-Display-Ads-Bot"
74.125.215.39 - - [30/Jun/2025:06:27:42 +0530] "GET / HTTP/1.1" 200 20195 "-" "Google-Display-Ads-Bot"
74.125.215.38 - - [30/Jun/2025:06:29:56 +0530] "GET / HTTP/1.1" 200 20195 "-" "Google-Display-Ads-Bot"
74.125.215.40 - - [30/Jun/2025:06:33:29 +0530] "GET / HTTP/1.1" 200 20195 "-" "Google-Display-Ads-Bot"
74.125.215.40 - - [30/Jun/2025:06:36:04 +0530] "GET / HTTP/1.1" 200 20195 "-" "Google-Display-Ads-Bot"
72.11.154.111 - - [30/Jun/2025:06:46:54 +0530] "GET /pic/api.php HTTP/1.1" 200 15242 "-" "Mozilla/5.0 (Windows NT 10.0; Win64; x64)"
103.191.208.50 - - [30/Jun/2025:07:10:58 +0530] "GET /.well-known/acme-challenge/O4AU1TY881LBBJA0_ISBXJDGKT3S9V-I HTTP/1.1" 200 64 "-" "Cpanel-HTTP-Client/1.0"
103.191.208.50 - - [30/Jun/2025:07:10:59 +0530] "GET /.well-known/acme-challenge/CA5Q4CC0VUM0C8ZB59-3WQ2VBW0J2OKU HTTP/1.1" 200 64 "-" "Cpanel-HTTP-Client/1.0"
103.191.208.50 - - [30/Jun/2025:07:10:59 +0530] "GET /.well-known/acme-challenge/STJCMOS7UYBG142L6JJM_-GS3Q_SF524 HTTP/1.1" 200 64 "-" "Cpanel-HTTP-Client/1.0"
103.191.208.50 - - [30/Jun/2025:07:11:01 +0530] "GET /.well-known/acme-challenge/T09TD_V5CZ0AQO2UQ3PDYGXR6CC2W_HF HTTP/1.1" 200 64 "-" "Cpanel-HTTP-Client/1.0"
103.191.208.50 - - [30/Jun/2025:07:11:01 +0530] "GET /.well-known/acme-challenge/U4_DXPFW9N0G3_8JBV568D7QXSW5JQ1E HTTP/1.1" 200 64 "-" "Cpanel-HTTP-Client/1.0"
103.191.208.50 - - [30/Jun/2025:07:11:01 +0530] "GET /.well-known/acme-challenge/F5GESHKQSGE59_HJWTDRBM6X95QCCZMJ HTTP/1.1" 200 64 "-" "Cpanel-HTTP-Client/1.0"
103.191.208.50 - - [30/Jun/2025:07:11:02 +0530] "GET /.well-known/acme-challenge/_WVTPN2NISD5GEJMBAQUS8B68Y5BGDBU HTTP/1.1" 200 64 "-" "Cpanel-HTTP-Client/1.0"
103.191.208.50 - - [30/Jun/2025:07:11:03 +0530] "GET /.well-known/acme-challenge/P4R7GTX7KBCUG9BVSRFDRL9B3XQFIDE_ HTTP/1.1" 200 64 "-" "Cpanel-HTTP-Client/1.0"
103.191.208.50 - - [30/Jun/2025:07:11:03 +0530] "GET /.well-known/acme-challenge/UH6ZKD6O9SC8JEN1IRAWZV8I2Z9PJCYZ HTTP/1.1" 200 64 "-" "Cpanel-HTTP-Client/1.0"
103.191.208.50 - - [30/Jun/2025:10:11:30 +0530] "GET /.well-known/acme-challenge/OOL53V9UIT0XPEUJWBGS8FZI6_QMB57J HTTP/1.1" 200 64 "-" "Cpanel-HTTP-Client/1.0"
103.191.208.50 - - [30/Jun/2025:10:11:31 +0530] "GET /.well-known/acme-challenge/161NVX5KU_5-_A24NB_7_2Q_95EOQFDX HTTP/1.1" 200 64 "-" "Cpanel-HTTP-Client/1.0"
103.191.208.50 - - [30/Jun/2025:10:11:31 +0530] "GET /.well-known/acme-challenge/3U7ABU60MWHD6UYANPRI-5JBP4HMFJC1 HTTP/1.1" 200 64 "-" "Cpanel-HTTP-Client/1.0"
103.191.208.50 - - [30/Jun/2025:10:11:33 +0530] "GET /.well-known/acme-challenge/J-V_1HBCWYTIA7M990O97O8BTDSMR9-T HTTP/1.1" 200 64 "-" "Cpanel-HTTP-Client/1.0"
103.191.208.50 - - [30/Jun/2025:10:11:33 +0530] "GET /.well-known/acme-challenge/WRKSMDCD2KOE7LY11UHB46BEVCJ27U85 HTTP/1.1" 200 64 "-" "Cpanel-HTTP-Client/1.0"
103.191.208.50 - - [30/Jun/2025:10:11:33 +0530] "GET /.well-known/acme-challenge/S9KWLV2_9DVO-1DEMI_M70O2H888UVB4 HTTP/1.1" 200 64 "-" "Cpanel-HTTP-Client/1.0"
103.191.208.50 - - [30/Jun/2025:10:11:34 +0530] "GET /.well-known/acme-challenge/TQS6AZ6FD9CZN_Y47XVUOHJIQX87R2B7 HTTP/1.1" 200 64 "-" "Cpanel-HTTP-Client/1.0"
103.191.208.50 - - [30/Jun/2025:10:11:34 +0530] "GET /.well-known/acme-challenge/51VZJ5MU-ZN-QCTTBYZDUGS1Y12174H8 HTTP/1.1" 200 64 "-" "Cpanel-HTTP-Client/1.0"
103.191.208.50 - - [30/Jun/2025:10:11:35 +0530] "GET /.well-known/acme-challenge/FTMTVLU5NNK3BYE-ED4EWBULLGWDEPGG HTTP/1.1" 200 64 "-" "Cpanel-HTTP-Client/1.0"
167.71.95.122 - - [30/Jun/2025:11:47:00 +0530] "GET /wp-admin/css/ HTTP/1.1" 200 23783 "binance.com" "Mozilla/5.0 (Windows NT 10.0; Win64; x64) AppleWebKit/537.36 (KHTML, like Gecko) Chrome/90.0.4430.85 Safari/537.36"
72.14.199.132 - - [30/Jun/2025:12:12:21 +0530] "GET / HTTP/1.1" 200 20195 "-" "Mozilla/5.0 (Macintosh; Intel Mac OS X 10_7_3) AppleWebKit/[WEBKIT_VERSION] (KHTML, like Gecko, Mediapartners-Google) Chrome/[CHROME_VERSION] Safari/[WEBKIT_VERSION]"
66.249.79.72 - - [30/Jun/2025:12:12:21 +0530] "GET /robots.txt HTTP/1.1" 200 750 "-" "Mozilla/5.0 (compatible; Googlebot/2.1; +http://www.google.com/bot.html)"
72.14.199.136 - - [30/Jun/2025:12:12:21 +0530] "GET / HTTP/1.1" 200 20290 "-" "Mozilla/5.0 (Macintosh; Intel Mac OS X 10_7_3) AppleWebKit/[WEBKIT_VERSION] (KHTML, like Gecko, Mediapartners-Google) Chrome/[CHROME_VERSION] Safari/[WEBKIT_VERSION]"
72.14.199.135 - - [30/Jun/2025:12:12:21 +0530] "GET / HTTP/1.1" 200 20195 "-" "Mozilla/5.0 (Linux; Android 4.0.4; Galaxy Nexus Build/IMM76B) AppleWebKit/537.36 (KHTML, like Gecko; Mediapartners-Google) Chrome/137.0.7151.68 Mobile Safari/537.36"
72.14.199.135 - - [30/Jun/2025:12:12:21 +0530] "GET / HTTP/1.1" 200 20195 "-" "Mozilla/5.0 (Macintosh; Intel Mac OS X 10_7_3) AppleWebKit/537.36 (KHTML, like Gecko, Mediapartners-Google) Chrome/137.0.7151.68 Safari/537.36"
72.14.199.131 - - [30/Jun/2025:12:12:21 +0530] "GET / HTTP/1.1" 200 20195 "-" "Mozilla/5.0 (Linux; Android 4.0.4; Galaxy Nexus Build/IMM76B) AppleWebKit/[WEBKIT_VERSION] (KHTML, like Gecko; Mediapartners-Google) Chrome/[CHROME_VERSION] Mobile Safari/[WEBKIT_VERSION]"
72.14.199.135 - - [30/Jun/2025:12:12:22 +0530] "GET /public/new-assets/css/timercss.css HTTP/1.1" 200 922 "http://www.rmpharma.in/" "Mozilla/5.0 (Macintosh; Intel Mac OS X 10_7_3) AppleWebKit/537.36 (KHTML, like Gecko, Mediapartners-Google) Chrome/137.0.7151.68 Safari/537.36"
72.14.199.135 - - [30/Jun/2025:12:12:22 +0530] "GET /public/new-assets/css/style.css HTTP/1.1" 200 39014 "http://www.rmpharma.in/" "Mozilla/5.0 (Macintosh; Intel Mac OS X 10_7_3) AppleWebKit/537.36 (KHTML, like Gecko, Mediapartners-Google) Chrome/137.0.7151.68 Safari/537.36"
72.14.199.137 - - [30/Jun/2025:12:12:22 +0530] "GET / HTTP/1.1" 200 20195 "-" "Mozilla/5.0 (Linux; Android 4.0.4; Galaxy Nexus Build/IMM76B) AppleWebKit/[WEBKIT_VERSION] (KHTML, like Gecko; Mediapartners-Google) Chrome/[CHROME_VERSION] Mobile Safari/[WEBKIT_VERSION]"
72.14.199.136 - - [30/Jun/2025:12:12:22 +0530] "GET /public/new-assets/css/timercss.css HTTP/1.1" 200 922 "http://www.rmpharma.in/" "Mozilla/5.0 (Linux; Android 4.0.4; Galaxy Nexus Build/IMM76B) AppleWebKit/537.36 (KHTML, like Gecko; Mediapartners-Google) Chrome/137.0.7151.68 Mobile Safari/537.36"
72.14.199.137 - - [30/Jun/2025:12:12:22 +0530] "GET /public/assets/css/gallery-style.css HTTP/1.1" 200 689 "http://www.rmpharma.in/" "Mozilla/5.0 (Macintosh; Intel Mac OS X 10_7_3) AppleWebKit/537.36 (KHTML, like Gecko, Mediapartners-Google) Chrome/137.0.7151.68 Safari/537.36"
72.14.199.137 - - [30/Jun/2025:12:12:22 +0530] "GET /public/new-assets/css/style.css HTTP/1.1" 200 39014 "http://www.rmpharma.in/" "Mozilla/5.0 (Linux; Android 4.0.4; Galaxy Nexus Build/IMM76B) AppleWebKit/537.36 (KHTML, like Gecko; Mediapartners-Google) Chrome/137.0.7151.68 Mobile Safari/537.36"
72.14.199.136 - - [30/Jun/2025:12:12:22 +0530] "GET /public/new-assets/img/menu-burger.svg HTTP/1.1" 200 139 "http://www.rmpharma.in/" "Mozilla/5.0 (Macintosh; Intel Mac OS X 10_7_3) AppleWebKit/537.36 (KHTML, like Gecko, Mediapartners-Google) Chrome/137.0.7151.68 Safari/537.36"
72.14.199.136 - - [30/Jun/2025:12:12:22 +0530] "GET /public/new-assets/img/menu-burger.svg HTTP/1.1" 200 139 "http://www.rmpharma.in/" "Mozilla/5.0 (Linux; Android 4.0.4; Galaxy Nexus Build/IMM76B) AppleWebKit/537.36 (KHTML, like Gecko; Mediapartners-Google) Chrome/137.0.7151.68 Mobile Safari/537.36"
72.14.199.136 - - [30/Jun/2025:12:12:22 +0530] "GET /public/assets/css/gallery-style.css HTTP/1.1" 200 689 "http://www.rmpharma.in/" "Mozilla/5.0 (Linux; Android 4.0.4; Galaxy Nexus Build/IMM76B) AppleWebKit/537.36 (KHTML, like Gecko; Mediapartners-Google) Chrome/137.0.7151.68 Mobile Safari/537.36"
72.14.199.136 - - [30/Jun/2025:12:12:22 +0530] "GET /public/new-assets/css/jquery.fancybox.min.css HTTP/1.1" 200 3185 "http://www.rmpharma.in/" "Mozilla/5.0 (Macintosh; Intel Mac OS X 10_7_3) AppleWebKit/537.36 (KHTML, like Gecko, Mediapartners-Google) Chrome/137.0.7151.68 Safari/537.36"
72.14.199.136 - - [30/Jun/2025:12:12:22 +0530] "GET /public/new-assets/css/jquery.fancybox.min.css HTTP/1.1" 200 3185 "http://www.rmpharma.in/" "Mozilla/5.0 (Linux; Android 4.0.4; Galaxy Nexus Build/IMM76B) AppleWebKit/537.36 (KHTML, like Gecko; Mediapartners-Google) Chrome/137.0.7151.68 Mobile Safari/537.36"
72.14.199.137 - - [30/Jun/2025:12:12:22 +0530] "GET /public/new-assets/css/animate.min.css HTTP/1.1" 200 13317 "http://www.rmpharma.in/" "Mozilla/5.0 (Linux; Android 4.0.4; Galaxy Nexus Build/IMM76B) AppleWebKit/537.36 (KHTML, like Gecko; Mediapartners-Google) Chrome/137.0.7151.68 Mobile Safari/537.36"
72.14.199.137 - - [30/Jun/2025:12:12:22 +0530] "GET /public/new-assets/css/animate.min.css HTTP/1.1" 200 13317 "http://www.rmpharma.in/" "Mozilla/5.0 (Macintosh; Intel Mac OS X 10_7_3) AppleWebKit/537.36 (KHTML, like Gecko, Mediapartners-Google) Chrome/137.0.7151.68 Safari/537.36"
72.14.199.136 - - [30/Jun/2025:12:12:22 +0530] "GET /public/new-assets/img/rangamati_logo.png HTTP/1.1" 200 443531 "http://www.rmpharma.in/" "Mozilla/5.0 (Macintosh; Intel Mac OS X 10_7_3) AppleWebKit/537.36 (KHTML, like Gecko, Mediapartners-Google) Chrome/137.0.7151.68 Safari/537.36"
72.14.199.135 - - [30/Jun/2025:12:12:22 +0530] "GET /public/assets/js/jquery-migrate-3.4.0.min.js HTTP/1.1" 200 4603 "http://www.rmpharma.in/" "Mozilla/5.0 (Linux; Android 4.0.4; Galaxy Nexus Build/IMM76B) AppleWebKit/537.36 (KHTML, like Gecko; Mediapartners-Google) Chrome/137.0.7151.68 Mobile Safari/537.36"
72.14.199.135 - - [30/Jun/2025:12:12:23 +0530] "GET /public/new-assets/js/owl.carousel.min.js HTTP/1.1" 200 11143 "http://www.rmpharma.in/" "Mozilla/5.0 (Linux; Android 4.0.4; Galaxy Nexus Build/IMM76B) AppleWebKit/537.36 (KHTML, like Gecko; Mediapartners-Google) Chrome/137.0.7151.68 Mobile Safari/537.36"
72.14.199.136 - - [30/Jun/2025:12:12:23 +0530] "GET /assets/images/convo-images/loading.gif HTTP/1.1" 200 13365 "http://www.rmpharma.in/" "Mozilla/5.0 (Linux; Android 4.0.4; Galaxy Nexus Build/IMM76B) AppleWebKit/537.36 (KHTML, like Gecko; Mediapartners-Google) Chrome/137.0.7151.68 Mobile Safari/537.36"
72.14.199.136 - - [30/Jun/2025:12:12:23 +0530] "GET /public/node_modules/bootstrap/dist/js/bootstrap.bundle.js HTTP/1.1" 200 41763 "http://www.rmpharma.in/" "Mozilla/5.0 (Linux; Android 4.0.4; Galaxy Nexus Build/IMM76B) AppleWebKit/537.36 (KHTML, like Gecko; Mediapartners-Google) Chrome/137.0.7151.68 Mobile Safari/537.36"
72.14.199.136 - - [30/Jun/2025:12:12:23 +0530] "GET /public/assets/js/modernizr.custom.26633.js HTTP/1.1" 200 3913 "http://www.rmpharma.in/" "Mozilla/5.0 (Linux; Android 4.0.4; Galaxy Nexus Build/IMM76B) AppleWebKit/537.36 (KHTML, like Gecko; Mediapartners-Google) Chrome/137.0.7151.68 Mobile Safari/537.36"
72.14.199.137 - - [30/Jun/2025:12:12:23 +0530] "GET /public/new-assets/js/jquery.fancybox.min.js HTTP/1.1" 200 21014 "http://www.rmpharma.in/" "Mozilla/5.0 (Linux; Android 4.0.4; Galaxy Nexus Build/IMM76B) AppleWebKit/537.36 (KHTML, like Gecko; Mediapartners-Google) Chrome/137.0.7151.68 Mobile Safari/537.36"
72.14.199.136 - - [30/Jun/2025:12:12:23 +0530] "GET /public/new-assets/gallery/rangamati-banner1.jpg HTTP/1.1" 200 647345 "http://www.rmpharma.in/" "Mozilla/5.0 (Macintosh; Intel Mac OS X 10_7_3) AppleWebKit/537.36 (KHTML, like Gecko, Mediapartners-Google) Chrome/137.0.7151.68 Safari/537.36"
72.14.199.135 - - [30/Jun/2025:12:12:23 +0530] "GET /public/assets/js/jquery.gridrotator.js HTTP/1.1" 200 5320 "http://www.rmpharma.in/" "Mozilla/5.0 (Linux; Android 4.0.4; Galaxy Nexus Build/IMM76B) AppleWebKit/537.36 (KHTML, like Gecko; Mediapartners-Google) Chrome/137.0.7151.68 Mobile Safari/537.36"
72.14.199.137 - - [30/Jun/2025:12:12:23 +0530] "GET /public/new-assets/img/sikshapedia-prefferd-college-icon.png HTTP/1.1" 200 46759 "http://www.rmpharma.in/" "Mozilla/5.0 (Linux; Android 4.0.4; Galaxy Nexus Build/IMM76B) AppleWebKit/537.36 (KHTML, like Gecko; Mediapartners-Google) Chrome/137.0.7151.68 Mobile Safari/537.36"
72.14.199.136 - - [30/Jun/2025:12:12:23 +0530] "GET /public/new-assets/img/West_Bengal_University_of_Health_Sciences_Logo.svg.png HTTP/1.1" 200 49202 "http://www.rmpharma.in/" "Mozilla/5.0 (Linux; Android 4.0.4; Galaxy Nexus Build/IMM76B) AppleWebKit/537.36 (KHTML, like Gecko; Mediapartners-Google) Chrome/137.0.7151.68 Mobile Safari/537.36"
72.14.199.137 - - [30/Jun/2025:12:12:23 +0530] "GET /public/new-assets/js/jquery.fancybox.min.js HTTP/1.1" 200 21014 "http://www.rmpharma.in/" "Mozilla/5.0 (Macintosh; Intel Mac OS X 10_7_3) AppleWebKit/537.36 (KHTML, like Gecko, Mediapartners-Google) Chrome/137.0.7151.68 Safari/537.36"
72.14.199.137 - - [30/Jun/2025:12:12:23 +0530] "GET /public/node_modules/bootstrap/dist/js/bootstrap.bundle.js HTTP/1.1" 200 41763 "http://www.rmpharma.in/" "Mozilla/5.0 (Macintosh; Intel Mac OS X 10_7_3) AppleWebKit/537.36 (KHTML, like Gecko, Mediapartners-Google) Chrome/137.0.7151.68 Safari/537.36"
72.14.199.136 - - [30/Jun/2025:12:12:23 +0530] "GET /public/new-assets/img/wbsctelogo.png HTTP/1.1" 200 69348 "http://www.rmpharma.in/" "Mozilla/5.0 (Linux; Android 4.0.4; Galaxy Nexus Build/IMM76B) AppleWebKit/537.36 (KHTML, like Gecko; Mediapartners-Google) Chrome/137.0.7151.68 Mobile Safari/537.36"
72.14.199.135 - - [30/Jun/2025:12:12:23 +0530] "GET /public/assets/js/jquery-migrate-3.4.0.min.js HTTP/1.1" 200 4603 "http://www.rmpharma.in/" "Mozilla/5.0 (Macintosh; Intel Mac OS X 10_7_3) AppleWebKit/537.36 (KHTML, like Gecko, Mediapartners-Google) Chrome/137.0.7151.68 Safari/537.36"
72.14.199.137 - - [30/Jun/2025:12:12:23 +0530] "GET /public/new-assets/gallery/gal10.jpg HTTP/1.1" 200 196630 "http://www.rmpharma.in/" "Mozilla/5.0 (Linux; Android 4.0.4; Galaxy Nexus Build/IMM76B) AppleWebKit/537.36 (KHTML, like Gecko; Mediapartners-Google) Chrome/137.0.7151.68 Mobile Safari/537.36"
72.14.199.137 - - [30/Jun/2025:12:12:23 +0530] "GET /public/new-assets/img/wbsctelogo.png HTTP/1.1" 200 69348 "http://www.rmpharma.in/" "Mozilla/5.0 (Macintosh; Intel Mac OS X 10_7_3) AppleWebKit/537.36 (KHTML, like Gecko, Mediapartners-Google) Chrome/137.0.7151.68 Safari/537.36"
72.14.199.135 - - [30/Jun/2025:12:12:23 +0530] "GET /public/new-assets/img/sikshapedia-prefferd-college-icon.png HTTP/1.1" 200 46759 "http://www.rmpharma.in/" "Mozilla/5.0 (Macintosh; Intel Mac OS X 10_7_3) AppleWebKit/537.36 (KHTML, like Gecko, Mediapartners-Google) Chrome/137.0.7151.68 Safari/537.36"
72.14.199.137 - - [30/Jun/2025:12:12:23 +0530] "GET /public/new-assets/img/West_Bengal_University_of_Health_Sciences_Logo.svg.png HTTP/1.1" 200 49202 "http://www.rmpharma.in/" "Mozilla/5.0 (Macintosh; Intel Mac OS X 10_7_3) AppleWebKit/537.36 (KHTML, like Gecko, Mediapartners-Google) Chrome/137.0.7151.68 Safari/537.36"
72.14.199.137 - - [30/Jun/2025:12:12:23 +0530] "GET /public/assets/js/jquery.gridrotator.js HTTP/1.1" 200 5320 "http://www.rmpharma.in/" "Mozilla/5.0 (Macintosh; Intel Mac OS X 10_7_3) AppleWebKit/537.36 (KHTML, like Gecko, Mediapartners-Google) Chrome/137.0.7151.68 Safari/537.36"
72.14.199.135 - - [30/Jun/2025:12:12:23 +0530] "GET /public/assets/js/modernizr.custom.26633.js HTTP/1.1" 200 3913 "http://www.rmpharma.in/" "Mozilla/5.0 (Macintosh; Intel Mac OS X 10_7_3) AppleWebKit/537.36 (KHTML, like Gecko, Mediapartners-Google) Chrome/137.0.7151.68 Safari/537.36"
72.14.199.136 - - [30/Jun/2025:12:12:23 +0530] "GET /assets/images/convo-images/loading.gif HTTP/1.1" 200 13498 "http://www.rmpharma.in/" "Mozilla/5.0 (Macintosh; Intel Mac OS X 10_7_3) AppleWebKit/537.36 (KHTML, like Gecko, Mediapartners-Google) Chrome/137.0.7151.68 Safari/537.36"
72.14.199.137 - - [30/Jun/2025:12:12:22 +0530] "GET /public/new-assets/gallery/rangamati-banner1.jpg HTTP/1.1" 200 647345 "http://www.rmpharma.in/" "Mozilla/5.0 (Linux; Android 4.0.4; Galaxy Nexus Build/IMM76B) AppleWebKit/537.36 (KHTML, like Gecko; Mediapartners-Google) Chrome/137.0.7151.68 Mobile Safari/537.36"
72.14.199.135 - - [30/Jun/2025:12:12:23 +0530] "GET /public/new-assets/gallery/gal5.jpg HTTP/1.1" 200 173288 "http://www.rmpharma.in/" "Mozilla/5.0 (Linux; Android 4.0.4; Galaxy Nexus Build/IMM76B) AppleWebKit/537.36 (KHTML, like Gecko; Mediapartners-Google) Chrome/137.0.7151.68 Mobile Safari/537.36"
72.14.199.136 - - [30/Jun/2025:12:12:23 +0530] "GET /public/new-assets/gallery/gal2.jpg HTTP/1.1" 200 144518 "http://www.rmpharma.in/" "Mozilla/5.0 (Macintosh; Intel Mac OS X 10_7_3) AppleWebKit/537.36 (KHTML, like Gecko, Mediapartners-Google) Chrome/137.0.7151.68 Safari/537.36"
72.14.199.135 - - [30/Jun/2025:12:12:23 +0530] "GET /public/new-assets/js/owl.carousel.min.js HTTP/1.1" 200 11143 "http://www.rmpharma.in/" "Mozilla/5.0 (Macintosh; Intel Mac OS X 10_7_3) AppleWebKit/537.36 (KHTML, like Gecko, Mediapartners-Google) Chrome/137.0.7151.68 Safari/537.36"
72.14.199.136 - - [30/Jun/2025:12:12:23 +0530] "GET /public/new-assets/gallery/gal12.jpg HTTP/1.1" 200 224872 "http://www.rmpharma.in/" "Mozilla/5.0 (Linux; Android 4.0.4; Galaxy Nexus Build/IMM76B) AppleWebKit/537.36 (KHTML, like Gecko; Mediapartners-Google) Chrome/137.0.7151.68 Mobile Safari/537.36"
72.14.199.136 - - [30/Jun/2025:12:12:23 +0530] "GET /public/assets/images/new-img/college-building-600.jpg HTTP/1.1" 200 120944 "http://www.rmpharma.in/" "Mozilla/5.0 (Linux; Android 4.0.4; Galaxy Nexus Build/IMM76B) AppleWebKit/537.36 (KHTML, like Gecko; Mediapartners-Google) Chrome/137.0.7151.68 Mobile Safari/537.36"
72.14.199.137 - - [30/Jun/2025:12:12:23 +0530] "GET /public/new-assets/gallery/course1.jpg HTTP/1.1" 200 717406 "http://www.rmpharma.in/" "Mozilla/5.0 (Linux; Android 4.0.4; Galaxy Nexus Build/IMM76B) AppleWebKit/537.36 (KHTML, like Gecko; Mediapartners-Google) Chrome/137.0.7151.68 Mobile Safari/537.36"
72.14.199.136 - - [30/Jun/2025:12:12:23 +0530] "GET /public/new-assets/gallery/gal6.jpg HTTP/1.1" 200 324269 "http://www.rmpharma.in/" "Mozilla/5.0 (Linux; Android 4.0.4; Galaxy Nexus Build/IMM76B) AppleWebKit/537.36 (KHTML, like Gecko; Mediapartners-Google) Chrome/137.0.7151.68 Mobile Safari/537.36"
72.14.199.135 - - [30/Jun/2025:12:12:23 +0530] "GET /public/assets/images/new-img/college-building-600.jpg HTTP/1.1" 200 120944 "http://www.rmpharma.in/" "Mozilla/5.0 (Macintosh; Intel Mac OS X 10_7_3) AppleWebKit/537.36 (KHTML, like Gecko, Mediapartners-Google) Chrome/137.0.7151.68 Safari/537.36"
72.14.199.137 - - [30/Jun/2025:12:12:23 +0530] "GET /public/assets/images/new-img/college-building-5-600.jpg HTTP/1.1" 200 116698 "http://www.rmpharma.in/" "Mozilla/5.0 (Linux; Android 4.0.4; Galaxy Nexus Build/IMM76B) AppleWebKit/537.36 (KHTML, like Gecko; Mediapartners-Google) Chrome/137.0.7151.68 Mobile Safari/537.36"
72.14.199.136 - - [30/Jun/2025:12:12:23 +0530] "GET /public/new-assets/gallery/gal2.jpg HTTP/1.1" 200 144518 "http://www.rmpharma.in/" "Mozilla/5.0 (Linux; Android 4.0.4; Galaxy Nexus Build/IMM76B) AppleWebKit/537.36 (KHTML, like Gecko; Mediapartners-Google) Chrome/137.0.7151.68 Mobile Safari/537.36"
72.14.199.136 - - [30/Jun/2025:12:12:23 +0530] "GET /public/new-assets/gallery/rangamati-banner3.jpg HTTP/1.1" 200 519842 "http://www.rmpharma.in/" "Mozilla/5.0 (Linux; Android 4.0.4; Galaxy Nexus Build/IMM76B) AppleWebKit/537.36 (KHTML, like Gecko; Mediapartners-Google) Chrome/137.0.7151.68 Mobile Safari/537.36"
72.14.199.135 - - [30/Jun/2025:12:12:23 +0530] "GET /public/new-assets/img/Pharmacy_Council_of_India_Logo.png HTTP/1.1" 200 110367 "http://www.rmpharma.in/" "Mozilla/5.0 (Linux; Android 4.0.4; Galaxy Nexus Build/IMM76B) AppleWebKit/537.36 (KHTML, like Gecko; Mediapartners-Google) Chrome/137.0.7151.68 Mobile Safari/537.36"
72.14.199.136 - - [30/Jun/2025:12:12:23 +0530] "GET /public/new-assets/gallery/gal3.jpg HTTP/1.1" 200 267463 "http://www.rmpharma.in/" "Mozilla/5.0 (Linux; Android 4.0.4; Galaxy Nexus Build/IMM76B) AppleWebKit/537.36 (KHTML, like Gecko; Mediapartners-Google) Chrome/137.0.7151.68 Mobile Safari/537.36"
72.14.199.135 - - [30/Jun/2025:12:12:23 +0530] "GET /public/img/holiday-notice.png HTTP/1.1" 200 310633 "http://www.rmpharma.in/" "Mozilla/5.0 (Linux; Android 4.0.4; Galaxy Nexus Build/IMM76B) AppleWebKit/537.36 (KHTML, like Gecko; Mediapartners-Google) Chrome/137.0.7151.68 Mobile Safari/537.36"
72.14.199.136 - - [30/Jun/2025:12:12:23 +0530] "GET /public/new-assets/gallery/gal9.jpg HTTP/1.1" 200 161507 "http://www.rmpharma.in/" "Mozilla/5.0 (Linux; Android 4.0.4; Galaxy Nexus Build/IMM76B) AppleWebKit/537.36 (KHTML, like Gecko; Mediapartners-Google) Chrome/137.0.7151.68 Mobile Safari/537.36"
72.14.199.135 - - [30/Jun/2025:12:12:23 +0530] "GET /public/new-assets/gallery/gal8.jpg HTTP/1.1" 200 258541 "http://www.rmpharma.in/" "Mozilla/5.0 (Linux; Android 4.0.4; Galaxy Nexus Build/IMM76B) AppleWebKit/537.36 (KHTML, like Gecko; Mediapartners-Google) Chrome/137.0.7151.68 Mobile Safari/537.36"
72.14.199.135 - - [30/Jun/2025:12:12:23 +0530] "GET /public/new-assets/gallery/rangamati-banner2.jpg HTTP/1.1" 200 1019398 "http://www.rmpharma.in/" "Mozilla/5.0 (Macintosh; Intel Mac OS X 10_7_3) AppleWebKit/537.36 (KHTML, like Gecko, Mediapartners-Google) Chrome/137.0.7151.68 Safari/537.36"
72.14.199.137 - - [30/Jun/2025:12:12:23 +0530] "GET /public/new-assets/img/Pharmacy_Council_of_India_Logo.png HTTP/1.1" 200 110367 "http://www.rmpharma.in/" "Mozilla/5.0 (Macintosh; Intel Mac OS X 10_7_3) AppleWebKit/537.36 (KHTML, like Gecko, Mediapartners-Google) Chrome/137.0.7151.68 Safari/537.36"
72.14.199.136 - - [30/Jun/2025:12:12:23 +0530] "GET /public/new-assets/gallery/gal1.jpg HTTP/1.1" 200 218020 "http://www.rmpharma.in/" "Mozilla/5.0 (Linux; Android 4.0.4; Galaxy Nexus Build/IMM76B) AppleWebKit/537.36 (KHTML, like Gecko; Mediapartners-Google) Chrome/137.0.7151.68 Mobile Safari/537.36"
72.14.199.137 - - [30/Jun/2025:12:12:23 +0530] "GET /public/new-assets/gallery/gal5.jpg HTTP/1.1" 200 173288 "http://www.rmpharma.in/" "Mozilla/5.0 (Macintosh; Intel Mac OS X 10_7_3) AppleWebKit/537.36 (KHTML, like Gecko, Mediapartners-Google) Chrome/137.0.7151.68 Safari/537.36"
72.14.199.137 - - [30/Jun/2025:12:12:23 +0530] "GET /public/assets/images/new-img/college-building-5-600.jpg HTTP/1.1" 200 116698 "http://www.rmpharma.in/" "Mozilla/5.0 (Macintosh; Intel Mac OS X 10_7_3) AppleWebKit/537.36 (KHTML, like Gecko, Mediapartners-Google) Chrome/137.0.7151.68 Safari/537.36"
72.14.199.136 - - [30/Jun/2025:12:12:23 +0530] "GET /public/new-assets/gallery/gal1.jpg HTTP/1.1" 200 218020 "http://www.rmpharma.in/" "Mozilla/5.0 (Macintosh; Intel Mac OS X 10_7_3) AppleWebKit/537.36 (KHTML, like Gecko, Mediapartners-Google) Chrome/137.0.7151.68 Safari/537.36"
72.14.199.136 - - [30/Jun/2025:12:12:23 +0530] "GET /public/new-assets/gallery/college.png HTTP/1.1" 200 622025 "http://www.rmpharma.in/" "Mozilla/5.0 (Linux; Android 4.0.4; Galaxy Nexus Build/IMM76B) AppleWebKit/537.36 (KHTML, like Gecko; Mediapartners-Google) Chrome/137.0.7151.68 Mobile Safari/537.36"
72.14.199.137 - - [30/Jun/2025:12:12:23 +0530] "GET /public/new-assets/gallery/gal8.jpg HTTP/1.1" 200 258541 "http://www.rmpharma.in/" "Mozilla/5.0 (Macintosh; Intel Mac OS X 10_7_3) AppleWebKit/537.36 (KHTML, like Gecko, Mediapartners-Google) Chrome/137.0.7151.68 Safari/537.36"
72.14.199.136 - - [30/Jun/2025:12:12:23 +0530] "GET /public/new-assets/gallery/rangamati_logo.png HTTP/1.1" 200 443531 "http://www.rmpharma.in/" "Mozilla/5.0 (Linux; Android 4.0.4; Galaxy Nexus Build/IMM76B) AppleWebKit/537.36 (KHTML, like Gecko; Mediapartners-Google) Chrome/137.0.7151.68 Mobile Safari/537.36"
72.14.199.137 - - [30/Jun/2025:12:12:23 +0530] "GET /public/new-assets/gallery/gal6.jpg HTTP/1.1" 200 324269 "http://www.rmpharma.in/" "Mozilla/5.0 (Macintosh; Intel Mac OS X 10_7_3) AppleWebKit/537.36 (KHTML, like Gecko, Mediapartners-Google) Chrome/137.0.7151.68 Safari/537.36"
72.14.199.135 - - [30/Jun/2025:12:12:23 +0530] "GET /public/new-assets/gallery/gal9.jpg HTTP/1.1" 200 161507 "http://www.rmpharma.in/" "Mozilla/5.0 (Macintosh; Intel Mac OS X 10_7_3) AppleWebKit/537.36 (KHTML, like Gecko, Mediapartners-Google) Chrome/137.0.7151.68 Safari/537.36"
72.14.199.135 - - [30/Jun/2025:12:12:23 +0530] "GET /public/new-assets/gallery/contact.png HTTP/1.1" 200 474343 "http://www.rmpharma.in/" "Mozilla/5.0 (Linux; Android 4.0.4; Galaxy Nexus Build/IMM76B) AppleWebKit/537.36 (KHTML, like Gecko; Mediapartners-Google) Chrome/137.0.7151.68 Mobile Safari/537.36"
72.14.199.136 - - [30/Jun/2025:12:12:23 +0530] "GET /public/new-assets/gallery/contact.png HTTP/1.1" 200 474343 "http://www.rmpharma.in/" "Mozilla/5.0 (Macintosh; Intel Mac OS X 10_7_3) AppleWebKit/537.36 (KHTML, like Gecko, Mediapartners-Google) Chrome/137.0.7151.68 Safari/537.36"
72.14.199.136 - - [30/Jun/2025:12:12:23 +0530] "GET /public/new-assets/gallery/gal12.jpg HTTP/1.1" 200 224872 "http://www.rmpharma.in/" "Mozilla/5.0 (Macintosh; Intel Mac OS X 10_7_3) AppleWebKit/537.36 (KHTML, like Gecko, Mediapartners-Google) Chrome/137.0.7151.68 Safari/537.36"
72.14.199.137 - - [30/Jun/2025:12:12:23 +0530] "GET /public/new-assets/gallery/course3.jpg HTTP/1.1" 200 738208 "http://www.rmpharma.in/" "Mozilla/5.0 (Linux; Android 4.0.4; Galaxy Nexus Build/IMM76B) AppleWebKit/537.36 (KHTML, like Gecko; Mediapartners-Google) Chrome/137.0.7151.68 Mobile Safari/537.36"
72.14.199.137 - - [30/Jun/2025:12:12:23 +0530] "GET /public/new-assets/gallery/gal3.jpg HTTP/1.1" 200 267463 "http://www.rmpharma.in/" "Mozilla/5.0 (Macintosh; Intel Mac OS X 10_7_3) AppleWebKit/537.36 (KHTML, like Gecko, Mediapartners-Google) Chrome/137.0.7151.68 Safari/537.36"
72.14.199.137 - - [30/Jun/2025:12:12:23 +0530] "GET /public/img/holiday-notice.png HTTP/1.1" 200 310633 "http://www.rmpharma.in/" "Mozilla/5.0 (Macintosh; Intel Mac OS X 10_7_3) AppleWebKit/537.36 (KHTML, like Gecko, Mediapartners-Google) Chrome/137.0.7151.68 Safari/537.36"
72.14.199.135 - - [30/Jun/2025:12:12:23 +0530] "GET /public/new-assets/gallery/gal10.jpg HTTP/1.1" 200 196630 "http://www.rmpharma.in/" "Mozilla/5.0 (Macintosh; Intel Mac OS X 10_7_3) AppleWebKit/537.36 (KHTML, like Gecko, Mediapartners-Google) Chrome/137.0.7151.68 Safari/537.36"
72.14.199.136 - - [30/Jun/2025:12:12:23 +0530] "GET /public/new-assets/gallery/gal7.jpg HTTP/1.1" 200 260984 "http://www.rmpharma.in/" "Mozilla/5.0 (Linux; Android 4.0.4; Galaxy Nexus Build/IMM76B) AppleWebKit/537.36 (KHTML, like Gecko; Mediapartners-Google) Chrome/137.0.7151.68 Mobile Safari/537.36"
72.14.199.135 - - [30/Jun/2025:12:12:23 +0530] "GET /public/new-assets/gallery/course2.jpg HTTP/1.1" 200 788791 "http://www.rmpharma.in/" "Mozilla/5.0 (Linux; Android 4.0.4; Galaxy Nexus Build/IMM76B) AppleWebKit/537.36 (KHTML, like Gecko; Mediapartners-Google) Chrome/137.0.7151.68 Mobile Safari/537.36"
72.14.199.136 - - [30/Jun/2025:12:12:23 +0530] "GET /public/new-assets/gallery/gal7.jpg HTTP/1.1" 200 260984 "http://www.rmpharma.in/" "Mozilla/5.0 (Macintosh; Intel Mac OS X 10_7_3) AppleWebKit/537.36 (KHTML, like Gecko, Mediapartners-Google) Chrome/137.0.7151.68 Safari/537.36"
72.14.199.136 - - [30/Jun/2025:12:12:23 +0530] "GET /public/new-assets/gallery/rangamati_logo.png HTTP/1.1" 200 443531 "http://www.rmpharma.in/" "Mozilla/5.0 (Macintosh; Intel Mac OS X 10_7_3) AppleWebKit/537.36 (KHTML, like Gecko, Mediapartners-Google) Chrome/137.0.7151.68 Safari/537.36"
