MMCT TEAM
Server IP : 103.191.208.50  /  Your IP : 216.73.216.53
Web Server : LiteSpeed
System : Linux orion.herosite.pro 4.18.0-553.53.1.lve.el8.x86_64 #1 SMP Wed May 28 17:01:02 UTC 2025 x86_64
User : celkcksm ( 1031)
PHP Version : 7.4.33
Disable Function : show_source, system, shell_exec, passthru, popen, exec
MySQL : OFF  |  cURL : ON  |  WGET : ON  |  Perl : ON  |  Python : ON
Directory (0750) :  /home/celkcksm/access-logs/

[  Home  ][  C0mmand  ][  Upload File  ]

Current File : /home/celkcksm/access-logs/gitanjalicn.in.ncriptech.com
66.249.68.1 - - [29/Jun/2025:19:07:14 +0530] "GET / HTTP/1.1" 200 20893 "-" "Mozilla/5.0 (Linux; Android 6.0.1; Nexus 5X Build/MMB29P) AppleWebKit/537.36 (KHTML, like Gecko) Chrome/137.0.7151.103 Mobile Safari/537.36 (compatible; Googlebot/2.1; +http://www.google.com/bot.html)"
103.191.208.50 - - [29/Jun/2025:19:11:36 +0530] "GET /.well-known/acme-challenge/0CE8BYGO0B6CFUVVBI93JWI6GWEMDJWI HTTP/1.1" 200 64 "-" "Cpanel-HTTP-Client/1.0"
103.191.208.50 - - [29/Jun/2025:19:11:38 +0530] "GET /.well-known/acme-challenge/IQC0HJ2U1EOOQFHLCVVUQKX-8JUF_728 HTTP/1.1" 200 64 "-" "Cpanel-HTTP-Client/1.0"
103.191.208.50 - - [29/Jun/2025:19:11:38 +0530] "GET /.well-known/acme-challenge/OSZ8OOVP0L56MGR3QX0654EFTT-QPTDL HTTP/1.1" 200 64 "-" "Cpanel-HTTP-Client/1.0"
103.191.208.50 - - [29/Jun/2025:19:11:39 +0530] "GET /.well-known/acme-challenge/MLNVUAYQ30MSJZ8H81LEDR5G_6T3C5G- HTTP/1.1" 200 64 "-" "Cpanel-HTTP-Client/1.0"
103.191.208.50 - - [29/Jun/2025:19:11:39 +0530] "GET /.well-known/acme-challenge/K8ULQN3PL-AHQ_9F2VWOXLV3_JT979A2 HTTP/1.1" 200 64 "-" "Cpanel-HTTP-Client/1.0"
103.191.208.50 - - [29/Jun/2025:19:11:39 +0530] "GET /.well-known/acme-challenge/R9XM0OIDHMFREKRTB6RER80VBEE_5RW4 HTTP/1.1" 200 64 "-" "Cpanel-HTTP-Client/1.0"
103.191.208.50 - - [29/Jun/2025:19:11:41 +0530] "GET /.well-known/acme-challenge/IQUTRA1HCF009CHW0IT5F5-R_7_I8KKM HTTP/1.1" 200 64 "-" "Cpanel-HTTP-Client/1.0"
103.191.208.50 - - [29/Jun/2025:19:11:42 +0530] "GET /.well-known/acme-challenge/IJ1HQHYBK8A0_TSGVSQLI87YUFDSJ1LP HTTP/1.1" 200 64 "-" "Cpanel-HTTP-Client/1.0"
103.191.208.50 - - [29/Jun/2025:19:11:42 +0530] "GET /.well-known/acme-challenge/GEMKL_D6VAEKVV8WFZBIBPN_MZXDYD_F HTTP/1.1" 200 64 "-" "Cpanel-HTTP-Client/1.0"
17.241.227.91 - - [29/Jun/2025:20:11:07 +0530] "GET /robots.txt HTTP/1.1" 200 92 "-" "Mozilla/5.0 (Macintosh; Intel Mac OS X 10_15_7) AppleWebKit/605.1.15 (KHTML, like Gecko) Version/17.4 Safari/605.1.15 (Applebot/0.1; +http://www.apple.com/go/applebot)"
17.241.227.91 - - [29/Jun/2025:20:11:07 +0530] "GET /product-service-details HTTP/1.1" 200 17396 "-" "Mozilla/5.0 (Macintosh; Intel Mac OS X 10_15_7) AppleWebKit/605.1.15 (KHTML, like Gecko) Version/17.4 Safari/605.1.15 (Applebot/0.1; +http://www.apple.com/go/applebot)"
74.125.150.1 - - [29/Jun/2025:20:17:31 +0530] "GET / HTTP/1.1" 200 20893 "-" "Mozilla/5.0 (Linux; Android 4.0.4; Galaxy Nexus Build/IMM76B) AppleWebKit/[WEBKIT_VERSION] (KHTML, like Gecko; Mediapartners-Google) Chrome/[CHROME_VERSION] Mobile Safari/[WEBKIT_VERSION]"
74.125.150.2 - - [29/Jun/2025:20:17:32 +0530] "GET / HTTP/1.1" 200 20893 "-" "Mozilla/5.0 (Linux; Android 4.0.4; Galaxy Nexus Build/IMM76B) AppleWebKit/[WEBKIT_VERSION] (KHTML, like Gecko; Mediapartners-Google) Chrome/[CHROME_VERSION] Mobile Safari/[WEBKIT_VERSION]"
74.125.150.3 - - [29/Jun/2025:20:17:32 +0530] "GET / HTTP/1.1" 200 20893 "-" "Mozilla/5.0 (Macintosh; Intel Mac OS X 10_7_3) AppleWebKit/537.36 (KHTML, like Gecko, Mediapartners-Google) Chrome/137.0.7151.68 Safari/537.36"
74.125.150.3 - - [29/Jun/2025:20:17:32 +0530] "GET / HTTP/1.1" 200 20911 "-" "Mozilla/5.0 (Macintosh; Intel Mac OS X 10_7_3) AppleWebKit/[WEBKIT_VERSION] (KHTML, like Gecko, Mediapartners-Google) Chrome/[CHROME_VERSION] Safari/[WEBKIT_VERSION]"
74.125.150.2 - - [29/Jun/2025:20:17:32 +0530] "GET / HTTP/1.1" 200 20893 "-" "Mozilla/5.0 (Linux; Android 4.0.4; Galaxy Nexus Build/IMM76B) AppleWebKit/537.36 (KHTML, like Gecko; Mediapartners-Google) Chrome/137.0.7151.68 Mobile Safari/537.36"
74.125.150.1 - - [29/Jun/2025:20:17:32 +0530] "GET / HTTP/1.1" 200 20893 "-" "Mozilla/5.0 (Macintosh; Intel Mac OS X 10_7_3) AppleWebKit/[WEBKIT_VERSION] (KHTML, like Gecko, Mediapartners-Google) Chrome/[CHROME_VERSION] Safari/[WEBKIT_VERSION]"
74.125.150.1 - - [29/Jun/2025:20:17:32 +0530] "GET /public/new-assets/img/menu-burger.svg HTTP/1.1" 200 138 "http://www.gitanjalicn.in/" "Mozilla/5.0 (Macintosh; Intel Mac OS X 10_7_3) AppleWebKit/537.36 (KHTML, like Gecko, Mediapartners-Google) Chrome/137.0.7151.68 Safari/537.36"
74.125.150.3 - - [29/Jun/2025:20:17:32 +0530] "GET /public/new-assets/css/timercss.css HTTP/1.1" 200 909 "http://www.gitanjalicn.in/" "Mozilla/5.0 (Macintosh; Intel Mac OS X 10_7_3) AppleWebKit/537.36 (KHTML, like Gecko, Mediapartners-Google) Chrome/137.0.7151.68 Safari/537.36"
74.125.150.2 - - [29/Jun/2025:20:17:32 +0530] "GET /public/new-assets/img/gitanjali-nursing-logo.png HTTP/1.1" 200 146286 "http://www.gitanjalicn.in/" "Mozilla/5.0 (Linux; Android 4.0.4; Galaxy Nexus Build/IMM76B) AppleWebKit/537.36 (KHTML, like Gecko; Mediapartners-Google) Chrome/137.0.7151.68 Mobile Safari/537.36"
74.125.150.2 - - [29/Jun/2025:20:17:33 +0530] "GET /public/assets/css/gallery-style.css HTTP/1.1" 200 689 "http://www.gitanjalicn.in/" "Mozilla/5.0 (Macintosh; Intel Mac OS X 10_7_3) AppleWebKit/537.36 (KHTML, like Gecko, Mediapartners-Google) Chrome/137.0.7151.68 Safari/537.36"
74.125.150.3 - - [29/Jun/2025:20:17:33 +0530] "GET /public/assets/css/gallery-style.css HTTP/1.1" 200 689 "http://www.gitanjalicn.in/" "Mozilla/5.0 (Linux; Android 4.0.4; Galaxy Nexus Build/IMM76B) AppleWebKit/537.36 (KHTML, like Gecko; Mediapartners-Google) Chrome/137.0.7151.68 Mobile Safari/537.36"
74.125.150.3 - - [29/Jun/2025:20:17:33 +0530] "GET /public/new-assets/img/menu-burger.svg HTTP/1.1" 200 138 "http://www.gitanjalicn.in/" "Mozilla/5.0 (Linux; Android 4.0.4; Galaxy Nexus Build/IMM76B) AppleWebKit/537.36 (KHTML, like Gecko; Mediapartners-Google) Chrome/137.0.7151.68 Mobile Safari/537.36"
74.125.150.3 - - [29/Jun/2025:20:17:33 +0530] "GET /public/new-assets/css/style.css HTTP/1.1" 200 39850 "http://www.gitanjalicn.in/" "Mozilla/5.0 (Linux; Android 4.0.4; Galaxy Nexus Build/IMM76B) AppleWebKit/537.36 (KHTML, like Gecko; Mediapartners-Google) Chrome/137.0.7151.68 Mobile Safari/537.36"
74.125.150.3 - - [29/Jun/2025:20:17:33 +0530] "GET /public/new-assets/css/jquery.fancybox.min.css HTTP/1.1" 200 3150 "http://www.gitanjalicn.in/" "Mozilla/5.0 (Macintosh; Intel Mac OS X 10_7_3) AppleWebKit/537.36 (KHTML, like Gecko, Mediapartners-Google) Chrome/137.0.7151.68 Safari/537.36"
74.125.150.2 - - [29/Jun/2025:20:17:33 +0530] "GET /public/new-assets/css/jquery.fancybox.min.css HTTP/1.1" 200 3150 "http://www.gitanjalicn.in/" "Mozilla/5.0 (Linux; Android 4.0.4; Galaxy Nexus Build/IMM76B) AppleWebKit/537.36 (KHTML, like Gecko; Mediapartners-Google) Chrome/137.0.7151.68 Mobile Safari/537.36"
74.125.150.2 - - [29/Jun/2025:20:17:33 +0530] "GET /public/new-assets/css/timercss.css HTTP/1.1" 200 909 "http://www.gitanjalicn.in/" "Mozilla/5.0 (Linux; Android 4.0.4; Galaxy Nexus Build/IMM76B) AppleWebKit/537.36 (KHTML, like Gecko; Mediapartners-Google) Chrome/137.0.7151.68 Mobile Safari/537.36"
74.125.150.3 - - [29/Jun/2025:20:17:33 +0530] "GET /public/new-assets/css/style.css HTTP/1.1" 200 39850 "http://www.gitanjalicn.in/" "Mozilla/5.0 (Macintosh; Intel Mac OS X 10_7_3) AppleWebKit/537.36 (KHTML, like Gecko, Mediapartners-Google) Chrome/137.0.7151.68 Safari/537.36"
74.125.150.3 - - [29/Jun/2025:20:17:33 +0530] "GET /public/assets/js/jquery-migrate-3.4.0.min.js HTTP/1.1" 200 4603 "http://www.gitanjalicn.in/" "Mozilla/5.0 (Linux; Android 4.0.4; Galaxy Nexus Build/IMM76B) AppleWebKit/537.36 (KHTML, like Gecko; Mediapartners-Google) Chrome/137.0.7151.68 Mobile Safari/537.36"
74.125.150.3 - - [29/Jun/2025:20:17:33 +0530] "GET /public/assets/js/jquery.gridrotator.js HTTP/1.1" 200 5320 "http://www.gitanjalicn.in/" "Mozilla/5.0 (Linux; Android 4.0.4; Galaxy Nexus Build/IMM76B) AppleWebKit/537.36 (KHTML, like Gecko; Mediapartners-Google) Chrome/137.0.7151.68 Mobile Safari/537.36"
74.125.150.3 - - [29/Jun/2025:20:17:33 +0530] "GET /public/new-assets/img/gitanjali-nursing-logo.png HTTP/1.1" 200 146286 "http://www.gitanjalicn.in/" "Mozilla/5.0 (Macintosh; Intel Mac OS X 10_7_3) AppleWebKit/537.36 (KHTML, like Gecko, Mediapartners-Google) Chrome/137.0.7151.68 Safari/537.36"
74.125.150.3 - - [29/Jun/2025:20:17:33 +0530] "GET /public/new-assets/js/jquery.fancybox.min.js HTTP/1.1" 200 21006 "http://www.gitanjalicn.in/" "Mozilla/5.0 (Linux; Android 4.0.4; Galaxy Nexus Build/IMM76B) AppleWebKit/537.36 (KHTML, like Gecko; Mediapartners-Google) Chrome/137.0.7151.68 Mobile Safari/537.36"
74.125.150.2 - - [29/Jun/2025:20:17:33 +0530] "GET /public/new-assets/img/makutlogo.png HTTP/1.1" 200 129157 "http://www.gitanjalicn.in/" "Mozilla/5.0 (Linux; Android 4.0.4; Galaxy Nexus Build/IMM76B) AppleWebKit/537.36 (KHTML, like Gecko; Mediapartners-Google) Chrome/137.0.7151.68 Mobile Safari/537.36"
74.125.150.1 - - [29/Jun/2025:20:17:33 +0530] "GET /public/node_modules/bootstrap/dist/js/bootstrap.bundle.js HTTP/1.1" 200 41763 "http://www.gitanjalicn.in/" "Mozilla/5.0 (Linux; Android 4.0.4; Galaxy Nexus Build/IMM76B) AppleWebKit/537.36 (KHTML, like Gecko; Mediapartners-Google) Chrome/137.0.7151.68 Mobile Safari/537.36"
74.125.150.3 - - [29/Jun/2025:20:17:33 +0530] "GET /public/new-assets/img/sikshapedia_prefferd_college_icon.png HTTP/1.1" 200 46759 "http://www.gitanjalicn.in/" "Mozilla/5.0 (Linux; Android 4.0.4; Galaxy Nexus Build/IMM76B) AppleWebKit/537.36 (KHTML, like Gecko; Mediapartners-Google) Chrome/137.0.7151.68 Mobile Safari/537.36"
74.125.150.2 - - [29/Jun/2025:20:17:33 +0530] "GET /public/new-assets/js/owl.carousel.min.js HTTP/1.1" 200 11139 "http://www.gitanjalicn.in/" "Mozilla/5.0 (Linux; Android 4.0.4; Galaxy Nexus Build/IMM76B) AppleWebKit/537.36 (KHTML, like Gecko; Mediapartners-Google) Chrome/137.0.7151.68 Mobile Safari/537.36"
74.125.150.1 - - [29/Jun/2025:20:17:32 +0530] "GET /public/new-assets/img/banner2_copy.png HTTP/1.1" 200 1154960 "http://www.gitanjalicn.in/" "Mozilla/5.0 (Macintosh; Intel Mac OS X 10_7_3) AppleWebKit/537.36 (KHTML, like Gecko, Mediapartners-Google) Chrome/137.0.7151.68 Safari/537.36"
74.125.150.2 - - [29/Jun/2025:20:17:34 +0530] "GET /public/new-assets/img/AICTE-Logo.webp HTTP/1.1" 200 69033 "http://www.gitanjalicn.in/" "Mozilla/5.0 (Linux; Android 4.0.4; Galaxy Nexus Build/IMM76B) AppleWebKit/537.36 (KHTML, like Gecko; Mediapartners-Google) Chrome/137.0.7151.68 Mobile Safari/537.36"
74.125.150.1 - - [29/Jun/2025:20:17:34 +0530] "GET /public/assets/js/modernizr.custom.26633.js HTTP/1.1" 200 3913 "http://www.gitanjalicn.in/" "Mozilla/5.0 (Linux; Android 4.0.4; Galaxy Nexus Build/IMM76B) AppleWebKit/537.36 (KHTML, like Gecko; Mediapartners-Google) Chrome/137.0.7151.68 Mobile Safari/537.36"
74.125.150.2 - - [29/Jun/2025:20:17:34 +0530] "GET /public/assets/js/modernizr.custom.26633.js HTTP/1.1" 200 3913 "http://www.gitanjalicn.in/" "Mozilla/5.0 (Macintosh; Intel Mac OS X 10_7_3) AppleWebKit/537.36 (KHTML, like Gecko, Mediapartners-Google) Chrome/137.0.7151.68 Safari/537.36"
74.125.150.2 - - [29/Jun/2025:20:17:34 +0530] "GET /public/new-assets/js/jquery.fancybox.min.js HTTP/1.1" 200 21006 "http://www.gitanjalicn.in/" "Mozilla/5.0 (Macintosh; Intel Mac OS X 10_7_3) AppleWebKit/537.36 (KHTML, like Gecko, Mediapartners-Google) Chrome/137.0.7151.68 Safari/537.36"
74.125.150.2 - - [29/Jun/2025:20:17:34 +0530] "GET /public/new-assets/img/AICTE-Logo.webp HTTP/1.1" 200 69033 "http://www.gitanjalicn.in/" "Mozilla/5.0 (Macintosh; Intel Mac OS X 10_7_3) AppleWebKit/537.36 (KHTML, like Gecko, Mediapartners-Google) Chrome/137.0.7151.68 Safari/537.36"
74.125.150.2 - - [29/Jun/2025:20:17:34 +0530] "GET /public/node_modules/bootstrap/dist/js/bootstrap.bundle.js HTTP/1.1" 200 41763 "http://www.gitanjalicn.in/" "Mozilla/5.0 (Macintosh; Intel Mac OS X 10_7_3) AppleWebKit/537.36 (KHTML, like Gecko, Mediapartners-Google) Chrome/137.0.7151.68 Safari/537.36"
74.125.150.2 - - [29/Jun/2025:20:17:34 +0530] "GET /public/new-assets/img/sikshapedia_prefferd_college_icon.png HTTP/1.1" 200 46759 "http://www.gitanjalicn.in/" "Mozilla/5.0 (Macintosh; Intel Mac OS X 10_7_3) AppleWebKit/537.36 (KHTML, like Gecko, Mediapartners-Google) Chrome/137.0.7151.68 Safari/537.36"
74.125.150.3 - - [29/Jun/2025:20:17:33 +0530] "GET /public/new-assets/img/wbsctelogo.png HTTP/1.1" 200 229285 "http://www.gitanjalicn.in/" "Mozilla/5.0 (Linux; Android 4.0.4; Galaxy Nexus Build/IMM76B) AppleWebKit/537.36 (KHTML, like Gecko; Mediapartners-Google) Chrome/137.0.7151.68 Mobile Safari/537.36"
74.125.150.1 - - [29/Jun/2025:20:17:34 +0530] "GET /public/assets/js/jquery.gridrotator.js HTTP/1.1" 200 5320 "http://www.gitanjalicn.in/" "Mozilla/5.0 (Macintosh; Intel Mac OS X 10_7_3) AppleWebKit/537.36 (KHTML, like Gecko, Mediapartners-Google) Chrome/137.0.7151.68 Safari/537.36"
74.125.150.1 - - [29/Jun/2025:20:17:34 +0530] "GET /public/new-assets/js/owl.carousel.min.js HTTP/1.1" 200 11139 "http://www.gitanjalicn.in/" "Mozilla/5.0 (Macintosh; Intel Mac OS X 10_7_3) AppleWebKit/537.36 (KHTML, like Gecko, Mediapartners-Google) Chrome/137.0.7151.68 Safari/537.36"
74.125.150.2 - - [29/Jun/2025:20:17:34 +0530] "GET /public/assets/js/jquery-migrate-3.4.0.min.js HTTP/1.1" 200 4603 "http://www.gitanjalicn.in/" "Mozilla/5.0 (Macintosh; Intel Mac OS X 10_7_3) AppleWebKit/537.36 (KHTML, like Gecko, Mediapartners-Google) Chrome/137.0.7151.68 Safari/537.36"
74.125.150.3 - - [29/Jun/2025:20:17:33 +0530] "GET /public/assets/images/convo-images/convo-img-2.jpg HTTP/1.1" 200 977719 "http://www.gitanjalicn.in/" "Mozilla/5.0 (Linux; Android 4.0.4; Galaxy Nexus Build/IMM76B) AppleWebKit/537.36 (KHTML, like Gecko; Mediapartners-Google) Chrome/137.0.7151.68 Mobile Safari/537.36"
74.125.150.3 - - [29/Jun/2025:20:17:33 +0530] "GET /public/new-assets/img/popup.jpg HTTP/1.1" 200 746938 "http://www.gitanjalicn.in/" "Mozilla/5.0 (Linux; Android 4.0.4; Galaxy Nexus Build/IMM76B) AppleWebKit/537.36 (KHTML, like Gecko; Mediapartners-Google) Chrome/137.0.7151.68 Mobile Safari/537.36"
74.125.150.2 - - [29/Jun/2025:20:17:34 +0530] "GET /public/new-assets/img/makutlogo.png HTTP/1.1" 200 129157 "http://www.gitanjalicn.in/" "Mozilla/5.0 (Macintosh; Intel Mac OS X 10_7_3) AppleWebKit/537.36 (KHTML, like Gecko, Mediapartners-Google) Chrome/137.0.7151.68 Safari/537.36"
74.125.150.2 - - [29/Jun/2025:20:17:33 +0530] "GET /public/new-assets/img/banner2_copy.png HTTP/1.1" 200 1154960 "http://www.gitanjalicn.in/" "Mozilla/5.0 (Linux; Android 4.0.4; Galaxy Nexus Build/IMM76B) AppleWebKit/537.36 (KHTML, like Gecko; Mediapartners-Google) Chrome/137.0.7151.68 Mobile Safari/537.36"
74.125.150.2 - - [29/Jun/2025:20:17:33 +0530] "GET /public/assets/images/convo-images/convo-img-6.jpg HTTP/1.1" 200 1116189 "http://www.gitanjalicn.in/" "Mozilla/5.0 (Linux; Android 4.0.4; Galaxy Nexus Build/IMM76B) AppleWebKit/537.36 (KHTML, like Gecko; Mediapartners-Google) Chrome/137.0.7151.68 Mobile Safari/537.36"
74.125.150.1 - - [29/Jun/2025:20:17:34 +0530] "GET /public/new-assets/img/wbsctelogo.png HTTP/1.1" 200 229285 "http://www.gitanjalicn.in/" "Mozilla/5.0 (Macintosh; Intel Mac OS X 10_7_3) AppleWebKit/537.36 (KHTML, like Gecko, Mediapartners-Google) Chrome/137.0.7151.68 Safari/537.36"
74.125.150.1 - - [29/Jun/2025:20:17:33 +0530] "GET /public/assets/images/convo-images/convo-img-4.jpg HTTP/1.1" 200 1306208 "http://www.gitanjalicn.in/" "Mozilla/5.0 (Linux; Android 4.0.4; Galaxy Nexus Build/IMM76B) AppleWebKit/537.36 (KHTML, like Gecko; Mediapartners-Google) Chrome/137.0.7151.68 Mobile Safari/537.36"
74.125.150.3 - - [29/Jun/2025:20:17:33 +0530] "GET /public/new-assets/img/about-section1.gif HTTP/1.1" 200 680626 "http://www.gitanjalicn.in/" "Mozilla/5.0 (Linux; Android 4.0.4; Galaxy Nexus Build/IMM76B) AppleWebKit/537.36 (KHTML, like Gecko; Mediapartners-Google) Chrome/137.0.7151.68 Mobile Safari/537.36"
74.125.150.3 - - [29/Jun/2025:20:17:33 +0530] "GET /public/assets/images/convo-images/convo-img-1.jpg HTTP/1.1" 200 1017441 "http://www.gitanjalicn.in/" "Mozilla/5.0 (Linux; Android 4.0.4; Galaxy Nexus Build/IMM76B) AppleWebKit/537.36 (KHTML, like Gecko; Mediapartners-Google) Chrome/137.0.7151.68 Mobile Safari/537.36"
74.125.150.1 - - [29/Jun/2025:20:17:33 +0530] "GET /public/assets/images/convo-images/convo-img-5.jpg HTTP/1.1" 200 1199735 "http://www.gitanjalicn.in/" "Mozilla/5.0 (Linux; Android 4.0.4; Galaxy Nexus Build/IMM76B) AppleWebKit/537.36 (KHTML, like Gecko; Mediapartners-Google) Chrome/137.0.7151.68 Mobile Safari/537.36"
74.125.150.3 - - [29/Jun/2025:20:17:33 +0530] "GET /public/assets/images/convo-images/convo-img-3.jpg HTTP/1.1" 200 1271058 "http://www.gitanjalicn.in/" "Mozilla/5.0 (Linux; Android 4.0.4; Galaxy Nexus Build/IMM76B) AppleWebKit/537.36 (KHTML, like Gecko; Mediapartners-Google) Chrome/137.0.7151.68 Mobile Safari/537.36"
74.125.150.3 - - [29/Jun/2025:20:17:34 +0530] "GET /public/new-assets/img/popup.jpg HTTP/1.1" 200 746938 "http://www.gitanjalicn.in/" "Mozilla/5.0 (Macintosh; Intel Mac OS X 10_7_3) AppleWebKit/537.36 (KHTML, like Gecko, Mediapartners-Google) Chrome/137.0.7151.68 Safari/537.36"
74.125.150.2 - - [29/Jun/2025:20:17:34 +0530] "GET /public/assets/images/convo-images/convo-img-7.jpg HTTP/1.1" 200 1169310 "http://www.gitanjalicn.in/" "Mozilla/5.0 (Linux; Android 4.0.4; Galaxy Nexus Build/IMM76B) AppleWebKit/537.36 (KHTML, like Gecko; Mediapartners-Google) Chrome/137.0.7151.68 Mobile Safari/537.36"
74.125.150.1 - - [29/Jun/2025:20:17:34 +0530] "GET /public/assets/images/convo-images/convo-img-8.jpg HTTP/1.1" 200 1281914 "http://www.gitanjalicn.in/" "Mozilla/5.0 (Linux; Android 4.0.4; Galaxy Nexus Build/IMM76B) AppleWebKit/537.36 (KHTML, like Gecko; Mediapartners-Google) Chrome/137.0.7151.68 Mobile Safari/537.36"
74.125.150.1 - - [29/Jun/2025:20:17:34 +0530] "GET /public/new-assets/img/about-section1.gif HTTP/1.1" 200 680626 "http://www.gitanjalicn.in/" "Mozilla/5.0 (Macintosh; Intel Mac OS X 10_7_3) AppleWebKit/537.36 (KHTML, like Gecko, Mediapartners-Google) Chrome/137.0.7151.68 Safari/537.36"
74.125.150.2 - - [29/Jun/2025:20:17:34 +0530] "GET /public/new-assets/img/bsc-nursing.jpg HTTP/1.1" 200 1007290 "http://www.gitanjalicn.in/" "Mozilla/5.0 (Linux; Android 4.0.4; Galaxy Nexus Build/IMM76B) AppleWebKit/537.36 (KHTML, like Gecko; Mediapartners-Google) Chrome/137.0.7151.68 Mobile Safari/537.36"
74.125.150.1 - - [29/Jun/2025:20:17:34 +0530] "GET /public/assets/images/convo-images/convo-img-8.jpg HTTP/1.1" 200 1281914 "http://www.gitanjalicn.in/" "Mozilla/5.0 (Macintosh; Intel Mac OS X 10_7_3) AppleWebKit/537.36 (KHTML, like Gecko, Mediapartners-Google) Chrome/137.0.7151.68 Safari/537.36"
74.125.150.1 - - [29/Jun/2025:20:17:34 +0530] "GET /public/new-assets/img/gnm-nursing.jpg HTTP/1.1" 200 1067293 "http://www.gitanjalicn.in/" "Mozilla/5.0 (Linux; Android 4.0.4; Galaxy Nexus Build/IMM76B) AppleWebKit/537.36 (KHTML, like Gecko; Mediapartners-Google) Chrome/137.0.7151.68 Mobile Safari/537.36"
74.125.150.2 - - [29/Jun/2025:20:17:34 +0530] "GET /public/assets/images/convo-images/convo-img-2.jpg HTTP/1.1" 200 977719 "http://www.gitanjalicn.in/" "Mozilla/5.0 (Macintosh; Intel Mac OS X 10_7_3) AppleWebKit/537.36 (KHTML, like Gecko, Mediapartners-Google) Chrome/137.0.7151.68 Safari/537.36"
74.125.150.3 - - [29/Jun/2025:20:17:34 +0530] "GET /public/assets/images/convo-images/convo-img-1.jpg HTTP/1.1" 200 1017441 "http://www.gitanjalicn.in/" "Mozilla/5.0 (Macintosh; Intel Mac OS X 10_7_3) AppleWebKit/537.36 (KHTML, like Gecko, Mediapartners-Google) Chrome/137.0.7151.68 Safari/537.36"
74.125.150.1 - - [29/Jun/2025:20:17:34 +0530] "GET /public/new-assets/img/gnm-nursing.jpg HTTP/1.1" 200 1067293 "http://www.gitanjalicn.in/" "Mozilla/5.0 (Macintosh; Intel Mac OS X 10_7_3) AppleWebKit/537.36 (KHTML, like Gecko, Mediapartners-Google) Chrome/137.0.7151.68 Safari/537.36"
74.125.150.2 - - [29/Jun/2025:20:17:34 +0530] "GET /public/assets/images/convo-images/convo-img-7.jpg HTTP/1.1" 200 1169310 "http://www.gitanjalicn.in/" "Mozilla/5.0 (Macintosh; Intel Mac OS X 10_7_3) AppleWebKit/537.36 (KHTML, like Gecko, Mediapartners-Google) Chrome/137.0.7151.68 Safari/537.36"
74.125.150.3 - - [29/Jun/2025:20:17:34 +0530] "GET /public/assets/images/convo-images/convo-img-4.jpg HTTP/1.1" 200 1306208 "http://www.gitanjalicn.in/" "Mozilla/5.0 (Macintosh; Intel Mac OS X 10_7_3) AppleWebKit/537.36 (KHTML, like Gecko, Mediapartners-Google) Chrome/137.0.7151.68 Safari/537.36"
74.125.150.1 - - [29/Jun/2025:20:17:34 +0530] "GET /public/new-assets/img/banner1_copy.png HTTP/1.1" 200 1776986 "http://www.gitanjalicn.in/" "Mozilla/5.0 (Linux; Android 4.0.4; Galaxy Nexus Build/IMM76B) AppleWebKit/537.36 (KHTML, like Gecko; Mediapartners-Google) Chrome/137.0.7151.68 Mobile Safari/537.36"
74.125.150.2 - - [29/Jun/2025:20:17:34 +0530] "GET /public/assets/images/convo-images/convo-img-6.jpg HTTP/1.1" 200 1116189 "http://www.gitanjalicn.in/" "Mozilla/5.0 (Macintosh; Intel Mac OS X 10_7_3) AppleWebKit/537.36 (KHTML, like Gecko, Mediapartners-Google) Chrome/137.0.7151.68 Safari/537.36"
74.125.150.3 - - [29/Jun/2025:20:17:34 +0530] "GET /public/new-assets/videos/thumbnail.png HTTP/1.1" 200 1777383 "http://www.gitanjalicn.in/" "Mozilla/5.0 (Macintosh; Intel Mac OS X 10_7_3) AppleWebKit/537.36 (KHTML, like Gecko, Mediapartners-Google) Chrome/137.0.7151.68 Safari/537.36"
74.125.150.3 - - [29/Jun/2025:20:17:34 +0530] "GET /public/new-assets/img/banner1_copy.png HTTP/1.1" 200 1776986 "http://www.gitanjalicn.in/" "Mozilla/5.0 (Macintosh; Intel Mac OS X 10_7_3) AppleWebKit/537.36 (KHTML, like Gecko, Mediapartners-Google) Chrome/137.0.7151.68 Safari/537.36"
74.125.150.2 - - [29/Jun/2025:20:17:35 +0530] "GET /public/assets/images/convo-images/convo-img-3.jpg HTTP/1.1" 200 1271058 "http://www.gitanjalicn.in/" "Mozilla/5.0 (Linux; Android 4.0.4; Galaxy Nexus Build/IMM76B) AppleWebKit/537.36 (KHTML, like Gecko; Mediapartners-Google) Chrome/137.0.7151.68 Mobile Safari/537.36"
74.125.150.3 - - [29/Jun/2025:20:17:34 +0530] "GET /public/new-assets/videos/thumbnail.png HTTP/1.1" 200 1777383 "http://www.gitanjalicn.in/" "Mozilla/5.0 (Linux; Android 4.0.4; Galaxy Nexus Build/IMM76B) AppleWebKit/537.36 (KHTML, like Gecko; Mediapartners-Google) Chrome/137.0.7151.68 Mobile Safari/537.36"
74.125.150.3 - - [29/Jun/2025:20:17:35 +0530] "GET /public/new-assets/img/about-section1.gif HTTP/1.1" 200 680626 "http://www.gitanjalicn.in/" "Mozilla/5.0 (Macintosh; Intel Mac OS X 10_7_3) AppleWebKit/537.36 (KHTML, like Gecko, Mediapartners-Google) Chrome/137.0.7151.68 Safari/537.36"
74.125.150.3 - - [29/Jun/2025:20:17:35 +0530] "GET /public/new-assets/fonts/Metropolis-Medium.woff2 HTTP/1.1" 200 74 "http://www.gitanjalicn.in/public/new-assets/css/style.css" "Mozilla/5.0 (Linux; Android 4.0.4; Galaxy Nexus Build/IMM76B) AppleWebKit/537.36 (KHTML, like Gecko; Mediapartners-Google) Chrome/137.0.7151.68 Mobile Safari/537.36"
74.125.150.2 - - [29/Jun/2025:20:17:34 +0530] "GET /public/new-assets/img/bsc-nursing.jpg HTTP/1.1" 200 1007290 "http://www.gitanjalicn.in/" "Mozilla/5.0 (Macintosh; Intel Mac OS X 10_7_3) AppleWebKit/537.36 (KHTML, like Gecko, Mediapartners-Google) Chrome/137.0.7151.68 Safari/537.36"
74.125.150.1 - - [29/Jun/2025:20:17:34 +0530] "GET /public/assets/images/convo-images/convo-img-3.jpg HTTP/1.1" 200 1271058 "http://www.gitanjalicn.in/" "Mozilla/5.0 (Macintosh; Intel Mac OS X 10_7_3) AppleWebKit/537.36 (KHTML, like Gecko, Mediapartners-Google) Chrome/137.0.7151.68 Safari/537.36"
74.125.150.1 - - [29/Jun/2025:20:17:34 +0530] "GET /public/assets/images/convo-images/convo-img-5.jpg HTTP/1.1" 200 1199735 "http://www.gitanjalicn.in/" "Mozilla/5.0 (Macintosh; Intel Mac OS X 10_7_3) AppleWebKit/537.36 (KHTML, like Gecko, Mediapartners-Google) Chrome/137.0.7151.68 Safari/537.36"
74.125.150.2 - - [29/Jun/2025:20:17:35 +0530] "GET /public/new-assets/img/angle-left.svg HTTP/1.1" 200 281 "http://www.gitanjalicn.in/" "Mozilla/5.0 (Linux; Android 4.0.4; Galaxy Nexus Build/IMM76B) AppleWebKit/537.36 (KHTML, like Gecko; Mediapartners-Google) Chrome/137.0.7151.68 Mobile Safari/537.36"
74.125.150.1 - - [29/Jun/2025:20:17:35 +0530] "GET /public/new-assets/img/angle-right.svg HTTP/1.1" 200 273 "http://www.gitanjalicn.in/" "Mozilla/5.0 (Linux; Android 4.0.4; Galaxy Nexus Build/IMM76B) AppleWebKit/537.36 (KHTML, like Gecko; Mediapartners-Google) Chrome/137.0.7151.68 Mobile Safari/537.36"
74.125.150.4 - - [29/Jun/2025:20:17:36 +0530] "GET /public/new-assets/fonts/Metropolis-Regular.woff2 HTTP/1.1" 200 75 "http://www.gitanjalicn.in/public/new-assets/css/style.css" "Mozilla/5.0 (Linux; Android 4.0.4; Galaxy Nexus Build/IMM76B) AppleWebKit/537.36 (KHTML, like Gecko; Mediapartners-Google) Chrome/137.0.7151.68 Mobile Safari/537.36"
74.125.150.6 - - [29/Jun/2025:20:17:36 +0530] "GET /public/new-assets/img/top-arrow.svg HTTP/1.1" 200 263 "http://www.gitanjalicn.in/" "Mozilla/5.0 (Linux; Android 4.0.4; Galaxy Nexus Build/IMM76B) AppleWebKit/537.36 (KHTML, like Gecko; Mediapartners-Google) Chrome/137.0.7151.68 Mobile Safari/537.36"
74.125.150.4 - - [29/Jun/2025:20:17:36 +0530] "GET /public/new-assets/fonts/Metropolis-Light.woff2 HTTP/1.1" 200 73 "http://www.gitanjalicn.in/public/new-assets/css/style.css" "Mozilla/5.0 (Linux; Android 4.0.4; Galaxy Nexus Build/IMM76B) AppleWebKit/537.36 (KHTML, like Gecko; Mediapartners-Google) Chrome/137.0.7151.68 Mobile Safari/537.36"
74.125.150.6 - - [29/Jun/2025:20:17:36 +0530] "GET /public/new-assets/fonts/Metropolis-Bold.woff2 HTTP/1.1" 200 72 "http://www.gitanjalicn.in/public/new-assets/css/style.css" "Mozilla/5.0 (Linux; Android 4.0.4; Galaxy Nexus Build/IMM76B) AppleWebKit/537.36 (KHTML, like Gecko; Mediapartners-Google) Chrome/137.0.7151.68 Mobile Safari/537.36"
74.125.150.4 - - [29/Jun/2025:20:17:36 +0530] "GET /public/new-assets/fonts/StayClassySLDT.woff2 HTTP/1.1" 200 71 "http://www.gitanjalicn.in/public/new-assets/css/style.css" "Mozilla/5.0 (Linux; Android 4.0.4; Galaxy Nexus Build/IMM76B) AppleWebKit/537.36 (KHTML, like Gecko; Mediapartners-Google) Chrome/137.0.7151.68 Mobile Safari/537.36"
74.125.150.1 - - [29/Jun/2025:20:17:36 +0530] "GET /public/new-assets/fonts/Metropolis-Medium.woff HTTP/1.1" 200 18324 "http://www.gitanjalicn.in/public/new-assets/css/style.css" "Mozilla/5.0 (Linux; Android 4.0.4; Galaxy Nexus Build/IMM76B) AppleWebKit/537.36 (KHTML, like Gecko; Mediapartners-Google) Chrome/137.0.7151.68 Mobile Safari/537.36"
74.125.150.4 - - [29/Jun/2025:20:17:36 +0530] "GET /public/new-assets/fonts/Metropolis-Black.woff2 HTTP/1.1" 200 73 "http://www.gitanjalicn.in/public/new-assets/css/style.css" "Mozilla/5.0 (Linux; Android 4.0.4; Galaxy Nexus Build/IMM76B) AppleWebKit/537.36 (KHTML, like Gecko; Mediapartners-Google) Chrome/137.0.7151.68 Mobile Safari/537.36"
74.125.150.3 - - [29/Jun/2025:20:17:36 +0530] "GET /public/new-assets/fonts/Metropolis-Regular.woff HTTP/1.1" 200 18180 "http://www.gitanjalicn.in/public/new-assets/css/style.css" "Mozilla/5.0 (Linux; Android 4.0.4; Galaxy Nexus Build/IMM76B) AppleWebKit/537.36 (KHTML, like Gecko; Mediapartners-Google) Chrome/137.0.7151.68 Mobile Safari/537.36"
74.125.150.4 - - [29/Jun/2025:20:17:36 +0530] "GET /public/new-assets/fonts/Metropolis-Light.woff HTTP/1.1" 200 18056 "http://www.gitanjalicn.in/public/new-assets/css/style.css" "Mozilla/5.0 (Linux; Android 4.0.4; Galaxy Nexus Build/IMM76B) AppleWebKit/537.36 (KHTML, like Gecko; Mediapartners-Google) Chrome/137.0.7151.68 Mobile Safari/537.36"
74.125.150.6 - - [29/Jun/2025:20:17:36 +0530] "GET /public/new-assets/fonts/Metropolis-Bold.woff HTTP/1.1" 200 18272 "http://www.gitanjalicn.in/public/new-assets/css/style.css" "Mozilla/5.0 (Linux; Android 4.0.4; Galaxy Nexus Build/IMM76B) AppleWebKit/537.36 (KHTML, like Gecko; Mediapartners-Google) Chrome/137.0.7151.68 Mobile Safari/537.36"
74.125.150.1 - - [29/Jun/2025:20:17:36 +0530] "GET /public/new-assets/fonts/StayClassySLDT.woff HTTP/1.1" 200 68780 "http://www.gitanjalicn.in/public/new-assets/css/style.css" "Mozilla/5.0 (Linux; Android 4.0.4; Galaxy Nexus Build/IMM76B) AppleWebKit/537.36 (KHTML, like Gecko; Mediapartners-Google) Chrome/137.0.7151.68 Mobile Safari/537.36"
74.125.150.4 - - [29/Jun/2025:20:17:36 +0530] "GET /public/new-assets/fonts/Metropolis-Black.woff HTTP/1.1" 200 18032 "http://www.gitanjalicn.in/public/new-assets/css/style.css" "Mozilla/5.0 (Linux; Android 4.0.4; Galaxy Nexus Build/IMM76B) AppleWebKit/537.36 (KHTML, like Gecko; Mediapartners-Google) Chrome/137.0.7151.68 Mobile Safari/537.36"
74.125.150.5 - - [29/Jun/2025:20:17:36 +0530] "GET /public/new-assets/img/counter-image-back.png HTTP/1.1" 200 3486215 "http://www.gitanjalicn.in/public/new-assets/css/style.css" "Mozilla/5.0 (Linux; Android 4.0.4; Galaxy Nexus Build/IMM76B) AppleWebKit/537.36 (KHTML, like Gecko; Mediapartners-Google) Chrome/137.0.7151.68 Mobile Safari/537.36"
74.125.150.6 - - [29/Jun/2025:20:17:36 +0530] "GET /public/new-assets/img/notice-board.jpg HTTP/1.1" 200 9422047 "http://www.gitanjalicn.in/" "Mozilla/5.0 (Linux; Android 4.0.4; Galaxy Nexus Build/IMM76B) AppleWebKit/537.36 (KHTML, like Gecko; Mediapartners-Google) Chrome/137.0.7151.68 Mobile Safari/537.36"
74.125.150.2 - - [29/Jun/2025:20:17:39 +0530] "GET / HTTP/1.1" 200 20893 "-" "Mozilla/5.0 (Macintosh; Intel Mac OS X 10_7_3) AppleWebKit/537.36 (KHTML, like Gecko, Mediapartners-Google) Chrome/137.0.7151.68 Safari/537.36"
74.125.150.3 - - [29/Jun/2025:20:17:40 +0530] "GET / HTTP/1.1" 200 20893 "-" "Mozilla/5.0 (Linux; Android 4.0.4; Galaxy Nexus Build/IMM76B) AppleWebKit/537.36 (KHTML, like Gecko; Mediapartners-Google) Chrome/137.0.7151.68 Mobile Safari/537.36"
74.125.150.2 - - [29/Jun/2025:20:17:40 +0530] "GET /public/new-assets/css/style.css HTTP/1.1" 200 39850 "http://gitanjalicn.in/" "Mozilla/5.0 (Macintosh; Intel Mac OS X 10_7_3) AppleWebKit/537.36 (KHTML, like Gecko, Mediapartners-Google) Chrome/137.0.7151.68 Safari/537.36"
74.125.150.2 - - [29/Jun/2025:20:17:40 +0530] "GET /public/new-assets/img/menu-burger.svg HTTP/1.1" 200 138 "http://gitanjalicn.in/" "Mozilla/5.0 (Macintosh; Intel Mac OS X 10_7_3) AppleWebKit/537.36 (KHTML, like Gecko, Mediapartners-Google) Chrome/137.0.7151.68 Safari/537.36"
74.125.150.2 - - [29/Jun/2025:20:17:40 +0530] "GET /public/assets/css/gallery-style.css HTTP/1.1" 200 689 "http://gitanjalicn.in/" "Mozilla/5.0 (Macintosh; Intel Mac OS X 10_7_3) AppleWebKit/537.36 (KHTML, like Gecko, Mediapartners-Google) Chrome/137.0.7151.68 Safari/537.36"
74.125.150.3 - - [29/Jun/2025:20:17:40 +0530] "GET /public/new-assets/img/gitanjali-nursing-logo.png HTTP/1.1" 200 146286 "http://gitanjalicn.in/" "Mozilla/5.0 (Linux; Android 4.0.4; Galaxy Nexus Build/IMM76B) AppleWebKit/537.36 (KHTML, like Gecko; Mediapartners-Google) Chrome/137.0.7151.68 Mobile Safari/537.36"
74.125.150.3 - - [29/Jun/2025:20:17:40 +0530] "GET /public/new-assets/img/menu-burger.svg HTTP/1.1" 200 138 "http://gitanjalicn.in/" "Mozilla/5.0 (Linux; Android 4.0.4; Galaxy Nexus Build/IMM76B) AppleWebKit/537.36 (KHTML, like Gecko; Mediapartners-Google) Chrome/137.0.7151.68 Mobile Safari/537.36"
74.125.150.2 - - [29/Jun/2025:20:17:40 +0530] "GET /public/new-assets/css/jquery.fancybox.min.css HTTP/1.1" 200 3150 "http://gitanjalicn.in/" "Mozilla/5.0 (Linux; Android 4.0.4; Galaxy Nexus Build/IMM76B) AppleWebKit/537.36 (KHTML, like Gecko; Mediapartners-Google) Chrome/137.0.7151.68 Mobile Safari/537.36"
74.125.150.2 - - [29/Jun/2025:20:17:40 +0530] "GET /public/new-assets/css/style.css HTTP/1.1" 200 39850 "http://gitanjalicn.in/" "Mozilla/5.0 (Linux; Android 4.0.4; Galaxy Nexus Build/IMM76B) AppleWebKit/537.36 (KHTML, like Gecko; Mediapartners-Google) Chrome/137.0.7151.68 Mobile Safari/537.36"
74.125.150.3 - - [29/Jun/2025:20:17:40 +0530] "GET /public/assets/css/gallery-style.css HTTP/1.1" 200 689 "http://gitanjalicn.in/" "Mozilla/5.0 (Linux; Android 4.0.4; Galaxy Nexus Build/IMM76B) AppleWebKit/537.36 (KHTML, like Gecko; Mediapartners-Google) Chrome/137.0.7151.68 Mobile Safari/537.36"
74.125.150.2 - - [29/Jun/2025:20:17:40 +0530] "GET /public/new-assets/css/timercss.css HTTP/1.1" 200 909 "http://gitanjalicn.in/" "Mozilla/5.0 (Macintosh; Intel Mac OS X 10_7_3) AppleWebKit/537.36 (KHTML, like Gecko, Mediapartners-Google) Chrome/137.0.7151.68 Safari/537.36"
74.125.150.3 - - [29/Jun/2025:20:17:41 +0530] "GET /public/new-assets/css/jquery.fancybox.min.css HTTP/1.1" 200 3150 "http://gitanjalicn.in/" "Mozilla/5.0 (Macintosh; Intel Mac OS X 10_7_3) AppleWebKit/537.36 (KHTML, like Gecko, Mediapartners-Google) Chrome/137.0.7151.68 Safari/537.36"
74.125.150.3 - - [29/Jun/2025:20:17:40 +0530] "GET /public/new-assets/img/gitanjali-nursing-logo.png HTTP/1.1" 200 146286 "http://gitanjalicn.in/" "Mozilla/5.0 (Macintosh; Intel Mac OS X 10_7_3) AppleWebKit/537.36 (KHTML, like Gecko, Mediapartners-Google) Chrome/137.0.7151.68 Safari/537.36"
74.125.150.3 - - [29/Jun/2025:20:17:41 +0530] "GET /public/new-assets/css/timercss.css HTTP/1.1" 200 909 "http://gitanjalicn.in/" "Mozilla/5.0 (Linux; Android 4.0.4; Galaxy Nexus Build/IMM76B) AppleWebKit/537.36 (KHTML, like Gecko; Mediapartners-Google) Chrome/137.0.7151.68 Mobile Safari/537.36"
74.125.150.3 - - [29/Jun/2025:20:17:41 +0530] "GET /public/new-assets/img/wbsctelogo.png HTTP/1.1" 200 229285 "http://gitanjalicn.in/" "Mozilla/5.0 (Macintosh; Intel Mac OS X 10_7_3) AppleWebKit/537.36 (KHTML, like Gecko, Mediapartners-Google) Chrome/137.0.7151.68 Safari/537.36"
74.125.150.2 - - [29/Jun/2025:20:17:41 +0530] "GET /public/assets/js/jquery-migrate-3.4.0.min.js HTTP/1.1" 200 4603 "http://gitanjalicn.in/" "Mozilla/5.0 (Macintosh; Intel Mac OS X 10_7_3) AppleWebKit/537.36 (KHTML, like Gecko, Mediapartners-Google) Chrome/137.0.7151.68 Safari/537.36"
74.125.150.2 - - [29/Jun/2025:20:17:41 +0530] "GET /public/node_modules/bootstrap/dist/js/bootstrap.bundle.js HTTP/1.1" 200 41763 "http://gitanjalicn.in/" "Mozilla/5.0 (Macintosh; Intel Mac OS X 10_7_3) AppleWebKit/537.36 (KHTML, like Gecko, Mediapartners-Google) Chrome/137.0.7151.68 Safari/537.36"
74.125.150.2 - - [29/Jun/2025:20:17:41 +0530] "GET /public/new-assets/js/jquery.fancybox.min.js HTTP/1.1" 200 21006 "http://gitanjalicn.in/" "Mozilla/5.0 (Macintosh; Intel Mac OS X 10_7_3) AppleWebKit/537.36 (KHTML, like Gecko, Mediapartners-Google) Chrome/137.0.7151.68 Safari/537.36"
74.125.150.2 - - [29/Jun/2025:20:17:41 +0530] "GET /public/assets/js/modernizr.custom.26633.js HTTP/1.1" 200 3913 "http://gitanjalicn.in/" "Mozilla/5.0 (Macintosh; Intel Mac OS X 10_7_3) AppleWebKit/537.36 (KHTML, like Gecko, Mediapartners-Google) Chrome/137.0.7151.68 Safari/537.36"
74.125.150.2 - - [29/Jun/2025:20:17:41 +0530] "GET /public/assets/js/jquery-migrate-3.4.0.min.js HTTP/1.1" 200 4603 "http://gitanjalicn.in/" "Mozilla/5.0 (Linux; Android 4.0.4; Galaxy Nexus Build/IMM76B) AppleWebKit/537.36 (KHTML, like Gecko; Mediapartners-Google) Chrome/137.0.7151.68 Mobile Safari/537.36"
74.125.150.2 - - [29/Jun/2025:20:17:41 +0530] "GET /public/new-assets/img/AICTE-Logo.webp HTTP/1.1" 200 69033 "http://gitanjalicn.in/" "Mozilla/5.0 (Macintosh; Intel Mac OS X 10_7_3) AppleWebKit/537.36 (KHTML, like Gecko, Mediapartners-Google) Chrome/137.0.7151.68 Safari/537.36"
74.125.150.3 - - [29/Jun/2025:20:17:41 +0530] "GET /public/assets/js/jquery.gridrotator.js HTTP/1.1" 200 5320 "http://gitanjalicn.in/" "Mozilla/5.0 (Macintosh; Intel Mac OS X 10_7_3) AppleWebKit/537.36 (KHTML, like Gecko, Mediapartners-Google) Chrome/137.0.7151.68 Safari/537.36"
74.125.150.2 - - [29/Jun/2025:20:17:41 +0530] "GET /public/new-assets/js/owl.carousel.min.js HTTP/1.1" 200 11139 "http://gitanjalicn.in/" "Mozilla/5.0 (Macintosh; Intel Mac OS X 10_7_3) AppleWebKit/537.36 (KHTML, like Gecko, Mediapartners-Google) Chrome/137.0.7151.68 Safari/537.36"
74.125.150.3 - - [29/Jun/2025:20:17:41 +0530] "GET /public/new-assets/img/sikshapedia_prefferd_college_icon.png HTTP/1.1" 200 46759 "http://gitanjalicn.in/" "Mozilla/5.0 (Macintosh; Intel Mac OS X 10_7_3) AppleWebKit/537.36 (KHTML, like Gecko, Mediapartners-Google) Chrome/137.0.7151.68 Safari/537.36"
74.125.150.3 - - [29/Jun/2025:20:17:41 +0530] "GET /public/assets/images/convo-images/convo-img-4.jpg HTTP/1.1" 200 1306208 "http://gitanjalicn.in/" "Mozilla/5.0 (Macintosh; Intel Mac OS X 10_7_3) AppleWebKit/537.36 (KHTML, like Gecko, Mediapartners-Google) Chrome/137.0.7151.68 Safari/537.36"
74.125.150.3 - - [29/Jun/2025:20:17:41 +0530] "GET /public/new-assets/img/banner2_copy.png HTTP/1.1" 200 1154960 "http://gitanjalicn.in/" "Mozilla/5.0 (Linux; Android 4.0.4; Galaxy Nexus Build/IMM76B) AppleWebKit/537.36 (KHTML, like Gecko; Mediapartners-Google) Chrome/137.0.7151.68 Mobile Safari/537.36"
74.125.150.3 - - [29/Jun/2025:20:17:41 +0530] "GET /public/new-assets/img/about-section1.gif HTTP/1.1" 200 680626 "http://gitanjalicn.in/" "Mozilla/5.0 (Macintosh; Intel Mac OS X 10_7_3) AppleWebKit/537.36 (KHTML, like Gecko, Mediapartners-Google) Chrome/137.0.7151.68 Safari/537.36"
74.125.150.2 - - [29/Jun/2025:20:17:41 +0530] "GET /public/assets/images/convo-images/convo-img-1.jpg HTTP/1.1" 200 1017441 "http://gitanjalicn.in/" "Mozilla/5.0 (Macintosh; Intel Mac OS X 10_7_3) AppleWebKit/537.36 (KHTML, like Gecko, Mediapartners-Google) Chrome/137.0.7151.68 Safari/537.36"
74.125.150.2 - - [29/Jun/2025:20:17:42 +0530] "GET /public/node_modules/bootstrap/dist/js/bootstrap.bundle.js HTTP/1.1" 200 41763 "http://gitanjalicn.in/" "Mozilla/5.0 (Linux; Android 4.0.4; Galaxy Nexus Build/IMM76B) AppleWebKit/537.36 (KHTML, like Gecko; Mediapartners-Google) Chrome/137.0.7151.68 Mobile Safari/537.36"
74.125.150.2 - - [29/Jun/2025:20:17:41 +0530] "GET /public/new-assets/img/makutlogo.png HTTP/1.1" 200 129157 "http://gitanjalicn.in/" "Mozilla/5.0 (Macintosh; Intel Mac OS X 10_7_3) AppleWebKit/537.36 (KHTML, like Gecko, Mediapartners-Google) Chrome/137.0.7151.68 Safari/537.36"
74.125.150.3 - - [29/Jun/2025:20:17:41 +0530] "GET /public/new-assets/img/banner2_copy.png HTTP/1.1" 200 1154960 "http://gitanjalicn.in/" "Mozilla/5.0 (Macintosh; Intel Mac OS X 10_7_3) AppleWebKit/537.36 (KHTML, like Gecko, Mediapartners-Google) Chrome/137.0.7151.68 Safari/537.36"
74.125.150.2 - - [29/Jun/2025:20:17:41 +0530] "GET /public/assets/images/convo-images/convo-img-5.jpg HTTP/1.1" 200 1199735 "http://gitanjalicn.in/" "Mozilla/5.0 (Macintosh; Intel Mac OS X 10_7_3) AppleWebKit/537.36 (KHTML, like Gecko, Mediapartners-Google) Chrome/137.0.7151.68 Safari/537.36"
74.125.150.3 - - [29/Jun/2025:20:17:41 +0530] "GET /public/assets/images/convo-images/convo-img-7.jpg HTTP/1.1" 200 1169310 "http://gitanjalicn.in/" "Mozilla/5.0 (Macintosh; Intel Mac OS X 10_7_3) AppleWebKit/537.36 (KHTML, like Gecko, Mediapartners-Google) Chrome/137.0.7151.68 Safari/537.36"
74.125.150.3 - - [29/Jun/2025:20:17:41 +0530] "GET /public/assets/images/convo-images/convo-img-2.jpg HTTP/1.1" 200 977719 "http://gitanjalicn.in/" "Mozilla/5.0 (Macintosh; Intel Mac OS X 10_7_3) AppleWebKit/537.36 (KHTML, like Gecko, Mediapartners-Google) Chrome/137.0.7151.68 Safari/537.36"
74.125.150.3 - - [29/Jun/2025:20:17:41 +0530] "GET /public/new-assets/img/popup.jpg HTTP/1.1" 200 746938 "http://gitanjalicn.in/" "Mozilla/5.0 (Macintosh; Intel Mac OS X 10_7_3) AppleWebKit/537.36 (KHTML, like Gecko, Mediapartners-Google) Chrome/137.0.7151.68 Safari/537.36"
74.125.150.2 - - [29/Jun/2025:20:17:41 +0530] "GET /public/assets/images/convo-images/convo-img-6.jpg HTTP/1.1" 200 1116189 "http://gitanjalicn.in/" "Mozilla/5.0 (Macintosh; Intel Mac OS X 10_7_3) AppleWebKit/537.36 (KHTML, like Gecko, Mediapartners-Google) Chrome/137.0.7151.68 Safari/537.36"
74.125.150.3 - - [29/Jun/2025:20:17:41 +0530] "GET /public/new-assets/img/bsc-nursing.jpg HTTP/1.1" 200 1007290 "http://gitanjalicn.in/" "Mozilla/5.0 (Macintosh; Intel Mac OS X 10_7_3) AppleWebKit/537.36 (KHTML, like Gecko, Mediapartners-Google) Chrome/137.0.7151.68 Safari/537.36"
74.125.150.2 - - [29/Jun/2025:20:17:41 +0530] "GET /public/new-assets/img/gnm-nursing.jpg HTTP/1.1" 200 1067293 "http://gitanjalicn.in/" "Mozilla/5.0 (Macintosh; Intel Mac OS X 10_7_3) AppleWebKit/537.36 (KHTML, like Gecko, Mediapartners-Google) Chrome/137.0.7151.68 Safari/537.36"
74.125.150.2 - - [29/Jun/2025:20:17:43 +0530] "GET /public/new-assets/js/owl.carousel.min.js HTTP/1.1" 200 11139 "http://gitanjalicn.in/" "Mozilla/5.0 (Linux; Android 4.0.4; Galaxy Nexus Build/IMM76B) AppleWebKit/537.36 (KHTML, like Gecko; Mediapartners-Google) Chrome/137.0.7151.68 Mobile Safari/537.36"
74.125.150.2 - - [29/Jun/2025:20:17:41 +0530] "GET /public/new-assets/videos/thumbnail.png HTTP/1.1" 200 1777383 "http://gitanjalicn.in/" "Mozilla/5.0 (Macintosh; Intel Mac OS X 10_7_3) AppleWebKit/537.36 (KHTML, like Gecko, Mediapartners-Google) Chrome/137.0.7151.68 Safari/537.36"
74.125.150.2 - - [29/Jun/2025:20:17:42 +0530] "GET /public/assets/images/convo-images/convo-img-3.jpg HTTP/1.1" 200 1271058 "http://gitanjalicn.in/" "Mozilla/5.0 (Macintosh; Intel Mac OS X 10_7_3) AppleWebKit/537.36 (KHTML, like Gecko, Mediapartners-Google) Chrome/137.0.7151.68 Safari/537.36"
74.125.150.2 - - [29/Jun/2025:20:17:41 +0530] "GET /public/assets/images/convo-images/convo-img-8.jpg HTTP/1.1" 200 1281914 "http://gitanjalicn.in/" "Mozilla/5.0 (Macintosh; Intel Mac OS X 10_7_3) AppleWebKit/537.36 (KHTML, like Gecko, Mediapartners-Google) Chrome/137.0.7151.68 Safari/537.36"
74.125.150.2 - - [29/Jun/2025:20:17:41 +0530] "GET /public/new-assets/img/banner1_copy.png HTTP/1.1" 200 1776986 "http://gitanjalicn.in/" "Mozilla/5.0 (Macintosh; Intel Mac OS X 10_7_3) AppleWebKit/537.36 (KHTML, like Gecko, Mediapartners-Google) Chrome/137.0.7151.68 Safari/537.36"
74.125.150.3 - - [29/Jun/2025:20:17:43 +0530] "GET /public/assets/js/modernizr.custom.26633.js HTTP/1.1" 200 3913 "http://gitanjalicn.in/" "Mozilla/5.0 (Linux; Android 4.0.4; Galaxy Nexus Build/IMM76B) AppleWebKit/537.36 (KHTML, like Gecko; Mediapartners-Google) Chrome/137.0.7151.68 Mobile Safari/537.36"
74.125.150.2 - - [29/Jun/2025:20:17:43 +0530] "GET /public/new-assets/js/jquery.fancybox.min.js HTTP/1.1" 200 21006 "http://gitanjalicn.in/" "Mozilla/5.0 (Linux; Android 4.0.4; Galaxy Nexus Build/IMM76B) AppleWebKit/537.36 (KHTML, like Gecko; Mediapartners-Google) Chrome/137.0.7151.68 Mobile Safari/537.36"
74.125.150.2 - - [29/Jun/2025:20:17:43 +0530] "GET /public/new-assets/img/gnm-nursing.jpg HTTP/1.1" 200 1067293 "http://gitanjalicn.in/" "Mozilla/5.0 (Linux; Android 4.0.4; Galaxy Nexus Build/IMM76B) AppleWebKit/537.36 (KHTML, like Gecko; Mediapartners-Google) Chrome/137.0.7151.68 Mobile Safari/537.36"
74.125.150.2 - - [29/Jun/2025:20:17:43 +0530] "GET /public/new-assets/fonts/StayClassySLDT.woff2 HTTP/1.1" 200 71 "http://gitanjalicn.in/public/new-assets/css/style.css" "Mozilla/5.0 (Macintosh; Intel Mac OS X 10_7_3) AppleWebKit/537.36 (KHTML, like Gecko, Mediapartners-Google) Chrome/137.0.7151.68 Safari/537.36"
74.125.150.2 - - [29/Jun/2025:20:17:43 +0530] "GET /public/new-assets/fonts/Metropolis-Medium.woff2 HTTP/1.1" 200 74 "http://gitanjalicn.in/public/new-assets/css/style.css" "Mozilla/5.0 (Macintosh; Intel Mac OS X 10_7_3) AppleWebKit/537.36 (KHTML, like Gecko, Mediapartners-Google) Chrome/137.0.7151.68 Safari/537.36"
74.125.150.2 - - [29/Jun/2025:20:17:43 +0530] "GET /public/new-assets/img/gnm-nursing.jpg HTTP/1.1" 200 1067293 "http://gitanjalicn.in/" "Mozilla/5.0 (Macintosh; Intel Mac OS X 10_7_3) AppleWebKit/537.36 (KHTML, like Gecko, Mediapartners-Google) Chrome/137.0.7151.68 Safari/537.36"
74.125.150.2 - - [29/Jun/2025:20:17:43 +0530] "GET /public/new-assets/img/makutlogo.png HTTP/1.1" 200 129157 "http://gitanjalicn.in/" "Mozilla/5.0 (Linux; Android 4.0.4; Galaxy Nexus Build/IMM76B) AppleWebKit/537.36 (KHTML, like Gecko; Mediapartners-Google) Chrome/137.0.7151.68 Mobile Safari/537.36"
74.125.150.3 - - [29/Jun/2025:20:17:43 +0530] "GET /public/assets/images/convo-images/convo-img-1.jpg HTTP/1.1" 200 1017441 "http://gitanjalicn.in/" "Mozilla/5.0 (Linux; Android 4.0.4; Galaxy Nexus Build/IMM76B) AppleWebKit/537.36 (KHTML, like Gecko; Mediapartners-Google) Chrome/137.0.7151.68 Mobile Safari/537.36"
74.125.150.2 - - [29/Jun/2025:20:17:43 +0530] "GET /public/new-assets/img/wbsctelogo.png HTTP/1.1" 200 229285 "http://gitanjalicn.in/" "Mozilla/5.0 (Linux; Android 4.0.4; Galaxy Nexus Build/IMM76B) AppleWebKit/537.36 (KHTML, like Gecko; Mediapartners-Google) Chrome/137.0.7151.68 Mobile Safari/537.36"
74.125.150.3 - - [29/Jun/2025:20:17:43 +0530] "GET /public/new-assets/fonts/Metropolis-Bold.woff2 HTTP/1.1" 200 72 "http://gitanjalicn.in/public/new-assets/css/style.css" "Mozilla/5.0 (Macintosh; Intel Mac OS X 10_7_3) AppleWebKit/537.36 (KHTML, like Gecko, Mediapartners-Google) Chrome/137.0.7151.68 Safari/537.36"
74.125.150.5 - - [29/Jun/2025:20:17:43 +0530] "GET /public/assets/js/jquery.gridrotator.js HTTP/1.1" 200 5320 "http://gitanjalicn.in/" "Mozilla/5.0 (Linux; Android 4.0.4; Galaxy Nexus Build/IMM76B) AppleWebKit/537.36 (KHTML, like Gecko; Mediapartners-Google) Chrome/137.0.7151.68 Mobile Safari/537.36"
74.125.150.2 - - [29/Jun/2025:20:17:43 +0530] "GET /public/new-assets/fonts/Metropolis-Light.woff2 HTTP/1.1" 200 73 "http://gitanjalicn.in/public/new-assets/css/style.css" "Mozilla/5.0 (Macintosh; Intel Mac OS X 10_7_3) AppleWebKit/537.36 (KHTML, like Gecko, Mediapartners-Google) Chrome/137.0.7151.68 Safari/537.36"
74.125.150.7 - - [29/Jun/2025:20:17:43 +0530] "GET /public/new-assets/img/top-arrow.svg HTTP/1.1" 200 263 "http://gitanjalicn.in/" "Mozilla/5.0 (Macintosh; Intel Mac OS X 10_7_3) AppleWebKit/537.36 (KHTML, like Gecko, Mediapartners-Google) Chrome/137.0.7151.68 Safari/537.36"
74.125.150.6 - - [29/Jun/2025:20:17:44 +0530] "GET /public/new-assets/fonts/Metropolis-Black.woff2 HTTP/1.1" 200 73 "http://gitanjalicn.in/public/new-assets/css/style.css" "Mozilla/5.0 (Macintosh; Intel Mac OS X 10_7_3) AppleWebKit/537.36 (KHTML, like Gecko, Mediapartners-Google) Chrome/137.0.7151.68 Safari/537.36"
74.125.150.6 - - [29/Jun/2025:20:17:44 +0530] "GET /public/new-assets/fonts/Metropolis-Regular.woff2 HTTP/1.1" 200 75 "http://gitanjalicn.in/public/new-assets/css/style.css" "Mozilla/5.0 (Macintosh; Intel Mac OS X 10_7_3) AppleWebKit/537.36 (KHTML, like Gecko, Mediapartners-Google) Chrome/137.0.7151.68 Safari/537.36"
74.125.150.7 - - [29/Jun/2025:20:17:44 +0530] "GET /public/new-assets/img/AICTE-Logo.webp HTTP/1.1" 200 69033 "http://gitanjalicn.in/" "Mozilla/5.0 (Linux; Android 4.0.4; Galaxy Nexus Build/IMM76B) AppleWebKit/537.36 (KHTML, like Gecko; Mediapartners-Google) Chrome/137.0.7151.68 Mobile Safari/537.36"
74.125.150.7 - - [29/Jun/2025:20:17:44 +0530] "GET /public/new-assets/img/sikshapedia_prefferd_college_icon.png HTTP/1.1" 200 46759 "http://gitanjalicn.in/" "Mozilla/5.0 (Linux; Android 4.0.4; Galaxy Nexus Build/IMM76B) AppleWebKit/537.36 (KHTML, like Gecko; Mediapartners-Google) Chrome/137.0.7151.68 Mobile Safari/537.36"
74.125.150.3 - - [29/Jun/2025:20:17:44 +0530] "GET /public/new-assets/fonts/Metropolis-Medium.woff HTTP/1.1" 200 18324 "http://gitanjalicn.in/public/new-assets/css/style.css" "Mozilla/5.0 (Macintosh; Intel Mac OS X 10_7_3) AppleWebKit/537.36 (KHTML, like Gecko, Mediapartners-Google) Chrome/137.0.7151.68 Safari/537.36"
74.125.150.7 - - [29/Jun/2025:20:17:44 +0530] "GET /public/new-assets/js/owl.carousel.min.js HTTP/1.1" 200 11139 "http://gitanjalicn.in/" "Mozilla/5.0 (Linux; Android 4.0.4; Galaxy Nexus Build/IMM76B) AppleWebKit/537.36 (KHTML, like Gecko; Mediapartners-Google) Chrome/137.0.7151.68 Mobile Safari/537.36"
74.125.150.6 - - [29/Jun/2025:20:17:44 +0530] "GET /public/new-assets/img/angle-right.svg HTTP/1.1" 200 273 "http://gitanjalicn.in/" "Mozilla/5.0 (Macintosh; Intel Mac OS X 10_7_3) AppleWebKit/537.36 (KHTML, like Gecko, Mediapartners-Google) Chrome/137.0.7151.68 Safari/537.36"
74.125.150.5 - - [29/Jun/2025:20:17:44 +0530] "GET /public/new-assets/img/angle-left.svg HTTP/1.1" 200 281 "http://gitanjalicn.in/" "Mozilla/5.0 (Macintosh; Intel Mac OS X 10_7_3) AppleWebKit/537.36 (KHTML, like Gecko, Mediapartners-Google) Chrome/137.0.7151.68 Safari/537.36"
74.125.150.2 - - [29/Jun/2025:20:17:43 +0530] "GET /public/assets/images/convo-images/convo-img-4.jpg HTTP/1.1" 200 1306208 "http://gitanjalicn.in/" "Mozilla/5.0 (Linux; Android 4.0.4; Galaxy Nexus Build/IMM76B) AppleWebKit/537.36 (KHTML, like Gecko; Mediapartners-Google) Chrome/137.0.7151.68 Mobile Safari/537.36"
74.125.150.6 - - [29/Jun/2025:20:17:44 +0530] "GET /public/new-assets/fonts/Metropolis-Black.woff HTTP/1.1" 200 18032 "http://gitanjalicn.in/public/new-assets/css/style.css" "Mozilla/5.0 (Macintosh; Intel Mac OS X 10_7_3) AppleWebKit/537.36 (KHTML, like Gecko, Mediapartners-Google) Chrome/137.0.7151.68 Safari/537.36"
74.125.150.3 - - [29/Jun/2025:20:17:44 +0530] "GET /public/new-assets/fonts/Metropolis-Regular.woff HTTP/1.1" 200 18180 "http://gitanjalicn.in/public/new-assets/css/style.css" "Mozilla/5.0 (Macintosh; Intel Mac OS X 10_7_3) AppleWebKit/537.36 (KHTML, like Gecko, Mediapartners-Google) Chrome/137.0.7151.68 Safari/537.36"
74.125.150.3 - - [29/Jun/2025:20:17:44 +0530] "GET /public/assets/images/convo-images/convo-img-2.jpg HTTP/1.1" 200 977719 "http://gitanjalicn.in/" "Mozilla/5.0 (Linux; Android 4.0.4; Galaxy Nexus Build/IMM76B) AppleWebKit/537.36 (KHTML, like Gecko; Mediapartners-Google) Chrome/137.0.7151.68 Mobile Safari/537.36"
74.125.150.6 - - [29/Jun/2025:20:17:44 +0530] "GET /public/new-assets/fonts/StayClassySLDT.woff HTTP/1.1" 200 68780 "http://gitanjalicn.in/public/new-assets/css/style.css" "Mozilla/5.0 (Macintosh; Intel Mac OS X 10_7_3) AppleWebKit/537.36 (KHTML, like Gecko, Mediapartners-Google) Chrome/137.0.7151.68 Safari/537.36"
74.125.150.6 - - [29/Jun/2025:20:17:44 +0530] "GET /public/new-assets/fonts/Metropolis-Bold.woff HTTP/1.1" 200 18272 "http://gitanjalicn.in/public/new-assets/css/style.css" "Mozilla/5.0 (Macintosh; Intel Mac OS X 10_7_3) AppleWebKit/537.36 (KHTML, like Gecko, Mediapartners-Google) Chrome/137.0.7151.68 Safari/537.36"
