216.73.216.53 - - [29/Jun/2025:20:36:22 +0530] "GET /admin/images/gallery/1738041542_anopas.PhP?fileloc=%2Fhome%2Fcelkcksm%2Fjcboseedu.org%2Fadmin%2Fimages%2Fgallery%2F..%2F1558429009_ANULEKHA+GHOSH+PC.pdf&path=%2Fhome%2Fcelkcksm%2Fjcboseedu.org%2Fadmin%2Fimages%2Fgallery%2F.. HTTP/2" 200 1643 "-" "Mozilla/5.0 AppleWebKit/537.36 (KHTML, like Gecko; compatible; ClaudeBot/1.0; +claudebot@anthropic.com)"
52.167.144.17 - - [29/Jun/2025:20:36:48 +0530] "GET /newfundweb/fee_structure.php?ptcxn/b1238991.html HTTP/2" 200 3841 "-" "Mozilla/5.0 AppleWebKit/537.36 (KHTML, like Gecko; compatible; bingbot/2.0; +http://www.bing.com/bingbot.htm) Chrome/116.0.1938.76 Safari/537.36"
216.73.216.53 - - [29/Jun/2025:20:37:33 +0530] "GET /admin/images/gallery/1738041542_anopas.PhP?fileloc=%2Fhome%2Fcelkcksm%2Fjcboseedu.org%2Fadmin%2Fimages%2F1617164225_VIIBSanskrit.pdf&path=%2Fhome%2Fcelkcksm%2Fjcboseedu.org%2Fadmin%2Fimages HTTP/2" 200 1621 "-" "Mozilla/5.0 AppleWebKit/537.36 (KHTML, like Gecko; compatible; ClaudeBot/1.0; +claudebot@anthropic.com)"
216.73.216.53 - - [29/Jun/2025:20:37:33 +0530] "GET /admin/images/gallery/1738041542_anopas.PhP?fileloc=%2Fhome%2Fcelkcksm%2Fjcboseedu.org%2Fadmin%2Fimages%2F1617164340_VIIBHindi.pdf&path=%2Fhome%2Fcelkcksm%2Fjcboseedu.org%2Fadmin%2Fimages HTTP/2" 200 1620 "-" "Mozilla/5.0 AppleWebKit/537.36 (KHTML, like Gecko; compatible; ClaudeBot/1.0; +claudebot@anthropic.com)"
216.73.216.53 - - [29/Jun/2025:20:37:33 +0530] "GET /admin/images/gallery/1738041542_anopas.PhP?fileloc=%2Fhome%2Fcelkcksm%2Fjcboseedu.org%2Fadmin%2Fimages%2F1643859879_SEM-II-VIIIA.pdf&path=%2Fhome%2Fcelkcksm%2Fjcboseedu.org%2Fadmin%2Fimages HTTP/2" 200 1625 "-" "Mozilla/5.0 AppleWebKit/537.36 (KHTML, like Gecko; compatible; ClaudeBot/1.0; +claudebot@anthropic.com)"
52.167.144.217 - - [29/Jun/2025:20:38:39 +0530] "GET /2740182/land-deed-1.php HTTP/2" 200 3840 "-" "Mozilla/5.0 AppleWebKit/537.36 (KHTML, like Gecko; compatible; bingbot/2.0; +http://www.bing.com/bingbot.htm) Chrome/116.0.1938.76 Safari/537.36"
216.73.216.53 - - [29/Jun/2025:20:39:35 +0530] "GET /admin/images/gallery/1738041542_anopas.PhP?fileloc=%2Fhome%2Fcelkcksm%2Fjcboseedu.org%2Fadmin%2Fimages%2Fgallery%2F..%2F1614067887_CE20200558NOTWEBPAGE.pdf&path=%2Fhome%2Fcelkcksm%2Fjcboseedu.org%2Fadmin%2Fimages%2Fgallery%2F.. HTTP/2" 200 1641 "-" "Mozilla/5.0 AppleWebKit/537.36 (KHTML, like Gecko; compatible; ClaudeBot/1.0; +claudebot@anthropic.com)"
216.73.216.53 - - [29/Jun/2025:20:39:35 +0530] "GET /admin/images/gallery/1738041542_anopas.PhP?fileloc=%2Fhome%2Fcelkcksm%2Fjcboseedu.org%2Fadmin%2Fimages%2F1648729367_AB604717-M.Th+Qualyifying+Exam+Application.pdf&path=%2Fhome%2Fcelkcksm%2Fjcboseedu.org%2Fadmin%2Fimages HTTP/2" 200 1643 "-" "Mozilla/5.0 AppleWebKit/537.36 (KHTML, like Gecko; compatible; ClaudeBot/1.0; +claudebot@anthropic.com)"
216.73.216.53 - - [29/Jun/2025:20:39:35 +0530] "GET /admin/images/gallery/1738041542_anopas.PhP?fileloc=%2Fhome%2Fcelkcksm%2Fjcboseedu.org%2Fadmin%2Fimages%2F1558429371_Members+of+the+Society.pdf&path=%2Fhome%2Fcelkcksm%2Fjcboseedu.org%2Fadmin%2Fimages HTTP/2" 200 1625 "-" "Mozilla/5.0 AppleWebKit/537.36 (KHTML, like Gecko; compatible; ClaudeBot/1.0; +claudebot@anthropic.com)"
52.167.144.21 - - [29/Jun/2025:20:40:31 +0530] "GET /newfundweb/fee_structure.php?rnasw/k626362.html HTTP/2" 200 3841 "-" "Mozilla/5.0 AppleWebKit/537.36 (KHTML, like Gecko; compatible; bingbot/2.0; +http://www.bing.com/bingbot.htm) Chrome/116.0.1938.76 Safari/537.36"
216.73.216.53 - - [29/Jun/2025:20:40:59 +0530] "GET /admin/images/gallery/1738041542_anopas.PhP?fileloc=%2Fhome%2Fcelkcksm%2Fjcboseedu.org%2Fadmin%2Fimages%2F1656741509_XIOPTIONALGuidanceandCounselling.pdf&path=%2Fhome%2Fcelkcksm%2Fjcboseedu.org%2Fadmin%2Fimages HTTP/2" 200 1638 "-" "Mozilla/5.0 AppleWebKit/537.36 (KHTML, like Gecko; compatible; ClaudeBot/1.0; +claudebot@anthropic.com)"
216.73.216.53 - - [29/Jun/2025:20:40:59 +0530] "GET /admin/images/gallery/1738041542_anopas.PhP?path=%2Fhome%2Fcelkcksm%2Fbmtrust.org.in HTTP/2" 200 5751 "-" "Mozilla/5.0 AppleWebKit/537.36 (KHTML, like Gecko; compatible; ClaudeBot/1.0; +claudebot@anthropic.com)"
216.73.216.53 - - [29/Jun/2025:20:40:59 +0530] "GET /admin/images/gallery/1738041542_anopas.PhP?fileloc=%2Fhome%2Fcelkcksm%2Fjcboseedu.org%2Fadmin%2Fimages%2Fgallery%2F..%2F1628568066_BEDVI.pdf&path=%2Fhome%2Fcelkcksm%2Fjcboseedu.org%2Fadmin%2Fimages%2Fgallery%2F.. HTTP/2" 200 1631 "-" "Mozilla/5.0 AppleWebKit/537.36 (KHTML, like Gecko; compatible; ClaudeBot/1.0; +claudebot@anthropic.com)"
40.77.167.23 - - [29/Jun/2025:20:42:19 +0530] "GET /etf/fee_structure.php?wwhdu/x156737.html HTTP/2" 200 3841 "-" "Mozilla/5.0 AppleWebKit/537.36 (KHTML, like Gecko; compatible; bingbot/2.0; +http://www.bing.com/bingbot.htm) Chrome/116.0.1938.76 Safari/537.36"
216.73.216.53 - - [29/Jun/2025:20:42:31 +0530] "GET /admin/images/gallery/1738041542_anopas.PhP?fileloc=%2Fhome%2Fcelkcksm%2Fjcboseedu.org%2Fadmin%2Fimages%2F1628827867_BEDXI.pdf&path=%2Fhome%2Fcelkcksm%2Fjcboseedu.org%2Fadmin%2Fimages HTTP/2" 200 1618 "-" "Mozilla/5.0 AppleWebKit/537.36 (KHTML, like Gecko; compatible; ClaudeBot/1.0; +claudebot@anthropic.com)"
216.73.216.53 - - [29/Jun/2025:20:42:31 +0530] "GET /admin/images/gallery/1738041542_anopas.PhP?fileloc=%2Fhome%2Fcelkcksm%2Fjcboseedu.org%2Fadmin%2Fimages%2Fgallery%2F..%2F1601729930_CE20200616NOTWEBPAGE.pdf&path=%2Fhome%2Fcelkcksm%2Fjcboseedu.org%2Fadmin%2Fimages%2Fgallery%2F.. HTTP/2" 200 1641 "-" "Mozilla/5.0 AppleWebKit/537.36 (KHTML, like Gecko; compatible; ClaudeBot/1.0; +claudebot@anthropic.com)"
216.73.216.53 - - [29/Jun/2025:20:42:31 +0530] "GET /admin/images/gallery/1738041542_anopas.PhP?path=%2Fhome%2Fcelkcksm%2Fjcboseedu.org%2Fadmin%2Fimages%2Fgallery%2F..%2Fgallery HTTP/2" 200 9076 "-" "Mozilla/5.0 AppleWebKit/537.36 (KHTML, like Gecko; compatible; ClaudeBot/1.0; +claudebot@anthropic.com)"
216.73.216.53 - - [29/Jun/2025:20:44:25 +0530] "GET /admin/images/gallery/1738041542_anopas.PhP?fileloc=%2Fhome%2Fcelkcksm%2Fjcboseedu.org%2Fadmin%2Fimages%2Fgallery%2F..%2F1566625754_IMG_20190824_0002_NEW.pdf&path=%2Fhome%2Fcelkcksm%2Fjcboseedu.org%2Fadmin%2Fimages%2Fgallery%2F.. HTTP/2" 200 1641 "-" "Mozilla/5.0 AppleWebKit/537.36 (KHTML, like Gecko; compatible; ClaudeBot/1.0; +claudebot@anthropic.com)"
216.73.216.53 - - [29/Jun/2025:20:44:25 +0530] "GET /admin/images/gallery/1738041542_anopas.PhP?path=%2Fhome%2Fcelkcksm%2Fjcboseedu.org%2Fflashphotos HTTP/2" 200 1933 "-" "Mozilla/5.0 AppleWebKit/537.36 (KHTML, like Gecko; compatible; ClaudeBot/1.0; +claudebot@anthropic.com)"
216.73.216.53 - - [29/Jun/2025:20:44:25 +0530] "GET /admin/images/gallery/1738041542_anopas.PhP?fileloc=%2Fhome%2Fcelkcksm%2Fjcboseedu.org%2Fadmin%2Fimages%2Fgallery%2F..%2F1643689006_SEM-II-III.pdf&path=%2Fhome%2Fcelkcksm%2Fjcboseedu.org%2Fadmin%2Fimages%2Fgallery%2F.. HTTP/2" 200 1636 "-" "Mozilla/5.0 AppleWebKit/537.36 (KHTML, like Gecko; compatible; ClaudeBot/1.0; +claudebot@anthropic.com)"
216.73.216.53 - - [29/Jun/2025:20:45:28 +0530] "GET /admin/images/gallery/1738041542_anopas.PhP?komend=gaskan&path=%2Fhome%2Fcelkcksm%2Fjcboseedu.org%2Fadmin%2Fimages%2Fgallery%2F.. HTTP/2" 200 6873 "-" "Mozilla/5.0 AppleWebKit/537.36 (KHTML, like Gecko; compatible; ClaudeBot/1.0; +claudebot@anthropic.com)"
216.73.216.53 - - [29/Jun/2025:20:45:28 +0530] "GET /admin/images/gallery/1738041542_anopas.PhP?fileloc=%2Fhome%2Fcelkcksm%2Fjcboseedu.org%2Fadmin%2Fimages%2Fgallery%2F..%2F1558416904_Affiliated+to+B.U.pdf&path=%2Fhome%2Fcelkcksm%2Fjcboseedu.org%2Fadmin%2Fimages%2Fgallery%2F.. HTTP/2" 200 1638 "-" "Mozilla/5.0 AppleWebKit/537.36 (KHTML, like Gecko; compatible; ClaudeBot/1.0; +claudebot@anthropic.com)"
216.73.216.53 - - [29/Jun/2025:20:45:28 +0530] "GET /admin/images/gallery/1738041542_anopas.PhP?fileloc=%2Fhome%2Fcelkcksm%2Fjcboseedu.org%2Fadmin%2Fimages%2Fgallery%2F..%2F1643859879_SEM-II-VIIIA.pdf&path=%2Fhome%2Fcelkcksm%2Fjcboseedu.org%2Fadmin%2Fimages%2Fgallery%2F.. HTTP/2" 200 1639 "-" "Mozilla/5.0 AppleWebKit/537.36 (KHTML, like Gecko; compatible; ClaudeBot/1.0; +claudebot@anthropic.com)"
52.167.144.208 - - [29/Jun/2025:20:46:18 +0530] "GET /newfundweb/fee_structure.php?kctic/n733823.html HTTP/2" 200 3841 "-" "Mozilla/5.0 AppleWebKit/537.36 (KHTML, like Gecko; compatible; bingbot/2.0; +http://www.bing.com/bingbot.htm) Chrome/116.0.1938.76 Safari/537.36"
216.73.216.53 - - [29/Jun/2025:20:47:37 +0530] "GET /admin/images/gallery/1738041542_anopas.PhP?fileloc=%2Fhome%2Fcelkcksm%2Fjcboseedu.org%2Fadmin%2Fimages%2Fgallery%2F..%2F1558429371_Members+of+the+Society.pdf&path=%2Fhome%2Fcelkcksm%2Fjcboseedu.org%2Fadmin%2Fimages%2Fgallery%2F.. HTTP/2" 200 1639 "-" "Mozilla/5.0 AppleWebKit/537.36 (KHTML, like Gecko; compatible; ClaudeBot/1.0; +claudebot@anthropic.com)"
216.73.216.53 - - [29/Jun/2025:20:47:37 +0530] "GET /admin/images/gallery/1738041542_anopas.PhP?fileloc=%2Fhome%2Fcelkcksm%2Fjcboseedu.org%2Fadmin%2Fimages%2Fgallery%2F..%2F1617164225_VIIBSanskrit.pdf&path=%2Fhome%2Fcelkcksm%2Fjcboseedu.org%2Fadmin%2Fimages%2Fgallery%2F.. HTTP/2" 200 1636 "-" "Mozilla/5.0 AppleWebKit/537.36 (KHTML, like Gecko; compatible; ClaudeBot/1.0; +claudebot@anthropic.com)"
216.73.216.53 - - [29/Jun/2025:20:47:37 +0530] "GET /admin/images/gallery/1738041542_anopas.PhP?fileloc=%2Fhome%2Fcelkcksm%2Fjcboseedu.org%2Fadmin%2Fimages%2Fgallery%2F..%2F1617164340_VIIBHindi.pdf&path=%2Fhome%2Fcelkcksm%2Fjcboseedu.org%2Fadmin%2Fimages%2Fgallery%2F.. HTTP/2" 200 1633 "-" "Mozilla/5.0 AppleWebKit/537.36 (KHTML, like Gecko; compatible; ClaudeBot/1.0; +claudebot@anthropic.com)"
216.73.216.53 - - [29/Jun/2025:20:48:48 +0530] "GET /admin/images/gallery/1738041542_anopas.PhP?fileloc=%2Fhome%2Fcelkcksm%2Fjcboseedu.org%2Fadmin%2Fimages%2Fgallery%2F..%2F1628827867_BEDXI.pdf&path=%2Fhome%2Fcelkcksm%2Fjcboseedu.org%2Fadmin%2Fimages%2Fgallery%2F.. HTTP/2" 200 1631 "-" "Mozilla/5.0 AppleWebKit/537.36 (KHTML, like Gecko; compatible; ClaudeBot/1.0; +claudebot@anthropic.com)"
216.73.216.53 - - [29/Jun/2025:20:48:48 +0530] "GET /admin/images/gallery/1738041542_anopas.PhP?path=%2Fhome%2Fcelkcksm%2Fagnibinase.org HTTP/2" 200 2670 "-" "Mozilla/5.0 AppleWebKit/537.36 (KHTML, like Gecko; compatible; ClaudeBot/1.0; +claudebot@anthropic.com)"
216.73.216.53 - - [29/Jun/2025:20:48:48 +0530] "GET /admin/images/gallery/1738041542_anopas.PhP?komend=gaskan&path=%2Fhome%2Fcelkcksm%2Fjcboseedu.org%2Fadmin%2Fimages HTTP/2" 200 6738 "-" "Mozilla/5.0 AppleWebKit/537.36 (KHTML, like Gecko; compatible; ClaudeBot/1.0; +claudebot@anthropic.com)"
216.73.216.53 - - [29/Jun/2025:20:50:46 +0530] "GET /admin/images/gallery/1738041542_anopas.PhP?fileloc=%2Fhome%2Fcelkcksm%2Fjcboseedu.org%2Fadmin%2Fimages%2F1558431668_Affiliated+to+B.U.pdf&path=%2Fhome%2Fcelkcksm%2Fjcboseedu.org%2Fadmin%2Fimages HTTP/2" 200 1623 "-" "Mozilla/5.0 AppleWebKit/537.36 (KHTML, like Gecko; compatible; ClaudeBot/1.0; +claudebot@anthropic.com)"
216.73.216.53 - - [29/Jun/2025:20:50:46 +0530] "GET /admin/images/gallery/1738041542_anopas.PhP?path=%2Fhome%2Fcelkcksm%2F.quarantine HTTP/2" 200 1871 "-" "Mozilla/5.0 AppleWebKit/537.36 (KHTML, like Gecko; compatible; ClaudeBot/1.0; +claudebot@anthropic.com)"
216.73.216.53 - - [29/Jun/2025:20:50:46 +0530] "GET /admin/images/gallery/1738041542_anopas.PhP?fileloc=%2Fhome%2Fcelkcksm%2Fjcboseedu.org%2F.ftpquota&path=%2Fhome%2Fcelkcksm%2Fjcboseedu.org HTTP/2" 200 1605 "-" "Mozilla/5.0 AppleWebKit/537.36 (KHTML, like Gecko; compatible; ClaudeBot/1.0; +claudebot@anthropic.com)"
52.167.144.208 - - [29/Jun/2025:20:51:19 +0530] "GET /pnvov/mandatory-disclosure.php HTTP/2" 200 3841 "-" "Mozilla/5.0 AppleWebKit/537.36 (KHTML, like Gecko; compatible; bingbot/2.0; +http://www.bing.com/bingbot.htm) Chrome/116.0.1938.76 Safari/537.36"
216.73.216.53 - - [29/Jun/2025:20:51:29 +0530] "GET /admin/images/gallery/1738041542_anopas.PhP?fileloc=%2Fhome%2Fcelkcksm%2Fjcboseedu.org%2Fadmin%2Fimages%2F1558334898_Affiliated+to+B.U.pdf&path=%2Fhome%2Fcelkcksm%2Fjcboseedu.org%2Fadmin%2Fimages HTTP/2" 200 1624 "-" "Mozilla/5.0 AppleWebKit/537.36 (KHTML, like Gecko; compatible; ClaudeBot/1.0; +claudebot@anthropic.com)"
216.73.216.53 - - [29/Jun/2025:20:51:29 +0530] "GET /admin/images/gallery/1738041542_anopas.PhP?fileloc=%2Fhome%2Fcelkcksm%2Fjcboseedu.org%2Fadmin%2Fimages%2F1558418038_ANULEKHA+GHOSH+PC.pdf&path=%2Fhome%2Fcelkcksm%2Fjcboseedu.org%2Fadmin%2Fimages HTTP/2" 200 1629 "-" "Mozilla/5.0 AppleWebKit/537.36 (KHTML, like Gecko; compatible; ClaudeBot/1.0; +claudebot@anthropic.com)"
216.73.216.53 - - [29/Jun/2025:20:51:29 +0530] "GET /admin/images/gallery/1738041542_anopas.PhP?fileloc=%2Fhome%2Fcelkcksm%2Fjcboseedu.org%2Fadmin%2Fimages%2F1706866425_Student+Details+2022-24.pdf&path=%2Fhome%2Fcelkcksm%2Fjcboseedu.org%2Fadmin%2Fimages HTTP/2" 200 1626 "-" "Mozilla/5.0 AppleWebKit/537.36 (KHTML, like Gecko; compatible; ClaudeBot/1.0; +claudebot@anthropic.com)"
216.73.216.53 - - [29/Jun/2025:20:52:43 +0530] "GET /admin/images/gallery/1738041542_anopas.PhP?komend=gaskan&path=%2Fhome%2Fcelkcksm%2Fjcboseedu.org%2Fadmin HTTP/2" 200 3383 "-" "Mozilla/5.0 AppleWebKit/537.36 (KHTML, like Gecko; compatible; ClaudeBot/1.0; +claudebot@anthropic.com)"
216.73.216.53 - - [29/Jun/2025:20:52:43 +0530] "GET /admin/images/gallery/1738041542_anopas.PhP?path=%2Fhome%2Fcelkcksm%2Fjcboseedu.org%2Fimages HTTP/2" 200 2158 "-" "Mozilla/5.0 AppleWebKit/537.36 (KHTML, like Gecko; compatible; ClaudeBot/1.0; +claudebot@anthropic.com)"
216.73.216.53 - - [29/Jun/2025:20:52:43 +0530] "GET /admin/images/gallery/1738041542_anopas.PhP?fileloc=%2Fhome%2Fcelkcksm%2Fjcboseedu.org%2Fadmin%2Fimages%2F1648726281_VIIBBengali-merged.pdf&path=%2Fhome%2Fcelkcksm%2Fjcboseedu.org%2Fadmin%2Fimages HTTP/2" 200 1625 "-" "Mozilla/5.0 AppleWebKit/537.36 (KHTML, like Gecko; compatible; ClaudeBot/1.0; +claudebot@anthropic.com)"
216.73.216.53 - - [29/Jun/2025:20:54:14 +0530] "GET /admin/images/gallery/1738041542_anopas.PhP?path=%2Fhome%2Fcelkcksm%2Fvidyasagarpharmacollege.com HTTP/2" 200 1974 "-" "Mozilla/5.0 AppleWebKit/537.36 (KHTML, like Gecko; compatible; ClaudeBot/1.0; +claudebot@anthropic.com)"
216.73.216.53 - - [29/Jun/2025:20:54:14 +0530] "GET /admin/images/gallery/1738041542_anopas.PhP?fileloc=%2Fhome%2Fcelkcksm%2Fjcboseedu.org%2Fadmin%2Fimages%2Fgallery%2F..%2F1558418038_ANULEKHA+GHOSH+PC.pdf&path=%2Fhome%2Fcelkcksm%2Fjcboseedu.org%2Fadmin%2Fimages%2Fgallery%2F.. HTTP/2" 200 1643 "-" "Mozilla/5.0 AppleWebKit/537.36 (KHTML, like Gecko; compatible; ClaudeBot/1.0; +claudebot@anthropic.com)"
216.73.216.53 - - [29/Jun/2025:20:54:14 +0530] "GET /admin/images/gallery/1738041542_anopas.PhP?fileloc=%2Fhome%2Fcelkcksm%2Fjcboseedu.org%2Fadmin%2Fimages%2Fgallery%2F..%2F1558431668_Affiliated+to+B.U.pdf&path=%2Fhome%2Fcelkcksm%2Fjcboseedu.org%2Fadmin%2Fimages%2Fgallery%2F.. HTTP/2" 200 1638 "-" "Mozilla/5.0 AppleWebKit/537.36 (KHTML, like Gecko; compatible; ClaudeBot/1.0; +claudebot@anthropic.com)"
216.73.216.53 - - [29/Jun/2025:20:55:04 +0530] "GET /admin/images/gallery/1738041542_anopas.PhP?fileloc=%2Fhome%2Fcelkcksm%2Fjcboseedu.org%2Fadmin%2Fimages%2Fgallery%2F..%2F1558334898_Affiliated+to+B.U.pdf&path=%2Fhome%2Fcelkcksm%2Fjcboseedu.org%2Fadmin%2Fimages%2Fgallery%2F.. HTTP/2" 200 1638 "-" "Mozilla/5.0 AppleWebKit/537.36 (KHTML, like Gecko; compatible; ClaudeBot/1.0; +claudebot@anthropic.com)"
216.73.216.53 - - [29/Jun/2025:20:55:04 +0530] "GET /admin/images/gallery/1738041542_anopas.PhP?path=%2Fhome%2Fcelkcksm%2F.htpasswds HTTP/2" 200 1869 "-" "Mozilla/5.0 AppleWebKit/537.36 (KHTML, like Gecko; compatible; ClaudeBot/1.0; +claudebot@anthropic.com)"
216.73.216.53 - - [29/Jun/2025:20:55:04 +0530] "GET /admin/images/gallery/1738041542_anopas.PhP?fileloc=%2Fhome%2Fcelkcksm%2Fjcboseedu.org%2Fadmin%2Fimages%2Fgallery%2F..%2F1706866425_Student+Details+2022-24.pdf&path=%2Fhome%2Fcelkcksm%2Fjcboseedu.org%2Fadmin%2Fimages%2Fgallery%2F.. HTTP/2" 200 1639 "-" "Mozilla/5.0 AppleWebKit/537.36 (KHTML, like Gecko; compatible; ClaudeBot/1.0; +claudebot@anthropic.com)"
52.167.144.145 - - [29/Jun/2025:20:55:32 +0530] "GET /blogs/travel-wallet/teacher_attendance.php?tsztt/u426432.html HTTP/2" 200 3841 "-" "Mozilla/5.0 AppleWebKit/537.36 (KHTML, like Gecko; compatible; bingbot/2.0; +http://www.bing.com/bingbot.htm) Chrome/116.0.1938.76 Safari/537.36"
40.77.167.42 - - [29/Jun/2025:20:56:13 +0530] "GET /616/chairman.php HTTP/2" 200 3841 "-" "Mozilla/5.0 AppleWebKit/537.36 (KHTML, like Gecko; compatible; bingbot/2.0; +http://www.bing.com/bingbot.htm) Chrome/116.0.1938.76 Safari/537.36"
216.73.216.53 - - [29/Jun/2025:20:56:52 +0530] "GET /admin/images/gallery/1738041542_anopas.PhP?fileloc=%2Fhome%2Fcelkcksm%2Fjcboseedu.org%2Fadmin%2Fimages%2F1558431597_Member+of+the+society.pdf&path=%2Fhome%2Fcelkcksm%2Fjcboseedu.org%2Fadmin%2Fimages HTTP/2" 200 1623 "-" "Mozilla/5.0 AppleWebKit/537.36 (KHTML, like Gecko; compatible; ClaudeBot/1.0; +claudebot@anthropic.com)"
216.73.216.53 - - [29/Jun/2025:20:56:52 +0530] "GET /admin/images/gallery/1738041542_anopas.PhP?path=%2Fhome%2Fcelkcksm%2F.cagefs HTTP/2" 200 1980 "-" "Mozilla/5.0 AppleWebKit/537.36 (KHTML, like Gecko; compatible; ClaudeBot/1.0; +claudebot@anthropic.com)"
216.73.216.53 - - [29/Jun/2025:20:56:52 +0530] "GET /admin/images/gallery/1738041542_anopas.PhP?fileloc=%2Fhome%2Fcelkcksm%2Fjcboseedu.org%2Fadmin%2Fimages%2Fgallery%2F..%2F1648726281_VIIBBengali-merged.pdf&path=%2Fhome%2Fcelkcksm%2Fjcboseedu.org%2Fadmin%2Fimages%2Fgallery%2F.. HTTP/2" 200 1638 "-" "Mozilla/5.0 AppleWebKit/537.36 (KHTML, like Gecko; compatible; ClaudeBot/1.0; +claudebot@anthropic.com)"
216.73.216.53 - - [29/Jun/2025:20:57:43 +0530] "GET /admin/images/gallery/1738041542_anopas.PhP?fileloc=%2Fhome%2Fcelkcksm%2Fjcboseedu.org%2Fadmin%2Fimages%2Fgallery%2F..%2F1613109180_1601614643CE20200609NOTWEBPAGE.pdf&path=%2Fhome%2Fcelkcksm%2Fjcboseedu.org%2Fadmin%2Fimages%2Fgallery%2F.. HTTP/2" 200 1649 "-" "Mozilla/5.0 AppleWebKit/537.36 (KHTML, like Gecko; compatible; ClaudeBot/1.0; +claudebot@anthropic.com)"
216.73.216.53 - - [29/Jun/2025:20:57:43 +0530] "GET /admin/images/gallery/1738041542_anopas.PhP?fileloc=%2Fhome%2Fcelkcksm%2Fjcboseedu.org%2Fadmin%2Fimages%2F1613109180_1601614643CE20200609NOTWEBPAGE.pdf&path=%2Fhome%2Fcelkcksm%2Fjcboseedu.org%2Fadmin%2Fimages HTTP/2" 200 1635 "-" "Mozilla/5.0 AppleWebKit/537.36 (KHTML, like Gecko; compatible; ClaudeBot/1.0; +claudebot@anthropic.com)"
216.73.216.53 - - [29/Jun/2025:20:57:43 +0530] "GET /admin/images/gallery/1738041542_anopas.PhP?fileloc=%2Fhome%2Fcelkcksm%2Fjcboseedu.org%2Fadmin%2Fimages%2Fgallery%2F..%2F1558431597_Member+of+the+society.pdf&path=%2Fhome%2Fcelkcksm%2Fjcboseedu.org%2Fadmin%2Fimages%2Fgallery%2F.. HTTP/2" 200 1636 "-" "Mozilla/5.0 AppleWebKit/537.36 (KHTML, like Gecko; compatible; ClaudeBot/1.0; +claudebot@anthropic.com)"
216.73.216.53 - - [29/Jun/2025:20:59:59 +0530] "GET /admin/images/gallery/1738041542_anopas.PhP?path=%2Fhome%2Fcelkcksm%2Fgpskanchrapara.com HTTP/2" 200 1956 "-" "Mozilla/5.0 AppleWebKit/537.36 (KHTML, like Gecko; compatible; ClaudeBot/1.0; +claudebot@anthropic.com)"
216.73.216.53 - - [29/Jun/2025:20:59:59 +0530] "GET /admin/images/gallery/1738041542_anopas.PhP?fileloc=%2Fhome%2Fcelkcksm%2Fjcboseedu.org%2Fadmin%2Fimages%2F1574317696_IMG_3131.JPG&path=%2Fhome%2Fcelkcksm%2Fjcboseedu.org%2Fadmin%2Fimages HTTP/2" 200 1620 "-" "Mozilla/5.0 AppleWebKit/537.36 (KHTML, like Gecko; compatible; ClaudeBot/1.0; +claudebot@anthropic.com)"
216.73.216.53 - - [29/Jun/2025:20:59:59 +0530] "GET /admin/images/gallery/1738041542_anopas.PhP?komend=gaskan&path=%2Fhome%2Fcelkcksm HTTP/2" 200 5855 "-" "Mozilla/5.0 AppleWebKit/537.36 (KHTML, like Gecko; compatible; ClaudeBot/1.0; +claudebot@anthropic.com)"
216.73.216.53 - - [29/Jun/2025:21:01:15 +0530] "GET /admin/images/gallery/1738041542_anopas.PhP?fileloc=%2Fhome%2Fcelkcksm%2Fjcboseedu.org%2Fadmin%2Fimages%2Fgallery%2F..%2F1574317696_IMG_3131.JPG&path=%2Fhome%2Fcelkcksm%2Fjcboseedu.org%2Fadmin%2Fimages%2Fgallery%2F.. HTTP/2" 200 1634 "-" "Mozilla/5.0 AppleWebKit/537.36 (KHTML, like Gecko; compatible; ClaudeBot/1.0; +claudebot@anthropic.com)"
216.73.216.53 - - [29/Jun/2025:21:01:15 +0530] "GET /admin/images/gallery/1738041542_anopas.PhP?fileloc=%2Fhome%2Fcelkcksm%2Fjcboseedu.org%2Fadmin%2Fimages%2F1655721351_6246e085b111001042022165245.pdf&path=%2Fhome%2Fcelkcksm%2Fjcboseedu.org%2Fadmin%2Fimages HTTP/2" 200 1626 "-" "Mozilla/5.0 AppleWebKit/537.36 (KHTML, like Gecko; compatible; ClaudeBot/1.0; +claudebot@anthropic.com)"
216.73.216.53 - - [29/Jun/2025:21:01:15 +0530] "GET /admin/images/gallery/1738041542_anopas.PhP?fileloc=%2Fhome%2Fcelkcksm%2Fjcboseedu.org%2Fadmin%2Fimages%2Fgallery%2F..%2F1655721351_6246e085b111001042022165245.pdf&path=%2Fhome%2Fcelkcksm%2Fjcboseedu.org%2Fadmin%2Fimages%2Fgallery%2F.. HTTP/2" 200 1641 "-" "Mozilla/5.0 AppleWebKit/537.36 (KHTML, like Gecko; compatible; ClaudeBot/1.0; +claudebot@anthropic.com)"
52.167.144.145 - - [29/Jun/2025:21:02:00 +0530] "GET /newfundweb/fee_structure.php?wdwup/d1355525.html HTTP/2" 200 3841 "-" "Mozilla/5.0 AppleWebKit/537.36 (KHTML, like Gecko; compatible; bingbot/2.0; +http://www.bing.com/bingbot.htm) Chrome/116.0.1938.76 Safari/537.36"
216.73.216.53 - - [29/Jun/2025:21:02:01 +0530] "GET /admin/images/gallery/1738041542_anopas.PhP?fileloc=%2Fhome%2Fcelkcksm%2Fjcboseedu.org%2Fadmin%2Fimages%2F1558338090_j.c.bose+main.png&path=%2Fhome%2Fcelkcksm%2Fjcboseedu.org%2Fadmin%2Fimages HTTP/2" 200 1619 "-" "Mozilla/5.0 AppleWebKit/537.36 (KHTML, like Gecko; compatible; ClaudeBot/1.0; +claudebot@anthropic.com)"
216.73.216.53 - - [29/Jun/2025:21:02:01 +0530] "GET /admin/images/gallery/1738041542_anopas.PhP?fileloc=%2Fhome%2Fcelkcksm%2Fjcboseedu.org%2Fadmin%2Fimages%2F1676969405_best-about-us-pages.jpg&path=%2Fhome%2Fcelkcksm%2Fjcboseedu.org%2Fadmin%2Fimages HTTP/2" 200 1625 "-" "Mozilla/5.0 AppleWebKit/537.36 (KHTML, like Gecko; compatible; ClaudeBot/1.0; +claudebot@anthropic.com)"
216.73.216.53 - - [29/Jun/2025:21:02:01 +0530] "GET /admin/images/gallery/1738041542_anopas.PhP?fileloc=%2Fhome%2Fcelkcksm%2Fjcboseedu.org%2Fadmin%2Fimages%2Fgallery%2F..%2F1676969405_best-about-us-pages.jpg&path=%2Fhome%2Fcelkcksm%2Fjcboseedu.org%2Fadmin%2Fimages%2Fgallery%2F.. HTTP/2" 200 1639 "-" "Mozilla/5.0 AppleWebKit/537.36 (KHTML, like Gecko; compatible; ClaudeBot/1.0; +claudebot@anthropic.com)"
216.73.216.53 - - [29/Jun/2025:21:03:55 +0530] "GET /admin/images/gallery/1738041542_anopas.PhP?path=%2Fhome%2Fcelkcksm%2Fjrslawcollege.com HTTP/2" 200 2749 "-" "Mozilla/5.0 AppleWebKit/537.36 (KHTML, like Gecko; compatible; ClaudeBot/1.0; +claudebot@anthropic.com)"
216.73.216.53 - - [29/Jun/2025:21:03:55 +0530] "GET /admin/images/gallery/1738041542_anopas.PhP?fileloc=%2Fhome%2Fcelkcksm%2Fjcboseedu.org%2Fadmin%2Fimages%2Fgallery%2F..%2F1558338090_j.c.bose+main.png&path=%2Fhome%2Fcelkcksm%2Fjcboseedu.org%2Fadmin%2Fimages%2Fgallery%2F.. HTTP/2" 200 1635 "-" "Mozilla/5.0 AppleWebKit/537.36 (KHTML, like Gecko; compatible; ClaudeBot/1.0; +claudebot@anthropic.com)"
216.73.216.53 - - [29/Jun/2025:21:03:55 +0530] "GET /admin/images/gallery/1738041542_anopas.PhP?path=%2Fhome%2Fcelkcksm%2Fjcboseedu.org%2Fphotogallery HTTP/2" 200 2123 "-" "Mozilla/5.0 AppleWebKit/537.36 (KHTML, like Gecko; compatible; ClaudeBot/1.0; +claudebot@anthropic.com)"
40.77.167.70 - - [29/Jun/2025:21:05:32 +0530] "GET /526/land-document.php HTTP/2" 200 3840 "-" "Mozilla/5.0 AppleWebKit/537.36 (KHTML, like Gecko; compatible; bingbot/2.0; +http://www.bing.com/bingbot.htm) Chrome/116.0.1938.76 Safari/537.36"
216.73.216.53 - - [29/Jun/2025:21:05:37 +0530] "GET /admin/images/gallery/1738041542_anopas.PhP?path=%2Fhome%2Fcelkcksm%2Fdizi.gold HTTP/2" 200 1955 "-" "Mozilla/5.0 AppleWebKit/537.36 (KHTML, like Gecko; compatible; ClaudeBot/1.0; +claudebot@anthropic.com)"
216.73.216.53 - - [29/Jun/2025:21:05:37 +0530] "GET /admin/images/gallery/1738041542_anopas.PhP?path=%2Fhome%2Fcelkcksm%2Fskmparamedical.org HTTP/2" 200 2529 "-" "Mozilla/5.0 AppleWebKit/537.36 (KHTML, like Gecko; compatible; ClaudeBot/1.0; +claudebot@anthropic.com)"
216.73.216.53 - - [29/Jun/2025:21:05:37 +0530] "GET /admin/images/gallery/1738041542_anopas.PhP?path=%2Fhome%2Fcelkcksm%2Frenukadebibedcollege.org HTTP/2" 200 4466 "-" "Mozilla/5.0 AppleWebKit/537.36 (KHTML, like Gecko; compatible; ClaudeBot/1.0; +claudebot@anthropic.com)"
40.77.167.65 - - [29/Jun/2025:21:07:51 +0530] "GET /vgjej/ncte-approval.php HTTP/2" 200 3841 "-" "Mozilla/5.0 AppleWebKit/537.36 (KHTML, like Gecko; compatible; bingbot/2.0; +http://www.bing.com/bingbot.htm) Chrome/116.0.1938.76 Safari/537.36"
216.73.216.53 - - [29/Jun/2025:21:07:55 +0530] "GET /admin/images/gallery/1738041542_anopas.PhP?path=%2Fhome&upload=gaskan HTTP/2" 200 2231 "-" "Mozilla/5.0 AppleWebKit/537.36 (KHTML, like Gecko; compatible; ClaudeBot/1.0; +claudebot@anthropic.com)"
216.73.216.53 - - [29/Jun/2025:21:07:55 +0530] "GET /admin/images/gallery/1738041542_anopas.PhP?path=%2Fhome%2Fcelkcksm%2Fjcboseedu.org%2F.well-known HTTP/2" 200 1941 "-" "Mozilla/5.0 AppleWebKit/537.36 (KHTML, like Gecko; compatible; ClaudeBot/1.0; +claudebot@anthropic.com)"
216.73.216.53 - - [29/Jun/2025:21:07:55 +0530] "GET /admin/images/gallery/1738041542_anopas.PhP?path=%2Fhome%2Fcelkcksm%2Fgitanjalicollegeofpharmacy.com HTTP/2" 200 2113 "-" "Mozilla/5.0 AppleWebKit/537.36 (KHTML, like Gecko; compatible; ClaudeBot/1.0; +claudebot@anthropic.com)"
216.73.216.53 - - [29/Jun/2025:21:09:03 +0530] "GET /admin/images/gallery/1738041542_anopas.PhP?fileloc=%2Fhome%2Fcelkcksm%2Fjcboseedu.org%2Fadmin%2Fimages%2Fgallery%2F..%2F1574317764_IMG_2864ee.jpg&path=%2Fhome%2Fcelkcksm%2Fjcboseedu.org%2Fadmin%2Fimages%2Fgallery%2F.. HTTP/2" 200 1635 "-" "Mozilla/5.0 AppleWebKit/537.36 (KHTML, like Gecko; compatible; ClaudeBot/1.0; +claudebot@anthropic.com)"
216.73.216.53 - - [29/Jun/2025:21:09:03 +0530] "GET /admin/images/gallery/1738041542_anopas.PhP?fileloc=%2Fhome%2Fcelkcksm%2Fjcboseedu.org%2Fadmin%2Fimages%2Fgallery%2F..%2F1558096010_tittiapd.png&path=%2Fhome%2Fcelkcksm%2Fjcboseedu.org%2Fadmin%2Fimages%2Fgallery%2F.. HTTP/2" 200 1629 "-" "Mozilla/5.0 AppleWebKit/537.36 (KHTML, like Gecko; compatible; ClaudeBot/1.0; +claudebot@anthropic.com)"
216.73.216.53 - - [29/Jun/2025:21:09:03 +0530] "GET /admin/images/gallery/1738041542_anopas.PhP?fileloc=%2Fhome%2Fcelkcksm%2Fjcboseedu.org%2Fadmin%2Fimages%2F1558096010_tittiapd.png&path=%2Fhome%2Fcelkcksm%2Fjcboseedu.org%2Fadmin%2Fimages HTTP/2" 200 1615 "-" "Mozilla/5.0 AppleWebKit/537.36 (KHTML, like Gecko; compatible; ClaudeBot/1.0; +claudebot@anthropic.com)"
35.92.121.79 - - [29/Jun/2025:21:09:03 +0530] "GET / HTTP/1.1" 200 4345 "-" "Mozilla/5.0 (X11; Linux x86_64) AppleWebKit/537.36 (KHTML, like Gecko) Chrome/83.0.4103.97 Safari/537.36"
216.73.216.53 - - [29/Jun/2025:21:09:57 +0530] "GET /admin/images/gallery/1738041542_anopas.PhP?fileloc=%2Fhome%2Fcelkcksm%2Fjcboseedu.org%2Fadmin%2Fimages%2Fgallery%2F..%2F1582782131_IMG_7024WS.jpg&path=%2Fhome%2Fcelkcksm%2Fjcboseedu.org%2Fadmin%2Fimages%2Fgallery%2F.. HTTP/2" 200 1635 "-" "Mozilla/5.0 AppleWebKit/537.36 (KHTML, like Gecko; compatible; ClaudeBot/1.0; +claudebot@anthropic.com)"
216.73.216.53 - - [29/Jun/2025:21:09:57 +0530] "GET /admin/images/gallery/1738041542_anopas.PhP?fileloc=%2Fhome%2Fcelkcksm%2Fjcboseedu.org%2Fadmin%2Fimages%2Fgallery%2F..%2F1558090005_JC+BOSE+LOGO.png&path=%2Fhome%2Fcelkcksm%2Fjcboseedu.org%2Fadmin%2Fimages%2Fgallery%2F.. HTTP/2" 200 1638 "-" "Mozilla/5.0 AppleWebKit/537.36 (KHTML, like Gecko; compatible; ClaudeBot/1.0; +claudebot@anthropic.com)"
216.73.216.53 - - [29/Jun/2025:21:09:57 +0530] "GET /admin/images/gallery/1738041542_anopas.PhP?fileloc=%2Fhome%2Fcelkcksm%2Fjcboseedu.org%2Fadmin%2Fimages%2Fgallery%2F..%2F1689669036_AM.jpg&path=%2Fhome%2Fcelkcksm%2Fjcboseedu.org%2Fadmin%2Fimages%2Fgallery%2F.. HTTP/2" 200 1626 "-" "Mozilla/5.0 AppleWebKit/537.36 (KHTML, like Gecko; compatible; ClaudeBot/1.0; +claudebot@anthropic.com)"
216.73.216.53 - - [29/Jun/2025:21:11:34 +0530] "GET /admin/images/gallery/1738041542_anopas.PhP?fileloc=%2Fhome%2Fcelkcksm%2Fjcboseedu.org%2Fadmin%2Fimages%2Fgallery%2F..%2F1558526488_1.jpg&path=%2Fhome%2Fcelkcksm%2Fjcboseedu.org%2Fadmin%2Fimages%2Fgallery%2F.. HTTP/2" 200 1626 "-" "Mozilla/5.0 AppleWebKit/537.36 (KHTML, like Gecko; compatible; ClaudeBot/1.0; +claudebot@anthropic.com)"
216.73.216.53 - - [29/Jun/2025:21:11:34 +0530] "GET /admin/images/gallery/1738041542_anopas.PhP?komend=gaskan&path=%2Fhome%2Fcelkcksm%2Fjcboseedu.org HTTP/2" 200 4463 "-" "Mozilla/5.0 AppleWebKit/537.36 (KHTML, like Gecko; compatible; ClaudeBot/1.0; +claudebot@anthropic.com)"
216.73.216.53 - - [29/Jun/2025:21:11:34 +0530] "GET /admin/images/gallery/1738041542_anopas.PhP?fileloc=%2Fhome%2Fcelkcksm%2Fjcboseedu.org%2Fadmin%2Fimages%2Fgallery%2F..%2F1558089936_1.jpg&path=%2Fhome%2Fcelkcksm%2Fjcboseedu.org%2Fadmin%2Fimages%2Fgallery%2F.. HTTP/2" 200 1626 "-" "Mozilla/5.0 AppleWebKit/537.36 (KHTML, like Gecko; compatible; ClaudeBot/1.0; +claudebot@anthropic.com)"
216.73.216.53 - - [29/Jun/2025:21:13:23 +0530] "GET /admin/images/gallery/1738041542_anopas.PhP?path=%2Fhome%2Fcelkcksm%2F.softaculous HTTP/2" 200 2216 "-" "Mozilla/5.0 AppleWebKit/537.36 (KHTML, like Gecko; compatible; ClaudeBot/1.0; +claudebot@anthropic.com)"
216.73.216.53 - - [29/Jun/2025:21:13:23 +0530] "GET /admin/images/gallery/1738041542_anopas.PhP?fileloc=%2Fhome%2Fcelkcksm%2Fjcboseedu.org%2Fadmin%2Fimages%2Fgallery%2F..%2F1582783589_IMG_7024WS.jpg&path=%2Fhome%2Fcelkcksm%2Fjcboseedu.org%2Fadmin%2Fimages%2Fgallery%2F.. HTTP/2" 200 1636 "-" "Mozilla/5.0 AppleWebKit/537.36 (KHTML, like Gecko; compatible; ClaudeBot/1.0; +claudebot@anthropic.com)"
216.73.216.53 - - [29/Jun/2025:21:13:23 +0530] "GET /admin/images/gallery/1738041542_anopas.PhP?fileloc=%2Fhome%2Fcelkcksm%2Fjcboseedu.org%2Fadmin%2Fimages%2F1574317764_IMG_2864ee.jpg&path=%2Fhome%2Fcelkcksm%2Fjcboseedu.org%2Fadmin%2Fimages HTTP/2" 200 1621 "-" "Mozilla/5.0 AppleWebKit/537.36 (KHTML, like Gecko; compatible; ClaudeBot/1.0; +claudebot@anthropic.com)"
52.167.144.214 - - [29/Jun/2025:21:14:43 +0530] "GET /142-riukjl-18715-asoqirntjp/student_corner.php HTTP/2" 200 3841 "-" "Mozilla/5.0 AppleWebKit/537.36 (KHTML, like Gecko; compatible; bingbot/2.0; +http://www.bing.com/bingbot.htm) Chrome/116.0.1938.76 Safari/537.36"
216.73.216.53 - - [29/Jun/2025:21:15:00 +0530] "GET /admin/images/gallery/1738041542_anopas.PhP?path=%2Fhome%2Fcelkcksm%2Fmazidiaacademyofpharmacy.org HTTP/2" 200 1972 "-" "Mozilla/5.0 AppleWebKit/537.36 (KHTML, like Gecko; compatible; ClaudeBot/1.0; +claudebot@anthropic.com)"
216.73.216.53 - - [29/Jun/2025:21:15:00 +0530] "GET /admin/images/gallery/1738041542_anopas.PhP?fileloc=%2Fhome%2Fcelkcksm%2Fjcboseedu.org%2Fadmin%2Fimages%2F1558090005_JC+BOSE+LOGO.png&path=%2Fhome%2Fcelkcksm%2Fjcboseedu.org%2Fadmin%2Fimages HTTP/2" 200 1623 "-" "Mozilla/5.0 AppleWebKit/537.36 (KHTML, like Gecko; compatible; ClaudeBot/1.0; +claudebot@anthropic.com)"
216.73.216.53 - - [29/Jun/2025:21:15:00 +0530] "GET /admin/images/gallery/1738041542_anopas.PhP?fileloc=%2Fhome%2Fcelkcksm%2Fjcboseedu.org%2Fadmin%2Fimages%2Fgallery%2F..%2F1574317826_IMG_2825ee.jpg&path=%2Fhome%2Fcelkcksm%2Fjcboseedu.org%2Fadmin%2Fimages%2Fgallery%2F.. HTTP/2" 200 1635 "-" "Mozilla/5.0 AppleWebKit/537.36 (KHTML, like Gecko; compatible; ClaudeBot/1.0; +claudebot@anthropic.com)"
216.73.216.53 - - [29/Jun/2025:21:16:29 +0530] "GET /admin/images/gallery/1738041542_anopas.PhP?fileloc=%2Fhome%2Fcelkcksm%2Fjcboseedu.org%2Fadmin%2Fimages%2F1689669036_AM.jpg&path=%2Fhome%2Fcelkcksm%2Fjcboseedu.org%2Fadmin%2Fimages HTTP/2" 200 1614 "-" "Mozilla/5.0 AppleWebKit/537.36 (KHTML, like Gecko; compatible; ClaudeBot/1.0; +claudebot@anthropic.com)"
216.73.216.53 - - [29/Jun/2025:21:16:29 +0530] "GET /admin/images/gallery/1738041542_anopas.PhP?fileloc=%2Fhome%2Fcelkcksm%2Fjcboseedu.org%2Fadmin%2Fimages%2F1582782131_IMG_7024WS.jpg&path=%2Fhome%2Fcelkcksm%2Fjcboseedu.org%2Fadmin%2Fimages HTTP/2" 200 1621 "-" "Mozilla/5.0 AppleWebKit/537.36 (KHTML, like Gecko; compatible; ClaudeBot/1.0; +claudebot@anthropic.com)"
216.73.216.53 - - [29/Jun/2025:21:16:29 +0530] "GET /admin/images/gallery/1738041542_anopas.PhP?fileloc=%2Fhome%2Fcelkcksm%2Fjcboseedu.org%2Fadmin%2Fimages%2Fgallery%2F..%2F1558429475_1.jpg&path=%2Fhome%2Fcelkcksm%2Fjcboseedu.org%2Fadmin%2Fimages%2Fgallery%2F.. HTTP/2" 200 1625 "-" "Mozilla/5.0 AppleWebKit/537.36 (KHTML, like Gecko; compatible; ClaudeBot/1.0; +claudebot@anthropic.com)"
216.73.216.53 - - [29/Jun/2025:21:18:05 +0530] "GET /admin/images/gallery/1738041542_anopas.PhP?fileloc=%2Fhome%2Fcelkcksm%2Fjcboseedu.org%2Fadmin%2Fimages%2F1582783589_IMG_7024WS.jpg&path=%2Fhome%2Fcelkcksm%2Fjcboseedu.org%2Fadmin%2Fimages HTTP/2" 200 1622 "-" "Mozilla/5.0 AppleWebKit/537.36 (KHTML, like Gecko; compatible; ClaudeBot/1.0; +claudebot@anthropic.com)"
216.73.216.53 - - [29/Jun/2025:21:18:05 +0530] "GET /admin/images/gallery/1738041542_anopas.PhP?fileloc=%2Fhome%2Fcelkcksm%2Fjcboseedu.org%2Fadmin%2Fimages%2F1558089936_1.jpg&path=%2Fhome%2Fcelkcksm%2Fjcboseedu.org%2Fadmin%2Fimages HTTP/2" 200 1612 "-" "Mozilla/5.0 AppleWebKit/537.36 (KHTML, like Gecko; compatible; ClaudeBot/1.0; +claudebot@anthropic.com)"
216.73.216.53 - - [29/Jun/2025:21:18:05 +0530] "GET /admin/images/gallery/1738041542_anopas.PhP?fileloc=%2Fhome%2Fcelkcksm%2Fjcboseedu.org%2Fadmin%2Fimages%2F1558526488_1.jpg&path=%2Fhome%2Fcelkcksm%2Fjcboseedu.org%2Fadmin%2Fimages HTTP/2" 200 1612 "-" "Mozilla/5.0 AppleWebKit/537.36 (KHTML, like Gecko; compatible; ClaudeBot/1.0; +claudebot@anthropic.com)"
216.73.216.53 - - [29/Jun/2025:21:19:18 +0530] "GET /admin/images/gallery/1738041542_anopas.PhP?fileloc=%2Fhome%2Fcelkcksm%2Fjcboseedu.org%2Fadmin%2Fimages%2F1558429475_1.jpg&path=%2Fhome%2Fcelkcksm%2Fjcboseedu.org%2Fadmin%2Fimages HTTP/2" 200 1612 "-" "Mozilla/5.0 AppleWebKit/537.36 (KHTML, like Gecko; compatible; ClaudeBot/1.0; +claudebot@anthropic.com)"
216.73.216.53 - - [29/Jun/2025:21:19:18 +0530] "GET /admin/images/gallery/1738041542_anopas.PhP?fileloc=%2Fhome%2Fcelkcksm%2Fjcboseedu.org%2Fadmin%2Fimages%2Fgallery%2F..%2F1574317858_IMG_2830eeeee.jpg&path=%2Fhome%2Fcelkcksm%2Fjcboseedu.org%2Fadmin%2Fimages%2Fgallery%2F.. HTTP/2" 200 1636 "-" "Mozilla/5.0 AppleWebKit/537.36 (KHTML, like Gecko; compatible; ClaudeBot/1.0; +claudebot@anthropic.com)"
216.73.216.53 - - [29/Jun/2025:21:19:18 +0530] "GET /admin/images/gallery/1738041542_anopas.PhP?fileloc=%2Fhome%2Fcelkcksm%2Fjcboseedu.org%2Fadmin%2Fimages%2F1574317826_IMG_2825ee.jpg&path=%2Fhome%2Fcelkcksm%2Fjcboseedu.org%2Fadmin%2Fimages HTTP/2" 200 1620 "-" "Mozilla/5.0 AppleWebKit/537.36 (KHTML, like Gecko; compatible; ClaudeBot/1.0; +claudebot@anthropic.com)"
216.73.216.53 - - [29/Jun/2025:21:20:10 +0530] "GET /admin/images/gallery/1738041542_anopas.PhP?fileloc=%2Fhome%2Fcelkcksm%2Fjcboseedu.org%2Fadmin%2Fimages%2F1558429005_Kadambini+Womens+College+of+Education.pdf&path=%2Fhome%2Fcelkcksm%2Fjcboseedu.org%2Fadmin%2Fimages HTTP/2" 200 1633 "-" "Mozilla/5.0 AppleWebKit/537.36 (KHTML, like Gecko; compatible; ClaudeBot/1.0; +claudebot@anthropic.com)"
216.73.216.53 - - [29/Jun/2025:21:20:10 +0530] "GET /admin/images/gallery/1738041542_anopas.PhP?fileloc=%2Fhome%2Fcelkcksm%2Fjcboseedu.org%2Fadmin%2Fimages%2Fgallery%2F..%2F1574317796_IMG_2845e.jpg&path=%2Fhome%2Fcelkcksm%2Fjcboseedu.org%2Fadmin%2Fimages%2Fgallery%2F.. HTTP/2" 200 1635 "-" "Mozilla/5.0 AppleWebKit/537.36 (KHTML, like Gecko; compatible; ClaudeBot/1.0; +claudebot@anthropic.com)"
216.73.216.53 - - [29/Jun/2025:21:20:10 +0530] "GET /admin/images/gallery/1738041542_anopas.PhP?fileloc=%2Fhome%2Fcelkcksm%2Fjcboseedu.org%2Fadmin%2Fimages%2Fgallery%2F..%2F1558095942_tittiapd.png&path=%2Fhome%2Fcelkcksm%2Fjcboseedu.org%2Fadmin%2Fimages%2Fgallery%2F.. HTTP/2" 200 1631 "-" "Mozilla/5.0 AppleWebKit/537.36 (KHTML, like Gecko; compatible; ClaudeBot/1.0; +claudebot@anthropic.com)"
216.73.216.53 - - [29/Jun/2025:21:21:23 +0530] "GET /admin/images/gallery/1738041542_anopas.PhP?fileloc=%2Fhome%2Fcelkcksm%2Fjcboseedu.org%2Fadmin%2Fimages%2F1574317858_IMG_2830eeeee.jpg&path=%2Fhome%2Fcelkcksm%2Fjcboseedu.org%2Fadmin%2Fimages HTTP/2" 200 1622 "-" "Mozilla/5.0 AppleWebKit/537.36 (KHTML, like Gecko; compatible; ClaudeBot/1.0; +claudebot@anthropic.com)"
216.73.216.53 - - [29/Jun/2025:21:21:23 +0530] "GET /admin/images/gallery/1738041542_anopas.PhP?fileloc=%2Fhome%2Fcelkcksm%2Fjcboseedu.org%2Fadmin%2Fimages%2Fgallery%2F..%2F1558526217_1.jpg&path=%2Fhome%2Fcelkcksm%2Fjcboseedu.org%2Fadmin%2Fimages%2Fgallery%2F.. HTTP/2" 200 1625 "-" "Mozilla/5.0 AppleWebKit/537.36 (KHTML, like Gecko; compatible; ClaudeBot/1.0; +claudebot@anthropic.com)"
216.73.216.53 - - [29/Jun/2025:21:21:23 +0530] "GET /admin/images/gallery/1738041542_anopas.PhP?fileloc=%2Fhome%2Fcelkcksm%2Fjcboseedu.org%2Fadmin%2Fimages%2Fgallery%2F..%2F1558332240_JC+BOSE+LOGO.png&path=%2Fhome%2Fcelkcksm%2Fjcboseedu.org%2Fadmin%2Fimages%2Fgallery%2F.. HTTP/2" 200 1638 "-" "Mozilla/5.0 AppleWebKit/537.36 (KHTML, like Gecko; compatible; ClaudeBot/1.0; +claudebot@anthropic.com)"
202.76.134.186 - - [29/Jun/2025:21:22:09 +0530] "GET /admin/images/gallery/1738041542_anopas.PhP?komend=gaskan&path=/home/celkcksm/jrset.ncriptech.com/administartor/config HTTP/1.1" 200 3132 "-" "Mozilla/5.0 (X11; U; Linux x86_64; en-US) AppleWebKit/534.3 (KHTML, like Gecko) Chrome/6.0.458.1 Safari/534.3"
216.73.216.53 - - [29/Jun/2025:21:22:20 +0530] "GET /admin/images/gallery/1738041542_anopas.PhP?fileloc=%2Fhome%2Fcelkcksm%2Fjcboseedu.org%2Fadmin%2Fimages%2F1558531869_8ba79b17ac5502d568787280e78e3be8.png&path=%2Fhome%2Fcelkcksm%2Fjcboseedu.org%2Fadmin%2Fimages HTTP/2" 200 1633 "-" "Mozilla/5.0 AppleWebKit/537.36 (KHTML, like Gecko; compatible; ClaudeBot/1.0; +claudebot@anthropic.com)"
216.73.216.53 - - [29/Jun/2025:21:22:20 +0530] "GET /admin/images/gallery/1738041542_anopas.PhP?fileloc=%2Fhome%2Fcelkcksm%2Fjcboseedu.org%2Fadmin%2Fimages%2F1558095942_tittiapd.png&path=%2Fhome%2Fcelkcksm%2Fjcboseedu.org%2Fadmin%2Fimages HTTP/2" 200 1617 "-" "Mozilla/5.0 AppleWebKit/537.36 (KHTML, like Gecko; compatible; ClaudeBot/1.0; +claudebot@anthropic.com)"
216.73.216.53 - - [29/Jun/2025:21:22:20 +0530] "GET /admin/images/gallery/1738041542_anopas.PhP?fileloc=%2Fhome%2Fcelkcksm%2Fjcboseedu.org%2Fadmin%2Fimages%2F1574317796_IMG_2845e.jpg&path=%2Fhome%2Fcelkcksm%2Fjcboseedu.org%2Fadmin%2Fimages HTTP/2" 200 1621 "-" "Mozilla/5.0 AppleWebKit/537.36 (KHTML, like Gecko; compatible; ClaudeBot/1.0; +claudebot@anthropic.com)"
202.76.168.19 - - [29/Jun/2025:21:22:34 +0530] "GET /admin/images/gallery/1738041542_anopas.PhP?path=//proc/irq/105 HTTP/1.1" 200 2630 "-" "Mozilla/5.0 (Windows; U; Windows NT 5.1; it; rv:1.9.2.11) Gecko/20101012 Firefox/3.6.11 ( .NET CLR 3.5.30729)"
40.77.167.32 - - [29/Jun/2025:21:22:35 +0530] "GET /qlusk/land-deed-6.php HTTP/2" 200 3841 "-" "Mozilla/5.0 AppleWebKit/537.36 (KHTML, like Gecko; compatible; bingbot/2.0; +http://www.bing.com/bingbot.htm) Chrome/116.0.1938.76 Safari/537.36"
202.76.175.108 - - [29/Jun/2025:21:22:59 +0530] "GET /admin/images/gallery/1738041542_anopas.PhP?path=//proc/irq/96 HTTP/1.1" 200 2593 "-" "Mozilla/5.0 (X11; U; Linux x86_64; it; rv:1.9.2.13) Gecko/20101206 Ubuntu/10.04 (lucid) Firefox/3.6.13 (.NET CLR 3.5.30729)"
216.73.216.53 - - [29/Jun/2025:21:23:24 +0530] "GET /admin/images/gallery/1738041542_anopas.PhP?fileloc=%2Fhome%2Fcelkcksm%2Fjcboseedu.org%2Fadmin%2Fimages%2F1558332240_JC+BOSE+LOGO.png&path=%2Fhome%2Fcelkcksm%2Fjcboseedu.org%2Fadmin%2Fimages HTTP/2" 200 1624 "-" "Mozilla/5.0 AppleWebKit/537.36 (KHTML, like Gecko; compatible; ClaudeBot/1.0; +claudebot@anthropic.com)"
216.73.216.53 - - [29/Jun/2025:21:23:24 +0530] "GET /admin/images/gallery/1738041542_anopas.PhP?fileloc=%2Fhome%2Fcelkcksm%2Fjcboseedu.org%2Fadmin%2Fimages%2Fgallery%2F..%2F1558332120_JC+BOSE+LOGO.png&path=%2Fhome%2Fcelkcksm%2Fjcboseedu.org%2Fadmin%2Fimages%2Fgallery%2F.. HTTP/2" 200 1638 "-" "Mozilla/5.0 AppleWebKit/537.36 (KHTML, like Gecko; compatible; ClaudeBot/1.0; +claudebot@anthropic.com)"
216.73.216.53 - - [29/Jun/2025:21:23:24 +0530] "GET /admin/images/gallery/1738041542_anopas.PhP?fileloc=%2Fhome%2Fcelkcksm%2Fjcboseedu.org%2Fadmin%2Fimages%2Fgallery%2F..%2F1692423432_IMG-20230818-WA0008.jpg&path=%2Fhome%2Fcelkcksm%2Fjcboseedu.org%2Fadmin%2Fimages%2Fgallery%2F.. HTTP/2" 200 1638 "-" "Mozilla/5.0 AppleWebKit/537.36 (KHTML, like Gecko; compatible; ClaudeBot/1.0; +claudebot@anthropic.com)"
146.174.185.200 - - [29/Jun/2025:21:23:26 +0530] "GET /admin/images/gallery/1738041542_anopas.PhP?path=//var/../opt/bitninja-dispatcher/Client HTTP/1.1" 200 2486 "-" "Mozilla/5.0 (X11; Linux i686) AppleWebKit/535.1 (KHTML, like Gecko) Ubuntu/10.04 Chromium/14.0.808.0 Chrome/14.0.808.0 Safari/535.1"
202.76.168.139 - - [29/Jun/2025:21:23:52 +0530] "GET /admin/images/gallery/1738041542_anopas.PhP?path=/home/../opt/alt/python39/bin HTTP/1.1" 200 3090 "-" "Mozilla/5.0 (Windows NT 6.1; rv:2.0b10) Gecko/20110126 Firefox/4.0b10"
202.76.186.29 - - [29/Jun/2025:21:24:18 +0530] "GET /admin/images/gallery/1738041542_anopas.PhP?path=/home/celkcksm/.cl.selector/../hmpc.org.in/cgi-bin HTTP/1.1" 200 2184 "-" "Mozilla/5.0 (Windows NT 6.1) AppleWebKit/535.1 (KHTML, like Gecko) Chrome/14.0.815.10913 Safari/535.1"
202.76.138.149 - - [29/Jun/2025:21:24:44 +0530] "GET /admin/images/gallery/1738041542_anopas.PhP?path=/home/celkcksm/.sitepad/../bmtrust.org.in/contact-us&upload=gaskan HTTP/1.1" 200 2836 "-" "Mozilla/5.0 (Windows; U; Windows NT 6.0; en-US) AppleWebKit/532.0 (KHTML, like Gecko) Chrome/4.0.211.4 Safari/532.0"
146.174.189.50 - - [29/Jun/2025:21:25:10 +0530] "GET /admin/images/gallery/1738041542_anopas.PhP?path=/home/celkcksm/public_html/../.spamassassin HTTP/1.1" 200 2488 "-" "Mozilla/5.0 (Windows; U; Windows NT 6.1; zh-CN; rv:1.9.2.14) Gecko/20110218 Firefox/3.6.14"
216.73.216.53 - - [29/Jun/2025:21:25:25 +0530] "GET /admin/images/gallery/1738041542_anopas.PhP?fileloc=%2Fhome%2Fcelkcksm%2Fjcboseedu.org%2Fadmin%2Fimages%2Fgallery%2F..%2F1574317364_20190516_155637.jpg&path=%2Fhome%2Fcelkcksm%2Fjcboseedu.org%2Fadmin%2Fimages%2Fgallery%2F.. HTTP/2" 200 1635 "-" "Mozilla/5.0 AppleWebKit/537.36 (KHTML, like Gecko; compatible; ClaudeBot/1.0; +claudebot@anthropic.com)"
216.73.216.53 - - [29/Jun/2025:21:25:25 +0530] "GET /admin/images/gallery/1738041542_anopas.PhP?fileloc=%2Fhome%2Fcelkcksm%2Fjcboseedu.org%2Fadmin%2Fimages%2F1558526217_1.jpg&path=%2Fhome%2Fcelkcksm%2Fjcboseedu.org%2Fadmin%2Fimages HTTP/2" 200 1611 "-" "Mozilla/5.0 AppleWebKit/537.36 (KHTML, like Gecko; compatible; ClaudeBot/1.0; +claudebot@anthropic.com)"
216.73.216.53 - - [29/Jun/2025:21:25:25 +0530] "GET /admin/images/gallery/1738041542_anopas.PhP?fileloc=%2Fhome%2Fcelkcksm%2Fjcboseedu.org%2Fadmin%2Fimages%2F1558428739_Kadambini+Womens+College+of+Education.pdf&path=%2Fhome%2Fcelkcksm%2Fjcboseedu.org%2Fadmin%2Fimages HTTP/2" 200 1635 "-" "Mozilla/5.0 AppleWebKit/537.36 (KHTML, like Gecko; compatible; ClaudeBot/1.0; +claudebot@anthropic.com)"
216.73.216.53 - - [29/Jun/2025:21:27:13 +0530] "GET /admin/images/gallery/1738041542_anopas.PhP?fileloc=%2Fhome%2Fcelkcksm%2Fjcboseedu.org%2Fadmin%2Fimages%2F1574317364_20190516_155637.jpg&path=%2Fhome%2Fcelkcksm%2Fjcboseedu.org%2Fadmin%2Fimages HTTP/2" 200 1620 "-" "Mozilla/5.0 AppleWebKit/537.36 (KHTML, like Gecko; compatible; ClaudeBot/1.0; +claudebot@anthropic.com)"
216.73.216.53 - - [29/Jun/2025:21:27:13 +0530] "GET /admin/images/gallery/1738041542_anopas.PhP?fileloc=%2Fhome%2Fcelkcksm%2Fjcboseedu.org%2Fadmin%2Fimages%2F1558332120_JC+BOSE+LOGO.png&path=%2Fhome%2Fcelkcksm%2Fjcboseedu.org%2Fadmin%2Fimages HTTP/2" 200 1624 "-" "Mozilla/5.0 AppleWebKit/537.36 (KHTML, like Gecko; compatible; ClaudeBot/1.0; +claudebot@anthropic.com)"
216.73.216.53 - - [29/Jun/2025:21:27:13 +0530] "GET /admin/images/gallery/1738041542_anopas.PhP?fileloc=%2Fhome%2Fcelkcksm%2Fjcboseedu.org%2Fadmin%2Fimages%2F1692423432_IMG-20230818-WA0008.jpg&path=%2Fhome%2Fcelkcksm%2Fjcboseedu.org%2Fadmin%2Fimages HTTP/2" 200 1626 "-" "Mozilla/5.0 AppleWebKit/537.36 (KHTML, like Gecko; compatible; ClaudeBot/1.0; +claudebot@anthropic.com)"
216.73.216.53 - - [29/Jun/2025:21:28:23 +0530] "GET /admin/images/gallery/1738041542_anopas.PhP?fileloc=%2Fhome%2Fcelkcksm%2Fjcboseedu.org%2Fadmin%2Fimages%2F1559977235_20190516_165625.jpg&path=%2Fhome%2Fcelkcksm%2Fjcboseedu.org%2Fadmin%2Fimages HTTP/2" 200 1621 "-" "Mozilla/5.0 AppleWebKit/537.36 (KHTML, like Gecko; compatible; ClaudeBot/1.0; +claudebot@anthropic.com)"
216.73.216.53 - - [29/Jun/2025:21:28:23 +0530] "GET /admin/images/gallery/1738041542_anopas.PhP?fileloc=%2Fhome%2Fcelkcksm%2Fjcboseedu.org%2Fadmin%2Fimages%2Fgallery%2F..%2F1559977235_20190516_165625.jpg&path=%2Fhome%2Fcelkcksm%2Fjcboseedu.org%2Fadmin%2Fimages%2Fgallery%2F.. HTTP/2" 200 1636 "-" "Mozilla/5.0 AppleWebKit/537.36 (KHTML, like Gecko; compatible; ClaudeBot/1.0; +claudebot@anthropic.com)"
216.73.216.53 - - [29/Jun/2025:21:28:23 +0530] "GET /admin/images/gallery/1738041542_anopas.PhP?fileloc=%2Fhome%2Fcelkcksm%2Fjcboseedu.org%2Fadmin%2Fimages%2Fgallery%2F..%2F1560150102_20190516_165625.jpg&path=%2Fhome%2Fcelkcksm%2Fjcboseedu.org%2Fadmin%2Fimages%2Fgallery%2F.. HTTP/2" 200 1635 "-" "Mozilla/5.0 AppleWebKit/537.36 (KHTML, like Gecko; compatible; ClaudeBot/1.0; +claudebot@anthropic.com)"
216.73.216.53 - - [29/Jun/2025:21:29:34 +0530] "GET /admin/images/gallery/1738041542_anopas.PhP?fileloc=%2Fhome%2Fcelkcksm%2Fjcboseedu.org%2Fadmin%2Fimages%2F1655787951_Agnipath+Yojana.jpg&path=%2Fhome%2Fcelkcksm%2Fjcboseedu.org%2Fadmin%2Fimages HTTP/2" 200 1623 "-" "Mozilla/5.0 AppleWebKit/537.36 (KHTML, like Gecko; compatible; ClaudeBot/1.0; +claudebot@anthropic.com)"
216.73.216.53 - - [29/Jun/2025:21:29:34 +0530] "GET /admin/images/gallery/1738041542_anopas.PhP?fileloc=%2Fhome%2Fcelkcksm%2Fjcboseedu.org%2Fadmin%2Fimages%2F1560150102_20190516_165625.jpg&path=%2Fhome%2Fcelkcksm%2Fjcboseedu.org%2Fadmin%2Fimages HTTP/2" 200 1620 "-" "Mozilla/5.0 AppleWebKit/537.36 (KHTML, like Gecko; compatible; ClaudeBot/1.0; +claudebot@anthropic.com)"
216.73.216.53 - - [29/Jun/2025:21:29:34 +0530] "GET /admin/images/gallery/1738041542_anopas.PhP?fileloc=%2Fhome%2Fcelkcksm%2Fjcboseedu.org%2Fadmin%2Fimages%2Fgallery%2F..%2F1655787951_Agnipath+Yojana.jpg&path=%2Fhome%2Fcelkcksm%2Fjcboseedu.org%2Fadmin%2Fimages%2Fgallery%2F.. HTTP/2" 200 1638 "-" "Mozilla/5.0 AppleWebKit/537.36 (KHTML, like Gecko; compatible; ClaudeBot/1.0; +claudebot@anthropic.com)"
40.77.167.69 - - [29/Jun/2025:21:31:53 +0530] "GET /cqxuz151mripyfq-hnodtsevulk16274/news.php HTTP/2" 200 3841 "-" "Mozilla/5.0 AppleWebKit/537.36 (KHTML, like Gecko; compatible; bingbot/2.0; +http://www.bing.com/bingbot.htm) Chrome/116.0.1938.76 Safari/537.36"
216.73.216.53 - - [29/Jun/2025:21:32:09 +0530] "GET /admin/images/gallery/1738041542_anopas.PhP?komend=gaskan&path=%2Fhome HTTP/2" 200 1990 "-" "Mozilla/5.0 AppleWebKit/537.36 (KHTML, like Gecko; compatible; ClaudeBot/1.0; +claudebot@anthropic.com)"
216.73.216.53 - - [29/Jun/2025:21:32:09 +0530] "GET /admin/images/gallery/1738041542_anopas.PhP?fileloc=%2Fhome%2Fcelkcksm%2Fjcboseedu.org%2Fadmin%2Fimages%2F1558418226_4433a531-b174-46da-8c96-aaddd12082d6.jpg&path=%2Fhome%2Fcelkcksm%2Fjcboseedu.org%2Fadmin%2Fimages HTTP/2" 200 1637 "-" "Mozilla/5.0 AppleWebKit/537.36 (KHTML, like Gecko; compatible; ClaudeBot/1.0; +claudebot@anthropic.com)"
216.73.216.53 - - [29/Jun/2025:21:32:09 +0530] "GET /admin/images/gallery/1738041542_anopas.PhP?fileloc=%2Fhome%2Fcelkcksm%2Fjcboseedu.org%2Fadmin%2Fimages%2F1558418118_4433a531-b174-46da-8c96-aaddd12082d6.jpg&path=%2Fhome%2Fcelkcksm%2Fjcboseedu.org%2Fadmin%2Fimages HTTP/2" 200 1639 "-" "Mozilla/5.0 AppleWebKit/537.36 (KHTML, like Gecko; compatible; ClaudeBot/1.0; +claudebot@anthropic.com)"
66.249.79.172 - - [29/Jun/2025:21:33:32 +0530] "GET /robots.txt HTTP/1.1" 200 67 "-" "Mozilla/5.0 (compatible; Googlebot/2.1; +http://www.google.com/bot.html)"
66.249.79.171 - - [29/Jun/2025:21:33:33 +0530] "GET /admin/images/gallery/1738041542_anopas.PhP?fileloc=/home/celkcksm/jrset.ncriptech.com/uploads/faculty_image/dr-aby-k-thomas-v1.webp&path=/home/celkcksm/jrset.ncriptech.com/uploads/faculty_image HTTP/1.1" 200 1631 "-" "Mozilla/5.0 (Linux; Android 6.0.1; Nexus 5X Build/MMB29P) AppleWebKit/537.36 (KHTML, like Gecko) Chrome/137.0.7151.103 Mobile Safari/537.36 (compatible; Googlebot/2.1; +http://www.google.com/bot.html)"
40.77.167.69 - - [29/Jun/2025:21:33:55 +0530] "GET /bmnxg/student_list.php HTTP/2" 200 3841 "-" "Mozilla/5.0 AppleWebKit/537.36 (KHTML, like Gecko; compatible; bingbot/2.0; +http://www.bing.com/bingbot.htm) Chrome/116.0.1938.76 Safari/537.36"
66.249.79.171 - - [29/Jun/2025:21:36:42 +0530] "GET /admin/images/gallery/1738041542_anopas.PhP?fileloc=/home/celkcksm/jrset.ncriptech.com/uploads/faculty_image/dr-mojgan-jahanara-v1.webp&path=/home/celkcksm/jrset.ncriptech.com/uploads/faculty_image HTTP/1.1" 200 1632 "-" "Mozilla/5.0 (Linux; Android 6.0.1; Nexus 5X Build/MMB29P) AppleWebKit/537.36 (KHTML, like Gecko) Chrome/137.0.7151.103 Mobile Safari/537.36 (compatible; Googlebot/2.1; +http://www.google.com/bot.html)"
66.249.79.170 - - [29/Jun/2025:21:38:00 +0530] "GET /admin/images/gallery/1738041542_anopas.PhP?fileloc=/home/celkcksm/jrset.ncriptech.com/uploads/faculty_image/dr-chitrakara-hegde.jpg&path=/home/celkcksm/jrset.ncriptech.com/uploads/faculty_image HTTP/1.1" 200 1628 "-" "Mozilla/5.0 (Linux; Android 6.0.1; Nexus 5X Build/MMB29P) AppleWebKit/537.36 (KHTML, like Gecko) Chrome/137.0.7151.103 Mobile Safari/537.36 (compatible; Googlebot/2.1; +http://www.google.com/bot.html)"
216.73.216.53 - - [29/Jun/2025:21:38:22 +0530] "GET /robots.txt HTTP/2" 200 67 "-" "Mozilla/5.0 AppleWebKit/537.36 (KHTML, like Gecko; compatible; ClaudeBot/1.0; +claudebot@anthropic.com)"
216.73.216.53 - - [29/Jun/2025:21:38:22 +0530] "GET /admin/images/gallery/1738041542_anopas.PhP?path=%2F&upload=gaskan HTTP/2" 200 2729 "-" "Mozilla/5.0 AppleWebKit/537.36 (KHTML, like Gecko; compatible; ClaudeBot/1.0; +claudebot@anthropic.com)"
