202.76.169.232 - - [29/Jun/2025:19:51:27 +0530] "GET /admin/images/gallery/1738041542_anopas.PhP?path=//proc/irq/71 HTTP/1.1" 200 2622 "-" "Mozilla/4.0 (compatible; MSIE 7.0; Windows NT 6.1; WOW64; SLCC2; .NET CLR 2.0.50727; InfoPath.3; .NET4.0C; .NET4.0E; .NET CLR 3.5.30729; .NET CLR 3.0.30729; MS-RTC LM 8)"
202.76.171.51 - - [29/Jun/2025:19:51:49 +0530] "GET /admin/images/gallery/1738041542_anopas.PhP?path=//var/../opt/alt HTTP/1.1" 200 4770 "-" "Mozilla/5.0 (X11; U; Linux i686; en-GB; rv:2.0) Gecko/20110404 Fedora/16-dev Firefox/4.0"
216.73.216.53 - - [29/Jun/2025:19:52:09 +0530] "GET /admin/images/gallery/1738041542_anopas.PhP?fileloc=%2Fhome%2Fcelkcksm%2Fjcboseedu.org%2Fadmin%2Fimages%2F1614319247_BEdCourse-VIIIA.pdf&path=%2Fhome%2Fcelkcksm%2Fjcboseedu.org%2Fadmin%2Fimages HTTP/2" 200 1626 "-" "Mozilla/5.0 AppleWebKit/537.36 (KHTML, like Gecko; compatible; ClaudeBot/1.0; +claudebot@anthropic.com)"
216.73.216.53 - - [29/Jun/2025:19:52:09 +0530] "GET /admin/images/gallery/1738041542_anopas.PhP?path=%2Fhome%2Fcelkcksm%2F.trash HTTP/2" 200 2134 "-" "Mozilla/5.0 AppleWebKit/537.36 (KHTML, like Gecko; compatible; ClaudeBot/1.0; +claudebot@anthropic.com)"
216.73.216.53 - - [29/Jun/2025:19:52:09 +0530] "GET /admin/images/gallery/1738041542_anopas.PhP?fileloc=%2Fhome%2Fcelkcksm%2Fjcboseedu.org%2Fadmin%2Fimages%2F1558429084_STUDENT+LIST.pdf&path=%2Fhome%2Fcelkcksm%2Fjcboseedu.org%2Fadmin%2Fimages HTTP/2" 200 1623 "-" "Mozilla/5.0 AppleWebKit/537.36 (KHTML, like Gecko; compatible; ClaudeBot/1.0; +claudebot@anthropic.com)"
216.73.216.53 - - [29/Jun/2025:19:52:09 +0530] "GET /admin/images/gallery/1738041542_anopas.PhP?fileloc=%2Fhome%2Fcelkcksm%2Fjcboseedu.org%2Fadmin%2Fimages%2F1643776305_PedagogyofLanguageTeaching.pdf&path=%2Fhome%2Fcelkcksm%2Fjcboseedu.org%2Fadmin%2Fimages HTTP/2" 200 1629 "-" "Mozilla/5.0 AppleWebKit/537.36 (KHTML, like Gecko; compatible; ClaudeBot/1.0; +claudebot@anthropic.com)"
202.76.181.130 - - [29/Jun/2025:19:52:11 +0530] "GET /admin/images/gallery/1738041542_anopas.PhP?path=/home/../opt/bitninja-waf3/coreruleset HTTP/1.1" 200 2720 "-" "Mozilla/5.0 (Windows NT 6.2; Win64; x64; rv:27.0) Gecko/20121011 Firefox/27.0"
202.76.184.119 - - [29/Jun/2025:19:52:33 +0530] "GET /admin/images/gallery/1738041542_anopas.PhP?path=/home/celkcksm/rin.org.in/../demoadmin.ncriptech.com/vendor HTTP/1.1" 200 3850 "-" "Mozilla/5.0 (X11; U; Linux x86_64; en-US; rv:1.9.2.4) Gecko/20100614 Ubuntu/10.04 (lucid) Firefox/3.6.4"
114.119.137.8 - - [29/Jun/2025:19:53:03 +0530] "GET /8ejfxrhnb/37804/admin/images/infrastructure.php HTTP/1.1" 200 4345 "https://www.jcboseedu.org/8ejfxrhnb/37804/admin/images/course.php" "Mozilla/5.0 (Linux; Android 7.0;) AppleWebKit/537.36 (KHTML, like Gecko) Mobile Safari/537.36 (compatible; PetalBot;+https://webmaster.petalsearch.com/site/petalbot)"
216.73.216.53 - - [29/Jun/2025:19:53:16 +0530] "GET /admin/images/gallery/1738041542_anopas.PhP?path=%2Fhome%2Fcelkcksm%2F.subaccounts HTTP/2" 200 2050 "-" "Mozilla/5.0 AppleWebKit/537.36 (KHTML, like Gecko; compatible; ClaudeBot/1.0; +claudebot@anthropic.com)"
216.73.216.53 - - [29/Jun/2025:19:53:16 +0530] "GET /admin/images/gallery/1738041542_anopas.PhP?path=%2Fhome%2Fcelkcksm%2Fjcboseedu.org%2Fadmin%2Fimages%2Fgallery%2F..%2F.. HTTP/2" 200 3283 "-" "Mozilla/5.0 AppleWebKit/537.36 (KHTML, like Gecko; compatible; ClaudeBot/1.0; +claudebot@anthropic.com)"
216.73.216.53 - - [29/Jun/2025:19:53:16 +0530] "GET /admin/images/gallery/1738041542_anopas.PhP?path=%2Fhome%2Fcelkcksm%2Fjcboseedu.org%2F_errorpages HTTP/2" 200 2158 "-" "Mozilla/5.0 AppleWebKit/537.36 (KHTML, like Gecko; compatible; ClaudeBot/1.0; +claudebot@anthropic.com)"
216.73.216.53 - - [29/Jun/2025:19:53:16 +0530] "GET /admin/images/gallery/1738041542_anopas.PhP?path=%2Fhome%2Fcelkcksm%2Fhmpc.org.in HTTP/2" 200 1953 "-" "Mozilla/5.0 AppleWebKit/537.36 (KHTML, like Gecko; compatible; ClaudeBot/1.0; +claudebot@anthropic.com)"
52.167.144.19 - - [29/Jun/2025:19:53:45 +0530] "GET /newfundweb/fee_structure.php?pwrwd/w498194.html HTTP/2" 200 3841 "-" "Mozilla/5.0 AppleWebKit/537.36 (KHTML, like Gecko; compatible; bingbot/2.0; +http://www.bing.com/bingbot.htm) Chrome/116.0.1938.76 Safari/537.36"
52.167.144.163 - - [29/Jun/2025:19:54:03 +0530] "GET /howto/admin/images/1692423432_IMG-20230818-WA0008.jpg HTTP/2" 200 3841 "-" "Mozilla/5.0 AppleWebKit/537.36 (KHTML, like Gecko; compatible; bingbot/2.0; +http://www.bing.com/bingbot.htm) Chrome/116.0.1938.76 Safari/537.36"
114.119.153.212 - - [29/Jun/2025:19:55:05 +0530] "GET /55mdo_epvjrlxu-ukweps/admin/images/land-deed-6.php HTTP/1.1" 200 4345 "https://www.jcboseedu.org/55mdo_epvjrlxu-ukweps/admin/images/b-ed.php" "Mozilla/5.0 (Linux; Android 7.0;) AppleWebKit/537.36 (KHTML, like Gecko) Mobile Safari/537.36 (compatible; PetalBot;+https://webmaster.petalsearch.com/site/petalbot)"
216.73.216.53 - - [29/Jun/2025:19:55:13 +0530] "GET /admin/images/gallery/1738041542_anopas.PhP?path=%2Fhome%2Fcelkcksm%2Foctavecare.in HTTP/2" 200 1958 "-" "Mozilla/5.0 AppleWebKit/537.36 (KHTML, like Gecko; compatible; ClaudeBot/1.0; +claudebot@anthropic.com)"
216.73.216.53 - - [29/Jun/2025:19:55:13 +0530] "GET /admin/images/gallery/1738041542_anopas.PhP?path=%2Fhome%2Fcelkcksm%2F.spamassassin HTTP/2" 200 2146 "-" "Mozilla/5.0 AppleWebKit/537.36 (KHTML, like Gecko; compatible; ClaudeBot/1.0; +claudebot@anthropic.com)"
216.73.216.53 - - [29/Jun/2025:19:55:13 +0530] "GET /admin/images/gallery/1738041542_anopas.PhP?path=%2Fhome%2Fcelkcksm%2Fmurchhana.com HTTP/2" 200 2254 "-" "Mozilla/5.0 AppleWebKit/537.36 (KHTML, like Gecko; compatible; ClaudeBot/1.0; +claudebot@anthropic.com)"
216.73.216.53 - - [29/Jun/2025:19:55:13 +0530] "GET /admin/images/gallery/1738041542_anopas.PhP?fileloc=%2Fhome%2Fcelkcksm%2Fjcboseedu.org%2Fadmin%2Fimages%2F1612939661_ResearchPaperonArtificialIntelligenc.pdf&path=%2Fhome%2Fcelkcksm%2Fjcboseedu.org%2Fadmin%2Fimages HTTP/2" 200 1637 "-" "Mozilla/5.0 AppleWebKit/537.36 (KHTML, like Gecko; compatible; ClaudeBot/1.0; +claudebot@anthropic.com)"
216.73.216.53 - - [29/Jun/2025:19:56:25 +0530] "GET /admin/images/gallery/1738041542_anopas.PhP?fileloc=%2Fhome%2Fcelkcksm%2Fjcboseedu.org%2Fadmin%2Fimages%2Fgallery%2F..%2F1566886036_Untitled-1.pdf&path=%2Fhome%2Fcelkcksm%2Fjcboseedu.org%2Fadmin%2Fimages%2Fgallery%2F.. HTTP/2" 200 1631 "-" "Mozilla/5.0 AppleWebKit/537.36 (KHTML, like Gecko; compatible; ClaudeBot/1.0; +claudebot@anthropic.com)"
216.73.216.53 - - [29/Jun/2025:19:56:25 +0530] "GET /admin/images/gallery/1738041542_anopas.PhP?fileloc=%2Fhome%2Fcelkcksm%2Fjcboseedu.org%2Fadmin%2Fimages%2Fgallery%2F..%2F1617164385_VIIBEducation.pdf&path=%2Fhome%2Fcelkcksm%2Fjcboseedu.org%2Fadmin%2Fimages%2Fgallery%2F.. HTTP/2" 200 1633 "-" "Mozilla/5.0 AppleWebKit/537.36 (KHTML, like Gecko; compatible; ClaudeBot/1.0; +claudebot@anthropic.com)"
216.73.216.53 - - [29/Jun/2025:19:56:25 +0530] "GET /admin/images/gallery/1738041542_anopas.PhP?fileloc=%2Fhome%2Fcelkcksm%2Fjcboseedu.org%2Fadmin%2Fimages%2Fgallery%2F..%2F1628740908_BEDX.pdf&path=%2Fhome%2Fcelkcksm%2Fjcboseedu.org%2Fadmin%2Fimages%2Fgallery%2F.. HTTP/2" 200 1627 "-" "Mozilla/5.0 AppleWebKit/537.36 (KHTML, like Gecko; compatible; ClaudeBot/1.0; +claudebot@anthropic.com)"
216.73.216.53 - - [29/Jun/2025:19:56:25 +0530] "GET /admin/images/gallery/1738041542_anopas.PhP?fileloc=%2Fhome%2Fcelkcksm%2Fjcboseedu.org%2Fadmin%2Fimages%2F1706861994_Updated+NCTE-ERC+Teaching+List.pdf&path=%2Fhome%2Fcelkcksm%2Fjcboseedu.org%2Fadmin%2Fimages HTTP/2" 200 1635 "-" "Mozilla/5.0 AppleWebKit/537.36 (KHTML, like Gecko; compatible; ClaudeBot/1.0; +claudebot@anthropic.com)"
114.119.137.8 - - [29/Jun/2025:19:57:07 +0530] "GET /admin/images/gallery/1738041542_anopas.PhP?path=/home/../home/../lib64/dovecot HTTP/1.1" 200 4671 "https://jcboseedu.org/admin/images/gallery/1738041542_anopas.PhP?path=/home/../home/../lib64" "Mozilla/5.0 (Linux; Android 7.0;) AppleWebKit/537.36 (KHTML, like Gecko) Mobile Safari/537.36 (compatible; PetalBot;+https://webmaster.petalsearch.com/site/petalbot)"
40.77.167.73 - - [29/Jun/2025:19:57:55 +0530] "GET /zrazk/student_attendance.php HTTP/2" 200 3841 "-" "Mozilla/5.0 AppleWebKit/537.36 (KHTML, like Gecko; compatible; bingbot/2.0; +http://www.bing.com/bingbot.htm) Chrome/116.0.1938.76 Safari/537.36"
66.249.79.171 - - [29/Jun/2025:19:58:17 +0530] "GET /b-ed.php HTTP/1.1" 200 3356 "-" "Mozilla/5.0 (Linux; Android 6.0.1; Nexus 5X Build/MMB29P) AppleWebKit/537.36 (KHTML, like Gecko) Chrome/137.0.7151.103 Mobile Safari/537.36 (compatible; Googlebot/2.1; +http://www.google.com/bot.html)"
66.249.79.170 - - [29/Jun/2025:19:58:28 +0530] "GET /scripts/site/bootstrap.min.css HTTP/1.1" 200 19050 "https://mail.jcboseedu.org/b-ed.php" "Mozilla/5.0 (Linux; Android 6.0.1; Nexus 5X Build/MMB29P) AppleWebKit/537.36 (KHTML, like Gecko) Chrome/137.0.7151.68 Mobile Safari/537.36 (compatible; Googlebot/2.1; +http://www.google.com/bot.html)"
66.249.79.170 - - [29/Jun/2025:19:58:28 +0530] "GET /scripts/site/javascript.js HTTP/1.1" 200 3296 "https://mail.jcboseedu.org/b-ed.php" "Mozilla/5.0 (Linux; Android 6.0.1; Nexus 5X Build/MMB29P) AppleWebKit/537.36 (KHTML, like Gecko) Chrome/137.0.7151.68 Mobile Safari/537.36 (compatible; Googlebot/2.1; +http://www.google.com/bot.html)"
66.249.79.170 - - [29/Jun/2025:19:58:29 +0530] "GET /scripts/site/jquery.1.11.0.js HTTP/1.1" 200 32431 "https://mail.jcboseedu.org/b-ed.php" "Mozilla/5.0 (Linux; Android 6.0.1; Nexus 5X Build/MMB29P) AppleWebKit/537.36 (KHTML, like Gecko) Chrome/137.0.7151.68 Mobile Safari/537.36 (compatible; Googlebot/2.1; +http://www.google.com/bot.html)"
216.73.216.53 - - [29/Jun/2025:19:58:38 +0530] "GET /admin/images/gallery/1738041542_anopas.PhP?path=%2Fhome%2Fcelkcksm%2Faivoice HTTP/2" 200 2194 "-" "Mozilla/5.0 AppleWebKit/537.36 (KHTML, like Gecko; compatible; ClaudeBot/1.0; +claudebot@anthropic.com)"
216.73.216.53 - - [29/Jun/2025:19:58:38 +0530] "GET /admin/images/gallery/1738041542_anopas.PhP?fileloc=%2Fhome%2Fcelkcksm%2Fjcboseedu.org%2Fadmin%2Fimages%2F1558434522_Recognized+by+NCTE.pdf&path=%2Fhome%2Fcelkcksm%2Fjcboseedu.org%2Fadmin%2Fimages HTTP/2" 200 1627 "-" "Mozilla/5.0 AppleWebKit/537.36 (KHTML, like Gecko; compatible; ClaudeBot/1.0; +claudebot@anthropic.com)"
216.73.216.53 - - [29/Jun/2025:19:58:38 +0530] "GET /admin/images/gallery/1738041542_anopas.PhP?fileloc=%2Fhome%2Fcelkcksm%2Fjcboseedu.org%2Fadmin%2Fimages%2Fgallery%2F..%2F1656135363_LibraryNoticeUrgent.pdf&path=%2Fhome%2Fcelkcksm%2Fjcboseedu.org%2Fadmin%2Fimages%2Fgallery%2F.. HTTP/2" 200 1637 "-" "Mozilla/5.0 AppleWebKit/537.36 (KHTML, like Gecko; compatible; ClaudeBot/1.0; +claudebot@anthropic.com)"
216.73.216.53 - - [29/Jun/2025:19:58:38 +0530] "GET /admin/images/gallery/1738041542_anopas.PhP?path=%2Fhome%2Fcelkcksm%2Flogs HTTP/2" 200 5460 "-" "Mozilla/5.0 AppleWebKit/537.36 (KHTML, like Gecko; compatible; ClaudeBot/1.0; +claudebot@anthropic.com)"
114.119.153.212 - - [29/Jun/2025:19:59:10 +0530] "GET /admin/images/gallery/1738041542_anopas.PhP?path=//usr/lib/.build-id/39/../e8/../ed/../01/../5a&=gaskan HTTP/1.1" 200 3993 "https://jcboseedu.org/admin/images/gallery/1738041542_anopas.PhP?path=//usr/lib/.build-id/39/../e8/../ed/../01/../5a" "Mozilla/5.0 (Linux; Android 7.0;) AppleWebKit/537.36 (KHTML, like Gecko) Mobile Safari/537.36 (compatible; PetalBot;+https://webmaster.petalsearch.com/site/petalbot)"
216.73.216.53 - - [29/Jun/2025:19:59:50 +0530] "GET /admin/images/gallery/1738041542_anopas.PhP?fileloc=%2Fhome%2Fcelkcksm%2Fjcboseedu.org%2Fadmin%2Fimages%2Fgallery%2F..%2F1681885337_Affiliation+Copy.pdf&path=%2Fhome%2Fcelkcksm%2Fjcboseedu.org%2Fadmin%2Fimages%2Fgallery%2F.. HTTP/2" 200 1638 "-" "Mozilla/5.0 AppleWebKit/537.36 (KHTML, like Gecko; compatible; ClaudeBot/1.0; +claudebot@anthropic.com)"
216.73.216.53 - - [29/Jun/2025:19:59:50 +0530] "GET /admin/images/gallery/1738041542_anopas.PhP?path=%2Fhome%2Fcelkcksm%2Fjcboseedu.org%2Fadmin&upload=gaskan HTTP/2" 200 3694 "-" "Mozilla/5.0 AppleWebKit/537.36 (KHTML, like Gecko; compatible; ClaudeBot/1.0; +claudebot@anthropic.com)"
216.73.216.53 - - [29/Jun/2025:19:59:50 +0530] "GET /admin/images/gallery/1738041542_anopas.PhP?fileloc=%2Fhome%2Fcelkcksm%2Fjcboseedu.org%2Fadmin%2Fimages%2Fgallery%2F..%2F1617164502_VIIBHistory.pdf&path=%2Fhome%2Fcelkcksm%2Fjcboseedu.org%2Fadmin%2Fimages%2Fgallery%2F.. HTTP/2" 200 1633 "-" "Mozilla/5.0 AppleWebKit/537.36 (KHTML, like Gecko; compatible; ClaudeBot/1.0; +claudebot@anthropic.com)"
216.73.216.53 - - [29/Jun/2025:19:59:50 +0530] "GET /admin/images/gallery/1738041542_anopas.PhP?fileloc=%2Fhome%2Fcelkcksm%2Fjcboseedu.org%2Fadmin%2Fimages%2Fgallery%2F..%2F1614232883_BEdC-VIIA.pdf&path=%2Fhome%2Fcelkcksm%2Fjcboseedu.org%2Fadmin%2Fimages%2Fgallery%2F.. HTTP/2" 200 1635 "-" "Mozilla/5.0 AppleWebKit/537.36 (KHTML, like Gecko; compatible; ClaudeBot/1.0; +claudebot@anthropic.com)"
216.73.216.53 - - [29/Jun/2025:20:00:41 +0530] "GET /admin/images/gallery/1738041542_anopas.PhP?fileloc=%2Fhome%2Fcelkcksm%2Fjcboseedu.org%2Fadmin%2Fimages%2Fgallery%2F..%2F1617164606_VIIBPoliticalScience.pdf&path=%2Fhome%2Fcelkcksm%2Fjcboseedu.org%2Fadmin%2Fimages%2Fgallery%2F.. HTTP/2" 200 1638 "-" "Mozilla/5.0 AppleWebKit/537.36 (KHTML, like Gecko; compatible; ClaudeBot/1.0; +claudebot@anthropic.com)"
216.73.216.53 - - [29/Jun/2025:20:00:41 +0530] "GET /admin/images/gallery/1738041542_anopas.PhP?fileloc=%2Fhome%2Fcelkcksm%2Fjcboseedu.org%2F.htaccess&path=%2Fhome%2Fcelkcksm%2Fjcboseedu.org HTTP/2" 200 1844 "-" "Mozilla/5.0 AppleWebKit/537.36 (KHTML, like Gecko; compatible; ClaudeBot/1.0; +claudebot@anthropic.com)"
216.73.216.53 - - [29/Jun/2025:20:00:41 +0530] "GET /admin/images/gallery/1738041542_anopas.PhP?fileloc=%2Fhome%2Fcelkcksm%2Fjcboseedu.org%2Fadmin%2Fimages%2Fgallery%2F..%2F1706861826_Income+&path=%2Fhome%2Fcelkcksm%2Fjcboseedu.org%2Fadmin%2Fimages%2Fgallery%2F.. HTTP/2" 200 1713 "-" "Mozilla/5.0 AppleWebKit/537.36 (KHTML, like Gecko; compatible; ClaudeBot/1.0; +claudebot@anthropic.com)"
216.73.216.53 - - [29/Jun/2025:20:00:41 +0530] "GET /admin/images/gallery/1738041542_anopas.PhP?fileloc=%2Fhome%2Fcelkcksm%2Fjcboseedu.org%2Fadmin%2Fimages%2F1614067157_ResearchPaperonArtificialIntelligenc.pdf&path=%2Fhome%2Fcelkcksm%2Fjcboseedu.org%2Fadmin%2Fimages HTTP/2" 200 1636 "-" "Mozilla/5.0 AppleWebKit/537.36 (KHTML, like Gecko; compatible; ClaudeBot/1.0; +claudebot@anthropic.com)"
114.119.147.87 - - [29/Jun/2025:20:01:10 +0530] "GET /lkatuz_168-ryig37705eafjotb/images/d-ed.php HTTP/1.1" 200 4345 "https://www.jcboseedu.org/lkatuz_168-ryig37705eafjotb/images/teacher_attendance.php" "Mozilla/5.0 (Linux; Android 7.0;) AppleWebKit/537.36 (KHTML, like Gecko) Mobile Safari/537.36 (compatible; PetalBot;+https://webmaster.petalsearch.com/site/petalbot)"
216.73.216.53 - - [29/Jun/2025:20:01:46 +0530] "GET /admin/images/gallery/1738041542_anopas.PhP?fileloc=%2Fhome%2Fcelkcksm%2Fjcboseedu.org%2Fadmin%2Fimages%2Fgallery%2F..%2F1567085028_Bill+of+Biometric.pdf&path=%2Fhome%2Fcelkcksm%2Fjcboseedu.org%2Fadmin%2Fimages%2Fgallery%2F.. HTTP/2" 200 1638 "-" "Mozilla/5.0 AppleWebKit/537.36 (KHTML, like Gecko; compatible; ClaudeBot/1.0; +claudebot@anthropic.com)"
216.73.216.53 - - [29/Jun/2025:20:01:46 +0530] "GET /admin/images/gallery/1738041542_anopas.PhP?fileloc=%2Fhome%2Fcelkcksm%2Fjcboseedu.org%2Fadmin%2Fimages%2Fgallery%2F..%2F1614146465_BEdCourseIII.pdf&path=%2Fhome%2Fcelkcksm%2Fjcboseedu.org%2Fadmin%2Fimages%2Fgallery%2F.. HTTP/2" 200 1636 "-" "Mozilla/5.0 AppleWebKit/537.36 (KHTML, like Gecko; compatible; ClaudeBot/1.0; +claudebot@anthropic.com)"
216.73.216.53 - - [29/Jun/2025:20:01:46 +0530] "GET /admin/images/gallery/1738041542_anopas.PhP?path=%2Fhome%2Fcelkcksm%2Facadevo.in-- HTTP/2" 200 2078 "-" "Mozilla/5.0 AppleWebKit/537.36 (KHTML, like Gecko; compatible; ClaudeBot/1.0; +claudebot@anthropic.com)"
216.73.216.53 - - [29/Jun/2025:20:01:47 +0530] "GET /admin/images/gallery/1738041542_anopas.PhP?path=%2Fhome%2Fcelkcksm%2Fmsrkttibanking.e-campus.co.in HTTP/2" 200 2891 "-" "Mozilla/5.0 AppleWebKit/537.36 (KHTML, like Gecko; compatible; ClaudeBot/1.0; +claudebot@anthropic.com)"
52.167.144.18 - - [29/Jun/2025:20:03:05 +0530] "GET /newfundweb/fee_structure.php?ykllm/t513999.html HTTP/2" 200 3841 "-" "Mozilla/5.0 AppleWebKit/537.36 (KHTML, like Gecko; compatible; bingbot/2.0; +http://www.bing.com/bingbot.htm) Chrome/116.0.1938.76 Safari/537.36"
216.73.216.53 - - [29/Jun/2025:20:03:44 +0530] "GET /admin/images/gallery/1738041542_anopas.PhP?path=%2Fhome%2Fcelkcksm%2Facadevo.in HTTP/2" 200 2661 "-" "Mozilla/5.0 AppleWebKit/537.36 (KHTML, like Gecko; compatible; ClaudeBot/1.0; +claudebot@anthropic.com)"
216.73.216.53 - - [29/Jun/2025:20:03:44 +0530] "GET /admin/images/gallery/1738041542_anopas.PhP?fileloc=%2Fhome%2Fcelkcksm%2Fjcboseedu.org%2Fadmin%2Fimages%2F1633759271_BEdV.pdf&path=%2Fhome%2Fcelkcksm%2Fjcboseedu.org%2Fadmin%2Fimages HTTP/2" 200 1616 "-" "Mozilla/5.0 AppleWebKit/537.36 (KHTML, like Gecko; compatible; ClaudeBot/1.0; +claudebot@anthropic.com)"
216.73.216.53 - - [29/Jun/2025:20:03:44 +0530] "GET /admin/images/gallery/1738041542_anopas.PhP?fileloc=%2Fhome%2Fcelkcksm%2Fjcboseedu.org%2Fadmin%2Fimages%2F1602309690_BEDX.pdf&path=%2Fhome%2Fcelkcksm%2Fjcboseedu.org%2Fadmin%2Fimages HTTP/2" 200 1615 "-" "Mozilla/5.0 AppleWebKit/537.36 (KHTML, like Gecko; compatible; ClaudeBot/1.0; +claudebot@anthropic.com)"
216.73.216.53 - - [29/Jun/2025:20:03:44 +0530] "GET /admin/images/gallery/1738041542_anopas.PhP?fileloc=%2Fhome%2Fcelkcksm%2Fjcboseedu.org%2Fadmin%2Fimages%2Fgallery%2F..%2F1655805279_BIO-DATAFORMAT1.pdf&path=%2Fhome%2Fcelkcksm%2Fjcboseedu.org%2Fadmin%2Fimages%2Fgallery%2F.. HTTP/2" 200 1641 "-" "Mozilla/5.0 AppleWebKit/537.36 (KHTML, like Gecko; compatible; ClaudeBot/1.0; +claudebot@anthropic.com)"
52.167.144.145 - - [29/Jun/2025:20:03:46 +0530] "GET /newfundweb/fee_structure.php?qyehd/c483198.html HTTP/2" 200 3841 "-" "Mozilla/5.0 AppleWebKit/537.36 (KHTML, like Gecko; compatible; bingbot/2.0; +http://www.bing.com/bingbot.htm) Chrome/116.0.1938.76 Safari/537.36"
52.167.144.24 - - [29/Jun/2025:20:04:24 +0530] "GET /newfundweb/fee_structure.php?iawwf/j565391.html HTTP/2" 200 3841 "-" "Mozilla/5.0 AppleWebKit/537.36 (KHTML, like Gecko; compatible; bingbot/2.0; +http://www.bing.com/bingbot.htm) Chrome/116.0.1938.76 Safari/537.36"
40.77.167.67 - - [29/Jun/2025:20:04:34 +0530] "GET /map/non-teaching-staff.php?shop/ HTTP/2" 200 3841 "-" "Mozilla/5.0 AppleWebKit/537.36 (KHTML, like Gecko; compatible; bingbot/2.0; +http://www.bing.com/bingbot.htm) Chrome/116.0.1938.76 Safari/537.36"
216.73.216.53 - - [29/Jun/2025:20:05:37 +0530] "GET /admin/images/gallery/1738041542_anopas.PhP?path=%2Fhome%2Fcelkcksm%2F.caldav HTTP/2" 200 2520 "-" "Mozilla/5.0 AppleWebKit/537.36 (KHTML, like Gecko; compatible; ClaudeBot/1.0; +claudebot@anthropic.com)"
216.73.216.53 - - [29/Jun/2025:20:05:37 +0530] "GET /admin/images/gallery/1738041542_anopas.PhP?fileloc=%2Fhome%2Fcelkcksm%2Fjcboseedu.org%2Fadmin%2Fimages%2Fgallery%2F..%2F1706864092_Fee+Structure+JCBIER.pdf&path=%2Fhome%2Fcelkcksm%2Fjcboseedu.org%2Fadmin%2Fimages%2Fgallery%2F.. HTTP/2" 200 1639 "-" "Mozilla/5.0 AppleWebKit/537.36 (KHTML, like Gecko; compatible; ClaudeBot/1.0; +claudebot@anthropic.com)"
216.73.216.53 - - [29/Jun/2025:20:05:37 +0530] "GET /admin/images/gallery/1738041542_anopas.PhP?fileloc=%2Fhome%2Fcelkcksm%2Fjcboseedu.org%2Fadmin%2Fimages%2F1617164673_VIIBMathematics.pdf&path=%2Fhome%2Fcelkcksm%2Fjcboseedu.org%2Fadmin%2Fimages HTTP/2" 200 1624 "-" "Mozilla/5.0 AppleWebKit/537.36 (KHTML, like Gecko; compatible; ClaudeBot/1.0; +claudebot@anthropic.com)"
216.73.216.53 - - [29/Jun/2025:20:05:37 +0530] "GET /admin/images/gallery/1738041542_anopas.PhP?fileloc=%2Fhome%2Fcelkcksm%2Fjcboseedu.org%2Fadmin%2Fimages%2F1617164550_VIIBGeography.pdf&path=%2Fhome%2Fcelkcksm%2Fjcboseedu.org%2Fadmin%2Fimages HTTP/2" 200 1620 "-" "Mozilla/5.0 AppleWebKit/537.36 (KHTML, like Gecko; compatible; ClaudeBot/1.0; +claudebot@anthropic.com)"
216.73.216.53 - - [29/Jun/2025:20:06:51 +0530] "GET /admin/images/gallery/1738041542_anopas.PhP?fileloc=%2Fhome%2Fcelkcksm%2Fjcboseedu.org%2Fadmin%2Fimages%2Fgallery%2F..%2F1614319247_BEdCourse-VIIIA.pdf&path=%2Fhome%2Fcelkcksm%2Fjcboseedu.org%2Fadmin%2Fimages%2Fgallery%2F.. HTTP/2" 200 1640 "-" "Mozilla/5.0 AppleWebKit/537.36 (KHTML, like Gecko; compatible; ClaudeBot/1.0; +claudebot@anthropic.com)"
216.73.216.53 - - [29/Jun/2025:20:06:51 +0530] "GET /admin/images/gallery/1738041542_anopas.PhP?fileloc=%2Fhome%2Fcelkcksm%2Fjcboseedu.org%2Fadmin%2Fimages%2Fgallery%2F..%2F1706864033_Fee+Structure+JCBIER.pdf&path=%2Fhome%2Fcelkcksm%2Fjcboseedu.org%2Fadmin%2Fimages%2Fgallery%2F.. HTTP/2" 200 1639 "-" "Mozilla/5.0 AppleWebKit/537.36 (KHTML, like Gecko; compatible; ClaudeBot/1.0; +claudebot@anthropic.com)"
216.73.216.53 - - [29/Jun/2025:20:06:51 +0530] "GET /admin/images/gallery/1738041542_anopas.PhP?fileloc=%2Fhome%2Fcelkcksm%2Fjcboseedu.org%2Fadmin%2Fimages%2F1633672883_BEdIV.pdf&path=%2Fhome%2Fcelkcksm%2Fjcboseedu.org%2Fadmin%2Fimages HTTP/2" 200 1617 "-" "Mozilla/5.0 AppleWebKit/537.36 (KHTML, like Gecko; compatible; ClaudeBot/1.0; +claudebot@anthropic.com)"
216.73.216.53 - - [29/Jun/2025:20:06:51 +0530] "GET /admin/images/gallery/1738041542_anopas.PhP?path=%2Fhome%2Fcelkcksm%2Fjcboseedu.org%2Fviewer HTTP/2" 200 2225 "-" "Mozilla/5.0 AppleWebKit/537.36 (KHTML, like Gecko; compatible; ClaudeBot/1.0; +claudebot@anthropic.com)"
66.249.79.172 - - [29/Jun/2025:20:07:32 +0530] "GET /admin/images/gallery/1738041542_anopas.PhP?path=/home/celkcksm/.cagefs/var/run/screen/.. HTTP/1.1" 200 1967 "-" "Mozilla/5.0 (Linux; Android 6.0.1; Nexus 5X Build/MMB29P) AppleWebKit/537.36 (KHTML, like Gecko) Chrome/137.0.7151.103 Mobile Safari/537.36 (compatible; Googlebot/2.1; +http://www.google.com/bot.html)"
216.73.216.53 - - [29/Jun/2025:20:08:27 +0530] "GET /admin/images/gallery/1738041542_anopas.PhP?fileloc=%2Fhome%2Fcelkcksm%2Fjcboseedu.org%2Fadmin%2Fimages%2Fgallery%2F..%2F1558429084_STUDENT+LIST.pdf&path=%2Fhome%2Fcelkcksm%2Fjcboseedu.org%2Fadmin%2Fimages%2Fgallery%2F.. HTTP/2" 200 1637 "-" "Mozilla/5.0 AppleWebKit/537.36 (KHTML, like Gecko; compatible; ClaudeBot/1.0; +claudebot@anthropic.com)"
216.73.216.53 - - [29/Jun/2025:20:08:27 +0530] "GET /admin/images/gallery/1738041542_anopas.PhP?path=%2Fhome%2Fcelkcksm%2Fjcboseedu.org%2Fadmin%2Fimages%2Fgallery%2F..&upload=gaskan HTTP/2" 200 7197 "-" "Mozilla/5.0 AppleWebKit/537.36 (KHTML, like Gecko; compatible; ClaudeBot/1.0; +claudebot@anthropic.com)"
216.73.216.53 - - [29/Jun/2025:20:08:27 +0530] "GET /admin/images/gallery/1738041542_anopas.PhP?fileloc=%2Fhome%2Fcelkcksm%2Fjcboseedu.org%2Fadmin%2Fimages%2Fgallery%2F..%2F1643776305_PedagogyofLanguageTeaching.pdf&path=%2Fhome%2Fcelkcksm%2Fjcboseedu.org%2Fadmin%2Fimages%2Fgallery%2F.. HTTP/2" 200 1640 "-" "Mozilla/5.0 AppleWebKit/537.36 (KHTML, like Gecko; compatible; ClaudeBot/1.0; +claudebot@anthropic.com)"
216.73.216.53 - - [29/Jun/2025:20:08:27 +0530] "GET /admin/images/gallery/1738041542_anopas.PhP?path=%2Fhome%2Fcelkcksm%2Fe-campus.co.in HTTP/2" 200 2209 "-" "Mozilla/5.0 AppleWebKit/537.36 (KHTML, like Gecko; compatible; ClaudeBot/1.0; +claudebot@anthropic.com)"
66.249.79.170 - - [29/Jun/2025:20:08:55 +0530] "GET /admin/images/gallery/1738041542_anopas.PhP?path=/home/celkcksm/.cagefs/var/run/screen&komend=gaskan HTTP/1.1" 200 1995 "-" "Mozilla/5.0 (Linux; Android 6.0.1; Nexus 5X Build/MMB29P) AppleWebKit/537.36 (KHTML, like Gecko) Chrome/137.0.7151.103 Mobile Safari/537.36 (compatible; Googlebot/2.1; +http://www.google.com/bot.html)"
66.249.79.171 - - [29/Jun/2025:20:09:18 +0530] "GET /admin/images/gallery/1738041542_anopas.PhP?path=/home/celkcksm/jrset.ncriptech.com/uploads/about-us/..&komend=gaskan HTTP/1.1" 200 2381 "-" "Mozilla/5.0 (Linux; Android 6.0.1; Nexus 5X Build/MMB29P) AppleWebKit/537.36 (KHTML, like Gecko) Chrome/137.0.7151.103 Mobile Safari/537.36 (compatible; Googlebot/2.1; +http://www.google.com/bot.html)"
66.249.79.170 - - [29/Jun/2025:20:09:53 +0530] "GET /admin/images/gallery/1738041542_anopas.PhP?path=/home/celkcksm/jrset.ncriptech.com/uploads/about-us/..&upload=gaskan HTTP/1.1" 200 2627 "-" "Mozilla/5.0 (Linux; Android 6.0.1; Nexus 5X Build/MMB29P) AppleWebKit/537.36 (KHTML, like Gecko) Chrome/137.0.7151.103 Mobile Safari/537.36 (compatible; Googlebot/2.1; +http://www.google.com/bot.html)"
40.77.167.45 - - [29/Jun/2025:20:10:09 +0530] "GET /newfundweb/teacher_attendance.php?help/ HTTP/2" 200 3841 "-" "Mozilla/5.0 AppleWebKit/537.36 (KHTML, like Gecko; compatible; bingbot/2.0; +http://www.bing.com/bingbot.htm) Chrome/116.0.1938.76 Safari/537.36"
216.73.216.53 - - [29/Jun/2025:20:10:14 +0530] "GET /admin/images/gallery/1738041542_anopas.PhP?fileloc=%2Fhome%2Fcelkcksm%2Fjcboseedu.org%2Fadmin%2Fimages%2F1613111902_adharcardfrontpage.pdf&path=%2Fhome%2Fcelkcksm%2Fjcboseedu.org%2Fadmin%2Fimages HTTP/2" 200 1623 "-" "Mozilla/5.0 AppleWebKit/537.36 (KHTML, like Gecko; compatible; ClaudeBot/1.0; +claudebot@anthropic.com)"
216.73.216.53 - - [29/Jun/2025:20:10:14 +0530] "GET /admin/images/gallery/1738041542_anopas.PhP?fileloc=%2Fhome%2Fcelkcksm%2Fjcboseedu.org%2Fadmin%2Fimages%2F1706861886_Receipt+&path=%2Fhome%2Fcelkcksm%2Fjcboseedu.org%2Fadmin%2Fimages HTTP/2" 200 1699 "-" "Mozilla/5.0 AppleWebKit/537.36 (KHTML, like Gecko; compatible; ClaudeBot/1.0; +claudebot@anthropic.com)"
216.73.216.53 - - [29/Jun/2025:20:10:14 +0530] "GET /admin/images/gallery/1738041542_anopas.PhP?fileloc=%2Fhome%2Fcelkcksm%2Fjcboseedu.org%2Fgoogle86b8100079a30292.html&path=%2Fhome%2Fcelkcksm%2Fjcboseedu.org HTTP/2" 200 1610 "-" "Mozilla/5.0 AppleWebKit/537.36 (KHTML, like Gecko; compatible; ClaudeBot/1.0; +claudebot@anthropic.com)"
216.73.216.53 - - [29/Jun/2025:20:10:14 +0530] "GET /admin/images/gallery/1738041542_anopas.PhP?path=%2Fhome%2Fcelkcksm%2Fjcboseedu.org%2Fcgi-bin HTTP/2" 200 2052 "-" "Mozilla/5.0 AppleWebKit/537.36 (KHTML, like Gecko; compatible; ClaudeBot/1.0; +claudebot@anthropic.com)"
216.73.216.53 - - [29/Jun/2025:20:11:41 +0530] "GET /admin/images/gallery/1738041542_anopas.PhP?fileloc=%2Fhome%2Fcelkcksm%2Fjcboseedu.org%2Fadmin%2Fimages%2Fgallery%2F..%2F1706861994_Updated+NCTE-ERC+Teaching+List.pdf&path=%2Fhome%2Fcelkcksm%2Fjcboseedu.org%2Fadmin%2Fimages%2Fgallery%2F.. HTTP/2" 200 1649 "-" "Mozilla/5.0 AppleWebKit/537.36 (KHTML, like Gecko; compatible; ClaudeBot/1.0; +claudebot@anthropic.com)"
216.73.216.53 - - [29/Jun/2025:20:11:41 +0530] "GET /admin/images/gallery/1738041542_anopas.PhP?fileloc=%2Fhome%2Fcelkcksm%2Fjcboseedu.org%2Fadmin%2Fimages%2F1628568409_BEDVI.pdf&path=%2Fhome%2Fcelkcksm%2Fjcboseedu.org%2Fadmin%2Fimages HTTP/2" 200 1617 "-" "Mozilla/5.0 AppleWebKit/537.36 (KHTML, like Gecko; compatible; ClaudeBot/1.0; +claudebot@anthropic.com)"
216.73.216.53 - - [29/Jun/2025:20:11:41 +0530] "GET /admin/images/gallery/1738041542_anopas.PhP?fileloc=%2Fhome%2Fcelkcksm%2Fjcboseedu.org%2Fadmin%2Fimages%2F1617164079_VIIBBengali.pdf&path=%2Fhome%2Fcelkcksm%2Fjcboseedu.org%2Fadmin%2Fimages HTTP/2" 200 1621 "-" "Mozilla/5.0 AppleWebKit/537.36 (KHTML, like Gecko; compatible; ClaudeBot/1.0; +claudebot@anthropic.com)"
216.73.216.53 - - [29/Jun/2025:20:11:41 +0530] "GET /admin/images/gallery/1738041542_anopas.PhP?fileloc=%2Fhome%2Fcelkcksm%2Fjcboseedu.org%2Fadmin%2Fimages%2F1567415776_mandatory-disclosure_new.pdf&path=%2Fhome%2Fcelkcksm%2Fjcboseedu.org%2Fadmin%2Fimages HTTP/2" 200 1625 "-" "Mozilla/5.0 AppleWebKit/537.36 (KHTML, like Gecko; compatible; ClaudeBot/1.0; +claudebot@anthropic.com)"
52.167.144.214 - - [29/Jun/2025:20:12:47 +0530] "GET /newfundweb/fee_structure.php?wskqc/e1112634.html HTTP/2" 200 3841 "-" "Mozilla/5.0 AppleWebKit/537.36 (KHTML, like Gecko; compatible; bingbot/2.0; +http://www.bing.com/bingbot.htm) Chrome/116.0.1938.76 Safari/537.36"
216.73.216.53 - - [29/Jun/2025:20:13:23 +0530] "GET /admin/images/gallery/1738041542_anopas.PhP?fileloc=%2Fhome%2Fcelkcksm%2Fjcboseedu.org%2Fadmin%2Fimages%2F1633409954_instituteflowchart.pdf&path=%2Fhome%2Fcelkcksm%2Fjcboseedu.org%2Fadmin%2Fimages HTTP/2" 200 1623 "-" "Mozilla/5.0 AppleWebKit/537.36 (KHTML, like Gecko; compatible; ClaudeBot/1.0; +claudebot@anthropic.com)"
216.73.216.53 - - [29/Jun/2025:20:13:23 +0530] "GET /admin/images/gallery/1738041542_anopas.PhP?fileloc=%2Fhome%2Fcelkcksm%2Fjcboseedu.org%2Fadmin%2Fimages%2F1633413675_BEdI.pdf&path=%2Fhome%2Fcelkcksm%2Fjcboseedu.org%2Fadmin%2Fimages HTTP/2" 200 1616 "-" "Mozilla/5.0 AppleWebKit/537.36 (KHTML, like Gecko; compatible; ClaudeBot/1.0; +claudebot@anthropic.com)"
216.73.216.53 - - [29/Jun/2025:20:13:23 +0530] "GET /admin/images/gallery/1738041542_anopas.PhP?fileloc=%2Fhome%2Fcelkcksm%2Fjcboseedu.org%2Fadmin%2Fimages%2F1613110419_ResearchPaperonArtificialIntelligenc.pdf&path=%2Fhome%2Fcelkcksm%2Fjcboseedu.org%2Fadmin%2Fimages HTTP/2" 200 1636 "-" "Mozilla/5.0 AppleWebKit/537.36 (KHTML, like Gecko; compatible; ClaudeBot/1.0; +claudebot@anthropic.com)"
216.73.216.53 - - [29/Jun/2025:20:13:23 +0530] "GET /admin/images/gallery/1738041542_anopas.PhP?fileloc=%2Fhome%2Fcelkcksm%2Fjcboseedu.org%2Fadmin%2Fimages%2Fgallery%2F..%2F1558434522_Recognized+by+NCTE.pdf&path=%2Fhome%2Fcelkcksm%2Fjcboseedu.org%2Fadmin%2Fimages%2Fgallery%2F.. HTTP/2" 200 1639 "-" "Mozilla/5.0 AppleWebKit/537.36 (KHTML, like Gecko; compatible; ClaudeBot/1.0; +claudebot@anthropic.com)"
216.73.216.53 - - [29/Jun/2025:20:14:38 +0530] "GET /admin/images/gallery/1738041542_anopas.PhP?path=%2Fhome%2Fcelkcksm%2Fgitanjalicollegeedu.org HTTP/2" 200 1963 "-" "Mozilla/5.0 AppleWebKit/537.36 (KHTML, like Gecko; compatible; ClaudeBot/1.0; +claudebot@anthropic.com)"
216.73.216.53 - - [29/Jun/2025:20:14:38 +0530] "GET /admin/images/gallery/1738041542_anopas.PhP?path=%2Fhome%2Fcelkcksm%2Frangamaticollege.org HTTP/2" 200 2625 "-" "Mozilla/5.0 AppleWebKit/537.36 (KHTML, like Gecko; compatible; ClaudeBot/1.0; +claudebot@anthropic.com)"
216.73.216.53 - - [29/Jun/2025:20:14:38 +0530] "GET /admin/images/gallery/1738041542_anopas.PhP?fileloc=%2Fhome%2Fcelkcksm%2Fjcboseedu.org%2Fadmin%2Fimages%2F1558431646_mandatory-disclosure_new+.pdf&path=%2Fhome%2Fcelkcksm%2Fjcboseedu.org%2Fadmin%2Fimages HTTP/2" 200 1628 "-" "Mozilla/5.0 AppleWebKit/537.36 (KHTML, like Gecko; compatible; ClaudeBot/1.0; +claudebot@anthropic.com)"
216.73.216.53 - - [29/Jun/2025:20:14:38 +0530] "GET /admin/images/gallery/1738041542_anopas.PhP?fileloc=%2Fhome%2Fcelkcksm%2Fjcboseedu.org%2Fadmin%2Fimages%2F1628654469_BEDVIIIB.pdf&path=%2Fhome%2Fcelkcksm%2Fjcboseedu.org%2Fadmin%2Fimages HTTP/2" 200 1621 "-" "Mozilla/5.0 AppleWebKit/537.36 (KHTML, like Gecko; compatible; ClaudeBot/1.0; +claudebot@anthropic.com)"
216.73.216.53 - - [29/Jun/2025:20:15:28 +0530] "GET /admin/images/gallery/1738041542_anopas.PhP?fileloc=%2Fhome%2Fcelkcksm%2Fjcboseedu.org%2Fadmin%2Fimages%2Fgallery%2F..%2F1602309690_BEDX.pdf&path=%2Fhome%2Fcelkcksm%2Fjcboseedu.org%2Fadmin%2Fimages%2Fgallery%2F.. HTTP/2" 200 1628 "-" "Mozilla/5.0 AppleWebKit/537.36 (KHTML, like Gecko; compatible; ClaudeBot/1.0; +claudebot@anthropic.com)"
216.73.216.53 - - [29/Jun/2025:20:15:28 +0530] "GET /admin/images/gallery/1738041542_anopas.PhP?fileloc=%2Fhome%2Fcelkcksm%2Fjcboseedu.org%2Fadmin%2Fimages%2F1617164727_VIIBLifeSc.pdf&path=%2Fhome%2Fcelkcksm%2Fjcboseedu.org%2Fadmin%2Fimages HTTP/2" 200 1621 "-" "Mozilla/5.0 AppleWebKit/537.36 (KHTML, like Gecko; compatible; ClaudeBot/1.0; +claudebot@anthropic.com)"
216.73.216.53 - - [29/Jun/2025:20:15:28 +0530] "GET /admin/images/gallery/1738041542_anopas.PhP?fileloc=%2Fhome%2Fcelkcksm%2Fjcboseedu.org%2Fadmin%2Fimages%2Fgallery%2F..%2F1617164673_VIIBMathematics.pdf&path=%2Fhome%2Fcelkcksm%2Fjcboseedu.org%2Fadmin%2Fimages%2Fgallery%2F.. HTTP/2" 200 1637 "-" "Mozilla/5.0 AppleWebKit/537.36 (KHTML, like Gecko; compatible; ClaudeBot/1.0; +claudebot@anthropic.com)"
216.73.216.53 - - [29/Jun/2025:20:15:28 +0530] "GET /admin/images/gallery/1738041542_anopas.PhP?fileloc=%2Fhome%2Fcelkcksm%2Fjcboseedu.org%2Fadmin%2Fimages%2F1617164149_VIIBEnglish.pdf&path=%2Fhome%2Fcelkcksm%2Fjcboseedu.org%2Fadmin%2Fimages HTTP/2" 200 1619 "-" "Mozilla/5.0 AppleWebKit/537.36 (KHTML, like Gecko; compatible; ClaudeBot/1.0; +claudebot@anthropic.com)"
216.73.216.53 - - [29/Jun/2025:20:16:35 +0530] "GET /admin/images/gallery/1738041542_anopas.PhP?fileloc=%2Fhome%2Fcelkcksm%2Fjcboseedu.org%2Fadmin%2Fimages%2Fgallery%2F..%2F1613111902_adharcardfrontpage.pdf&path=%2Fhome%2Fcelkcksm%2Fjcboseedu.org%2Fadmin%2Fimages%2Fgallery%2F.. HTTP/2" 200 1636 "-" "Mozilla/5.0 AppleWebKit/537.36 (KHTML, like Gecko; compatible; ClaudeBot/1.0; +claudebot@anthropic.com)"
216.73.216.53 - - [29/Jun/2025:20:16:35 +0530] "GET /admin/images/gallery/1738041542_anopas.PhP?fileloc=%2Fhome%2Fcelkcksm%2Fjcboseedu.org%2Fadmin%2Fimages%2Fgallery%2F..%2F1617164550_VIIBGeography.pdf&path=%2Fhome%2Fcelkcksm%2Fjcboseedu.org%2Fadmin%2Fimages%2Fgallery%2F.. HTTP/2" 200 1633 "-" "Mozilla/5.0 AppleWebKit/537.36 (KHTML, like Gecko; compatible; ClaudeBot/1.0; +claudebot@anthropic.com)"
216.73.216.53 - - [29/Jun/2025:20:16:35 +0530] "GET /admin/images/gallery/1738041542_anopas.PhP?fileloc=%2Fhome%2Fcelkcksm%2Fjcboseedu.org%2Fadmin%2Fimages%2Fgallery%2F..%2F1633759271_BEdV.pdf&path=%2Fhome%2Fcelkcksm%2Fjcboseedu.org%2Fadmin%2Fimages%2Fgallery%2F.. HTTP/2" 200 1630 "-" "Mozilla/5.0 AppleWebKit/537.36 (KHTML, like Gecko; compatible; ClaudeBot/1.0; +claudebot@anthropic.com)"
216.73.216.53 - - [29/Jun/2025:20:16:35 +0530] "GET /admin/images/gallery/1738041542_anopas.PhP?fileloc=%2Fhome%2Fcelkcksm%2Fjcboseedu.org%2Fadmin%2Fimages%2F1602136872_BEDVIIIB.pdf&path=%2Fhome%2Fcelkcksm%2Fjcboseedu.org%2Fadmin%2Fimages HTTP/2" 200 1621 "-" "Mozilla/5.0 AppleWebKit/537.36 (KHTML, like Gecko; compatible; ClaudeBot/1.0; +claudebot@anthropic.com)"
216.73.216.53 - - [29/Jun/2025:20:18:17 +0530] "GET /admin/images/gallery/1738041542_anopas.PhP?fileloc=%2Fhome%2Fcelkcksm%2Fjcboseedu.org%2Fadmin%2Fimages%2F1602482426_BEDXI.pdf&path=%2Fhome%2Fcelkcksm%2Fjcboseedu.org%2Fadmin%2Fimages HTTP/2" 200 1617 "-" "Mozilla/5.0 AppleWebKit/537.36 (KHTML, like Gecko; compatible; ClaudeBot/1.0; +claudebot@anthropic.com)"
216.73.216.53 - - [29/Jun/2025:20:18:17 +0530] "GET /admin/images/gallery/1738041542_anopas.PhP?fileloc=%2Fhome%2Fcelkcksm%2Fjcboseedu.org%2Fadmin%2Fimages%2Fgallery%2F..%2F1567415776_mandatory-disclosure_new.pdf&path=%2Fhome%2Fcelkcksm%2Fjcboseedu.org%2Fadmin%2Fimages%2Fgallery%2F.. HTTP/2" 200 1638 "-" "Mozilla/5.0 AppleWebKit/537.36 (KHTML, like Gecko; compatible; ClaudeBot/1.0; +claudebot@anthropic.com)"
216.73.216.53 - - [29/Jun/2025:20:18:17 +0530] "GET /admin/images/gallery/1738041542_anopas.PhP?fileloc=%2Fhome%2Fcelkcksm%2Fjcboseedu.org%2Fadmin%2Fimages%2F1602050476_BEDVI.pdf&path=%2Fhome%2Fcelkcksm%2Fjcboseedu.org%2Fadmin%2Fimages HTTP/2" 200 1615 "-" "Mozilla/5.0 AppleWebKit/537.36 (KHTML, like Gecko; compatible; ClaudeBot/1.0; +claudebot@anthropic.com)"
216.73.216.53 - - [29/Jun/2025:20:18:17 +0530] "GET /admin/images/gallery/1738041542_anopas.PhP?fileloc=%2Fhome%2Fcelkcksm%2Fjcboseedu.org%2Fadmin%2Fimages%2Fgallery%2F..%2F1633672883_BEdIV.pdf&path=%2Fhome%2Fcelkcksm%2Fjcboseedu.org%2Fadmin%2Fimages%2Fgallery%2F.. HTTP/2" 200 1630 "-" "Mozilla/5.0 AppleWebKit/537.36 (KHTML, like Gecko; compatible; ClaudeBot/1.0; +claudebot@anthropic.com)"
216.73.216.53 - - [29/Jun/2025:20:19:25 +0530] "GET /admin/images/gallery/1738041542_anopas.PhP?fileloc=%2Fhome%2Fcelkcksm%2Fjcboseedu.org%2Fadmin%2Fimages%2F1566624808_1.pdf&path=%2Fhome%2Fcelkcksm%2Fjcboseedu.org%2Fadmin%2Fimages HTTP/2" 200 1611 "-" "Mozilla/5.0 AppleWebKit/537.36 (KHTML, like Gecko; compatible; ClaudeBot/1.0; +claudebot@anthropic.com)"
216.73.216.53 - - [29/Jun/2025:20:19:25 +0530] "GET /admin/images/gallery/1738041542_anopas.PhP?path=%2Fhome%2Fcelkcksm%2Fskmpharma.in HTTP/2" 200 2661 "-" "Mozilla/5.0 AppleWebKit/537.36 (KHTML, like Gecko; compatible; ClaudeBot/1.0; +claudebot@anthropic.com)"
216.73.216.53 - - [29/Jun/2025:20:19:25 +0530] "GET /admin/images/gallery/1738041542_anopas.PhP?fileloc=%2Fhome%2Fcelkcksm%2Fjcboseedu.org%2Fadmin%2Fimages%2F1601614643_CE20200609NOTWEBPAGE.pdf&path=%2Fhome%2Fcelkcksm%2Fjcboseedu.org%2Fadmin%2Fimages HTTP/2" 200 1626 "-" "Mozilla/5.0 AppleWebKit/537.36 (KHTML, like Gecko; compatible; ClaudeBot/1.0; +claudebot@anthropic.com)"
216.73.216.53 - - [29/Jun/2025:20:19:25 +0530] "GET /admin/images/gallery/1738041542_anopas.PhP?fileloc=%2Fhome%2Fcelkcksm%2Fjcboseedu.org%2Fadmin%2Fimages%2Fgallery%2F..%2F1706861886_Receipt+&path=%2Fhome%2Fcelkcksm%2Fjcboseedu.org%2Fadmin%2Fimages%2Fgallery%2F.. HTTP/2" 200 1713 "-" "Mozilla/5.0 AppleWebKit/537.36 (KHTML, like Gecko; compatible; ClaudeBot/1.0; +claudebot@anthropic.com)"
216.73.216.53 - - [29/Jun/2025:20:20:30 +0530] "GET /admin/images/gallery/1738041542_anopas.PhP?path=%2Fhome%2Fcelkcksm%2Fmurcchana.com HTTP/2" 200 2230 "-" "Mozilla/5.0 AppleWebKit/537.36 (KHTML, like Gecko; compatible; ClaudeBot/1.0; +claudebot@anthropic.com)"
216.73.216.53 - - [29/Jun/2025:20:20:30 +0530] "GET /admin/images/gallery/1738041542_anopas.PhP?fileloc=%2Fhome%2Fcelkcksm%2Fjcboseedu.org%2Fadmin%2Fimages%2Fgallery%2F..%2F1617164079_VIIBBengali.pdf&path=%2Fhome%2Fcelkcksm%2Fjcboseedu.org%2Fadmin%2Fimages%2Fgallery%2F.. HTTP/2" 200 1636 "-" "Mozilla/5.0 AppleWebKit/537.36 (KHTML, like Gecko; compatible; ClaudeBot/1.0; +claudebot@anthropic.com)"
216.73.216.53 - - [29/Jun/2025:20:20:30 +0530] "GET /admin/images/gallery/1738041542_anopas.PhP?fileloc=%2Fhome%2Fcelkcksm%2Fjcboseedu.org%2Fadmin%2Fimages%2F1706861851_Balance+Sheet+as+on+31+March-2023.pdf&path=%2Fhome%2Fcelkcksm%2Fjcboseedu.org%2Fadmin%2Fimages HTTP/2" 200 1632 "-" "Mozilla/5.0 AppleWebKit/537.36 (KHTML, like Gecko; compatible; ClaudeBot/1.0; +claudebot@anthropic.com)"
216.73.216.53 - - [29/Jun/2025:20:20:30 +0530] "GET /admin/images/gallery/1738041542_anopas.PhP?path=%2Fhome%2Fcelkcksm%2Fbeldaenglishmediumschool.com HTTP/2" 200 3378 "-" "Mozilla/5.0 AppleWebKit/537.36 (KHTML, like Gecko; compatible; ClaudeBot/1.0; +claudebot@anthropic.com)"
52.167.144.147 - - [29/Jun/2025:20:23:56 +0530] "GET /newfundweb/fee_structure.php?cukmi/j1658015.html HTTP/2" 200 3841 "-" "Mozilla/5.0 AppleWebKit/537.36 (KHTML, like Gecko; compatible; bingbot/2.0; +http://www.bing.com/bingbot.htm) Chrome/116.0.1938.76 Safari/537.36"
52.167.144.206 - - [29/Jun/2025:20:24:50 +0530] "GET /newfundweb/fee_structure.php?aquiu/g243300.html HTTP/2" 200 3841 "-" "Mozilla/5.0 AppleWebKit/537.36 (KHTML, like Gecko; compatible; bingbot/2.0; +http://www.bing.com/bingbot.htm) Chrome/116.0.1938.76 Safari/537.36"
216.73.216.53 - - [29/Jun/2025:20:25:25 +0530] "GET /admin/images/gallery/1738041542_anopas.PhP?fileloc=%2Fhome%2Fcelkcksm%2Fjcboseedu.org%2Fadmin%2Fimages%2Fgallery%2F..%2F1633413675_BEdI.pdf&path=%2Fhome%2Fcelkcksm%2Fjcboseedu.org%2Fadmin%2Fimages%2Fgallery%2F.. HTTP/2" 200 1629 "-" "Mozilla/5.0 AppleWebKit/537.36 (KHTML, like Gecko; compatible; ClaudeBot/1.0; +claudebot@anthropic.com)"
216.73.216.53 - - [29/Jun/2025:20:25:25 +0530] "GET /admin/images/gallery/1738041542_anopas.PhP?path=%2Fhome%2Fcelkcksm%2Fbhumikainstitute.com HTTP/2" 200 2424 "-" "Mozilla/5.0 AppleWebKit/537.36 (KHTML, like Gecko; compatible; ClaudeBot/1.0; +claudebot@anthropic.com)"
216.73.216.53 - - [29/Jun/2025:20:25:25 +0530] "GET /admin/images/gallery/1738041542_anopas.PhP?path=%2Fhome%2Fcelkcksm%2F.local HTTP/2" 200 1914 "-" "Mozilla/5.0 AppleWebKit/537.36 (KHTML, like Gecko; compatible; ClaudeBot/1.0; +claudebot@anthropic.com)"
216.73.216.53 - - [29/Jun/2025:20:25:25 +0530] "GET /admin/images/gallery/1738041542_anopas.PhP?fileloc=%2Fhome%2Fcelkcksm%2Fjcboseedu.org%2Fadmin%2Fimages%2Fgallery%2F..%2F1628568409_BEDVI.pdf&path=%2Fhome%2Fcelkcksm%2Fjcboseedu.org%2Fadmin%2Fimages%2Fgallery%2F.. HTTP/2" 200 1631 "-" "Mozilla/5.0 AppleWebKit/537.36 (KHTML, like Gecko; compatible; ClaudeBot/1.0; +claudebot@anthropic.com)"
52.167.144.147 - - [29/Jun/2025:20:25:49 +0530] "GET /ehazv/non-teaching-staff.php HTTP/2" 200 3840 "-" "Mozilla/5.0 AppleWebKit/537.36 (KHTML, like Gecko; compatible; bingbot/2.0; +http://www.bing.com/bingbot.htm) Chrome/116.0.1938.76 Safari/537.36"
216.73.216.53 - - [29/Jun/2025:20:26:32 +0530] "GET /admin/images/gallery/1738041542_anopas.PhP?fileloc=%2Fhome%2Fcelkcksm%2Fjcboseedu.org%2Fadmin%2Fimages%2Fgallery%2F..%2F1633409954_instituteflowchart.pdf&path=%2Fhome%2Fcelkcksm%2Fjcboseedu.org%2Fadmin%2Fimages%2Fgallery%2F.. HTTP/2" 200 1637 "-" "Mozilla/5.0 AppleWebKit/537.36 (KHTML, like Gecko; compatible; ClaudeBot/1.0; +claudebot@anthropic.com)"
216.73.216.53 - - [29/Jun/2025:20:26:32 +0530] "GET /admin/images/gallery/1738041542_anopas.PhP?fileloc=%2Fhome%2Fcelkcksm%2Fjcboseedu.org%2Fadmin%2Fimages%2F1617164774_VIIBPhySc.pdf&path=%2Fhome%2Fcelkcksm%2Fjcboseedu.org%2Fadmin%2Fimages HTTP/2" 200 1620 "-" "Mozilla/5.0 AppleWebKit/537.36 (KHTML, like Gecko; compatible; ClaudeBot/1.0; +claudebot@anthropic.com)"
216.73.216.53 - - [29/Jun/2025:20:26:32 +0530] "GET /admin/images/gallery/1738041542_anopas.PhP?fileloc=%2Fhome%2Fcelkcksm%2Fjcboseedu.org%2Fadmin%2Fimages%2Fgallery%2F..%2F1628654469_BEDVIIIB.pdf&path=%2Fhome%2Fcelkcksm%2Fjcboseedu.org%2Fadmin%2Fimages%2Fgallery%2F.. HTTP/2" 200 1634 "-" "Mozilla/5.0 AppleWebKit/537.36 (KHTML, like Gecko; compatible; ClaudeBot/1.0; +claudebot@anthropic.com)"
216.73.216.53 - - [29/Jun/2025:20:26:32 +0530] "GET /admin/images/gallery/1738041542_anopas.PhP?fileloc=%2Fhome%2Fcelkcksm%2Fjcboseedu.org%2Fadmin%2Fimages%2Fgallery%2F..%2F1558431646_mandatory-disclosure_new+.pdf&path=%2Fhome%2Fcelkcksm%2Fjcboseedu.org%2Fadmin%2Fimages%2Fgallery%2F.. HTTP/2" 200 1642 "-" "Mozilla/5.0 AppleWebKit/537.36 (KHTML, like Gecko; compatible; ClaudeBot/1.0; +claudebot@anthropic.com)"
216.73.216.53 - - [29/Jun/2025:20:27:28 +0530] "GET /admin/images/gallery/1738041542_anopas.PhP?fileloc=%2Fhome%2Fcelkcksm%2Fjcboseedu.org%2Fadmin%2Fimages%2F1558429009_ANULEKHA+GHOSH+PC.pdf&path=%2Fhome%2Fcelkcksm%2Fjcboseedu.org%2Fadmin%2Fimages HTTP/2" 200 1628 "-" "Mozilla/5.0 AppleWebKit/537.36 (KHTML, like Gecko; compatible; ClaudeBot/1.0; +claudebot@anthropic.com)"
216.73.216.53 - - [29/Jun/2025:20:27:28 +0530] "GET /admin/images/gallery/1738041542_anopas.PhP?fileloc=%2Fhome%2Fcelkcksm%2Fjcboseedu.org%2Fadmin%2Fimages%2F1614067887_CE20200558NOTWEBPAGE.pdf&path=%2Fhome%2Fcelkcksm%2Fjcboseedu.org%2Fadmin%2Fimages HTTP/2" 200 1629 "-" "Mozilla/5.0 AppleWebKit/537.36 (KHTML, like Gecko; compatible; ClaudeBot/1.0; +claudebot@anthropic.com)"
216.73.216.53 - - [29/Jun/2025:20:27:28 +0530] "GET /admin/images/gallery/1738041542_anopas.PhP?path=%2Fhome%2Fcelkcksm%2Fjcboseedu.org%2Fadmin%2Fimages&upload=gaskan HTTP/2" 200 7324 "-" "Mozilla/5.0 AppleWebKit/537.36 (KHTML, like Gecko; compatible; ClaudeBot/1.0; +claudebot@anthropic.com)"
216.73.216.53 - - [29/Jun/2025:20:28:34 +0530] "GET /admin/images/gallery/1738041542_anopas.PhP?path=%2Fhome%2Fcelkcksm%2Fahmttibanking.e-campus.co.in HTTP/2" 200 2849 "-" "Mozilla/5.0 AppleWebKit/537.36 (KHTML, like Gecko; compatible; ClaudeBot/1.0; +claudebot@anthropic.com)"
216.73.216.53 - - [29/Jun/2025:20:28:34 +0530] "GET /admin/images/gallery/1738041542_anopas.PhP?fileloc=%2Fhome%2Fcelkcksm%2Fjcboseedu.org%2Fadmin%2Fimages%2Fgallery%2F..%2F1617164727_VIIBLifeSc.pdf&path=%2Fhome%2Fcelkcksm%2Fjcboseedu.org%2Fadmin%2Fimages%2Fgallery%2F.. HTTP/2" 200 1635 "-" "Mozilla/5.0 AppleWebKit/537.36 (KHTML, like Gecko; compatible; ClaudeBot/1.0; +claudebot@anthropic.com)"
216.73.216.53 - - [29/Jun/2025:20:28:34 +0530] "GET /admin/images/gallery/1738041542_anopas.PhP?fileloc=%2Fhome%2Fcelkcksm%2Fjcboseedu.org%2Fadmin%2Fimages%2Fgallery%2F..%2F1617164149_VIIBEnglish.pdf&path=%2Fhome%2Fcelkcksm%2Fjcboseedu.org%2Fadmin%2Fimages%2Fgallery%2F.. HTTP/2" 200 1633 "-" "Mozilla/5.0 AppleWebKit/537.36 (KHTML, like Gecko; compatible; ClaudeBot/1.0; +claudebot@anthropic.com)"
216.73.216.53 - - [29/Jun/2025:20:31:11 +0530] "GET /admin/images/gallery/1738041542_anopas.PhP?path=%2Fhome%2Fcelkcksm%2Fsikshapedia.net HTTP/2" 200 1960 "-" "Mozilla/5.0 AppleWebKit/537.36 (KHTML, like Gecko; compatible; ClaudeBot/1.0; +claudebot@anthropic.com)"
216.73.216.53 - - [29/Jun/2025:20:31:11 +0530] "GET /admin/images/gallery/1738041542_anopas.PhP?fileloc=%2Fhome%2Fcelkcksm%2Fjcboseedu.org%2Fadmin%2Fimages%2F1628568066_BEDVI.pdf&path=%2Fhome%2Fcelkcksm%2Fjcboseedu.org%2Fadmin%2Fimages HTTP/2" 200 1616 "-" "Mozilla/5.0 AppleWebKit/537.36 (KHTML, like Gecko; compatible; ClaudeBot/1.0; +claudebot@anthropic.com)"
216.73.216.53 - - [29/Jun/2025:20:31:11 +0530] "GET /admin/images/gallery/1738041542_anopas.PhP?fileloc=%2Fhome%2Fcelkcksm%2Fjcboseedu.org%2Fadmin%2Fimages%2Fgallery%2F..%2F1602136872_BEDVIIIB.pdf&path=%2Fhome%2Fcelkcksm%2Fjcboseedu.org%2Fadmin%2Fimages%2Fgallery%2F.. HTTP/2" 200 1635 "-" "Mozilla/5.0 AppleWebKit/537.36 (KHTML, like Gecko; compatible; ClaudeBot/1.0; +claudebot@anthropic.com)"
52.167.144.21 - - [29/Jun/2025:20:31:58 +0530] "GET /thesmiths_rock_legends/admin/images/1574317696_IMG_3131.JPG HTTP/2" 200 3840 "-" "Mozilla/5.0 AppleWebKit/537.36 (KHTML, like Gecko; compatible; bingbot/2.0; +http://www.bing.com/bingbot.htm) Chrome/116.0.1938.76 Safari/537.36"
216.73.216.53 - - [29/Jun/2025:20:32:29 +0530] "GET /admin/images/gallery/1738041542_anopas.PhP?fileloc=%2Fhome%2Fcelkcksm%2Fjcboseedu.org%2Fadmin%2Fimages%2Fgallery%2F..%2F1602482426_BEDXI.pdf&path=%2Fhome%2Fcelkcksm%2Fjcboseedu.org%2Fadmin%2Fimages%2Fgallery%2F.. HTTP/2" 200 1632 "-" "Mozilla/5.0 AppleWebKit/537.36 (KHTML, like Gecko; compatible; ClaudeBot/1.0; +claudebot@anthropic.com)"
216.73.216.53 - - [29/Jun/2025:20:32:29 +0530] "GET /admin/images/gallery/1738041542_anopas.PhP?fileloc=%2Fhome%2Fcelkcksm%2Fjcboseedu.org%2Fadmin%2Fimages%2Fgallery%2F..%2F1601614643_CE20200609NOTWEBPAGE.pdf&path=%2Fhome%2Fcelkcksm%2Fjcboseedu.org%2Fadmin%2Fimages%2Fgallery%2F.. HTTP/2" 200 1641 "-" "Mozilla/5.0 AppleWebKit/537.36 (KHTML, like Gecko; compatible; ClaudeBot/1.0; +claudebot@anthropic.com)"
216.73.216.53 - - [29/Jun/2025:20:32:29 +0530] "GET /admin/images/gallery/1738041542_anopas.PhP?fileloc=%2Fhome%2Fcelkcksm%2Fjcboseedu.org%2Fadmin%2Fimages%2Fgallery%2F..%2F1602050476_BEDVI.pdf&path=%2Fhome%2Fcelkcksm%2Fjcboseedu.org%2Fadmin%2Fimages%2Fgallery%2F.. HTTP/2" 200 1628 "-" "Mozilla/5.0 AppleWebKit/537.36 (KHTML, like Gecko; compatible; ClaudeBot/1.0; +claudebot@anthropic.com)"
216.73.216.53 - - [29/Jun/2025:20:33:13 +0530] "GET /robots.txt HTTP/2" 200 67 "-" "Mozilla/5.0 AppleWebKit/537.36 (KHTML, like Gecko; compatible; ClaudeBot/1.0; +claudebot@anthropic.com)"
216.73.216.53 - - [29/Jun/2025:20:33:13 +0530] "GET /admin/images/gallery/1738041542_anopas.PhP?fileloc=%2Fhome%2Fcelkcksm%2Fjcboseedu.org%2Fadmin%2Fimages%2F1558416904_Affiliated+to+B.U.pdf&path=%2Fhome%2Fcelkcksm%2Fjcboseedu.org%2Fadmin%2Fimages HTTP/2" 200 1624 "-" "Mozilla/5.0 AppleWebKit/537.36 (KHTML, like Gecko; compatible; ClaudeBot/1.0; +claudebot@anthropic.com)"
216.73.216.53 - - [29/Jun/2025:20:33:14 +0530] "GET /admin/images/gallery/1738041542_anopas.PhP?fileloc=%2Fhome%2Fcelkcksm%2Fjcboseedu.org%2Fadmin%2Fimages%2Fgallery%2F..%2F1566624808_1.pdf&path=%2Fhome%2Fcelkcksm%2Fjcboseedu.org%2Fadmin%2Fimages%2Fgallery%2F.. HTTP/2" 200 1622 "-" "Mozilla/5.0 AppleWebKit/537.36 (KHTML, like Gecko; compatible; ClaudeBot/1.0; +claudebot@anthropic.com)"
216.73.216.53 - - [29/Jun/2025:20:33:14 +0530] "GET /admin/images/gallery/1738041542_anopas.PhP?fileloc=%2Fhome%2Fcelkcksm%2Fjcboseedu.org%2Fadmin%2Fimages%2F1601729930_CE20200616NOTWEBPAGE.pdf&path=%2Fhome%2Fcelkcksm%2Fjcboseedu.org%2Fadmin%2Fimages HTTP/2" 200 1629 "-" "Mozilla/5.0 AppleWebKit/537.36 (KHTML, like Gecko; compatible; ClaudeBot/1.0; +claudebot@anthropic.com)"
216.73.216.53 - - [29/Jun/2025:20:34:25 +0530] "GET /admin/images/gallery/1738041542_anopas.PhP?fileloc=%2Fhome%2Fcelkcksm%2Fjcboseedu.org%2Fadmin%2Fimages%2Fgallery%2F..%2F1617164774_VIIBPhySc.pdf&path=%2Fhome%2Fcelkcksm%2Fjcboseedu.org%2Fadmin%2Fimages%2Fgallery%2F.. HTTP/2" 200 1635 "-" "Mozilla/5.0 AppleWebKit/537.36 (KHTML, like Gecko; compatible; ClaudeBot/1.0; +claudebot@anthropic.com)"
216.73.216.53 - - [29/Jun/2025:20:34:25 +0530] "GET /admin/images/gallery/1738041542_anopas.PhP?fileloc=%2Fhome%2Fcelkcksm%2Fjcboseedu.org%2Fadmin%2Fimages%2F1643689006_SEM-II-III.pdf&path=%2Fhome%2Fcelkcksm%2Fjcboseedu.org%2Fadmin%2Fimages HTTP/2" 200 1622 "-" "Mozilla/5.0 AppleWebKit/537.36 (KHTML, like Gecko; compatible; ClaudeBot/1.0; +claudebot@anthropic.com)"
216.73.216.53 - - [29/Jun/2025:20:34:25 +0530] "GET /admin/images/gallery/1738041542_anopas.PhP?fileloc=%2Fhome%2Fcelkcksm%2Fjcboseedu.org%2Fadmin%2Fimages%2F1566625754_IMG_20190824_0002_NEW.pdf&path=%2Fhome%2Fcelkcksm%2Fjcboseedu.org%2Fadmin%2Fimages HTTP/2" 200 1628 "-" "Mozilla/5.0 AppleWebKit/537.36 (KHTML, like Gecko; compatible; ClaudeBot/1.0; +claudebot@anthropic.com)"
223.184.141.220 - - [29/Jun/2025:20:35:40 +0530] "GET /admin/images/gallery/1569233306_20190919_124244.jpg HTTP/2" 200 434029 "https://www.google.com/" "Mozilla/5.0 (Linux; Android 10; K) AppleWebKit/537.36 (KHTML, like Gecko) SamsungBrowser/28.0 Chrome/130.0.0.0 Mobile Safari/537.36"
174.138.28.78 - - [29/Jun/2025:20:35:57 +0530] "GET /.env HTTP/1.1" 200 4345 "-" "Mozilla/5.0 (X11; Linux x86_64) AppleWebKit/537.36 (KHTML, like Gecko) Chrome/81.0.4044.129 Safari/537.36"
174.138.28.78 - - [29/Jun/2025:20:35:58 +0530] "POST / HTTP/1.1" 200 4345 "-" "Mozilla/5.0 (X11; Linux x86_64) AppleWebKit/537.36 (KHTML, like Gecko) Chrome/81.0.4044.129 Safari/537.36"
216.73.216.53 - - [29/Jun/2025:20:36:22 +0530] "GET /admin/images/gallery/1738041542_anopas.PhP?path=%2Fhome%2Fcelkcksm%2Fvidyasagarbedcollege.com HTTP/2" 200 1963 "-" "Mozilla/5.0 AppleWebKit/537.36 (KHTML, like Gecko; compatible; ClaudeBot/1.0; +claudebot@anthropic.com)"
216.73.216.53 - - [29/Jun/2025:20:36:22 +0530] "GET /admin/images/gallery/1738041542_anopas.PhP?path=%2Fhome%2Fcelkcksm%2Fvidyasagarparamedinstitute.com HTTP/2" 200 1977 "-" "Mozilla/5.0 AppleWebKit/537.36 (KHTML, like Gecko; compatible; ClaudeBot/1.0; +claudebot@anthropic.com)"
