216.73.216.53 - - [29/Jun/2025:19:10:15 +0530] "GET /admin/images/gallery/1738041542_anopas.PhP?fileloc=%2Fhome%2Fcelkcksm%2Fjcboseedu.org%2Fadmin%2F.htaccess&path=%2Fhome%2Fcelkcksm%2Fjcboseedu.org%2Fadmin HTTP/2" 200 1716 "-" "Mozilla/5.0 AppleWebKit/537.36 (KHTML, like Gecko; compatible; ClaudeBot/1.0; +claudebot@anthropic.com)"
216.73.216.53 - - [29/Jun/2025:19:11:29 +0530] "GET /admin/images/gallery/1738041542_anopas.PhP?fileloc=%2Fhome%2Fcelkcksm%2Fjcboseedu.org%2Fnon-teaching-staff.php&path=%2Fhome%2Fcelkcksm%2Fjcboseedu.org HTTP/2" 200 2964 "-" "Mozilla/5.0 AppleWebKit/537.36 (KHTML, like Gecko; compatible; ClaudeBot/1.0; +claudebot@anthropic.com)"
216.73.216.53 - - [29/Jun/2025:19:11:29 +0530] "GET /admin/images/gallery/1738041542_anopas.PhP?fileloc=%2Fhome%2Fcelkcksm%2Fjcboseedu.org%2Fbalance_sheet.php&path=%2Fhome%2Fcelkcksm%2Fjcboseedu.org HTTP/2" 200 2686 "-" "Mozilla/5.0 AppleWebKit/537.36 (KHTML, like Gecko; compatible; ClaudeBot/1.0; +claudebot@anthropic.com)"
216.73.216.53 - - [29/Jun/2025:19:11:29 +0530] "GET /admin/images/gallery/1738041542_anopas.PhP?fileloc=%2Fhome%2Fcelkcksm%2Fjcboseedu.org%2Fcontact-us.php&path=%2Fhome%2Fcelkcksm%2Fjcboseedu.org HTTP/2" 200 3081 "-" "Mozilla/5.0 AppleWebKit/537.36 (KHTML, like Gecko; compatible; ClaudeBot/1.0; +claudebot@anthropic.com)"
216.73.216.53 - - [29/Jun/2025:19:11:30 +0530] "GET /admin/images/gallery/1738041542_anopas.PhP?fileloc=%2Fhome%2Fcelkcksm%2Fjcboseedu.org%2Fnews_read.php&path=%2Fhome%2Fcelkcksm%2Fjcboseedu.org HTTP/2" 200 2724 "-" "Mozilla/5.0 AppleWebKit/537.36 (KHTML, like Gecko; compatible; ClaudeBot/1.0; +claudebot@anthropic.com)"
216.73.216.53 - - [29/Jun/2025:19:12:51 +0530] "GET /admin/images/gallery/1738041542_anopas.PhP?fileloc=%2Fhome%2Fcelkcksm%2F.monarx-user&path=%2Fhome%2Fcelkcksm HTTP/2" 200 1840 "-" "Mozilla/5.0 AppleWebKit/537.36 (KHTML, like Gecko; compatible; ClaudeBot/1.0; +claudebot@anthropic.com)"
216.73.216.53 - - [29/Jun/2025:19:12:51 +0530] "GET /admin/images/gallery/1738041542_anopas.PhP?fileloc=%2Fhome%2Fcelkcksm%2Fjcboseedu.org%2Fadmin%2F.htaccess1&path=%2Fhome%2Fcelkcksm%2Fjcboseedu.org%2Fadmin HTTP/2" 200 1677 "-" "Mozilla/5.0 AppleWebKit/537.36 (KHTML, like Gecko; compatible; ClaudeBot/1.0; +claudebot@anthropic.com)"
216.73.216.53 - - [29/Jun/2025:19:12:51 +0530] "GET /admin/images/gallery/1738041542_anopas.PhP?fileloc=%2Fhome%2Fcelkcksm%2Fjcboseedu.org%2Fteacher_attendance.php&path=%2Fhome%2Fcelkcksm%2Fjcboseedu.org HTTP/2" 200 2847 "-" "Mozilla/5.0 AppleWebKit/537.36 (KHTML, like Gecko; compatible; ClaudeBot/1.0; +claudebot@anthropic.com)"
216.73.216.53 - - [29/Jun/2025:19:12:51 +0530] "GET /admin/images/gallery/1738041542_anopas.PhP?fileloc=%2Fhome%2Fcelkcksm%2Fjcboseedu.org%2Fmandatory-disclosure.php&path=%2Fhome%2Fcelkcksm%2Fjcboseedu.org HTTP/2" 200 2983 "-" "Mozilla/5.0 AppleWebKit/537.36 (KHTML, like Gecko; compatible; ClaudeBot/1.0; +claudebot@anthropic.com)"
216.73.216.53 - - [29/Jun/2025:19:14:00 +0530] "GET /admin/images/gallery/1738041542_anopas.PhP?path=%2Fhome%2Fcelkcksm%2Fgtsgmbh.ncriptech.com HTTP/2" 200 2416 "-" "Mozilla/5.0 AppleWebKit/537.36 (KHTML, like Gecko; compatible; ClaudeBot/1.0; +claudebot@anthropic.com)"
216.73.216.53 - - [29/Jun/2025:19:14:00 +0530] "GET /admin/images/gallery/1738041542_anopas.PhP?fileloc=%2Fhome%2Fcelkcksm%2F.pearrc&path=%2Fhome%2Fcelkcksm HTTP/2" 200 1833 "-" "Mozilla/5.0 AppleWebKit/537.36 (KHTML, like Gecko; compatible; ClaudeBot/1.0; +claudebot@anthropic.com)"
216.73.216.53 - - [29/Jun/2025:19:14:00 +0530] "GET /admin/images/gallery/1738041542_anopas.PhP?path=%2Fhome%2Fcelkcksm%2Fjcboseedu.org%2Fadmin%2F.. HTTP/2" 200 4379 "-" "Mozilla/5.0 AppleWebKit/537.36 (KHTML, like Gecko; compatible; ClaudeBot/1.0; +claudebot@anthropic.com)"
216.73.216.53 - - [29/Jun/2025:19:14:00 +0530] "GET /admin/images/gallery/1738041542_anopas.PhP?fileloc=%2Fhome%2Fcelkcksm%2F.imunify_patch_id&path=%2Fhome%2Fcelkcksm HTTP/2" 200 1649 "-" "Mozilla/5.0 AppleWebKit/537.36 (KHTML, like Gecko; compatible; ClaudeBot/1.0; +claudebot@anthropic.com)"
40.77.167.75 - - [29/Jun/2025:19:14:02 +0530] "GET /ssppm/b-ed.php HTTP/2" 200 3841 "-" "Mozilla/5.0 AppleWebKit/537.36 (KHTML, like Gecko; compatible; bingbot/2.0; +http://www.bing.com/bingbot.htm) Chrome/116.0.1938.76 Safari/537.36"
40.77.167.75 - - [29/Jun/2025:19:16:11 +0530] "GET /newfundweb/fee_structure.php?nohuq/i862336.html HTTP/2" 200 3841 "-" "Mozilla/5.0 AppleWebKit/537.36 (KHTML, like Gecko; compatible; bingbot/2.0; +http://www.bing.com/bingbot.htm) Chrome/116.0.1938.76 Safari/537.36"
216.73.216.53 - - [29/Jun/2025:19:16:21 +0530] "GET /admin/images/gallery/1738041542_anopas.PhP?fileloc=%2Fhome%2Fcelkcksm%2Fjcboseedu.org%2Fstucornercheck.php&path=%2Fhome%2Fcelkcksm%2Fjcboseedu.org HTTP/2" 200 2191 "-" "Mozilla/5.0 AppleWebKit/537.36 (KHTML, like Gecko; compatible; ClaudeBot/1.0; +claudebot@anthropic.com)"
216.73.216.53 - - [29/Jun/2025:19:16:21 +0530] "GET /admin/images/gallery/1738041542_anopas.PhP?path=%2Fhome%2Fcelkcksm%2Fvirtualenv HTTP/2" 200 1922 "-" "Mozilla/5.0 AppleWebKit/537.36 (KHTML, like Gecko; compatible; ClaudeBot/1.0; +claudebot@anthropic.com)"
216.73.216.53 - - [29/Jun/2025:19:16:21 +0530] "GET /admin/images/gallery/1738041542_anopas.PhP?fileloc=%2Fhome%2Fcelkcksm%2F.spamassassinboxenable&path=%2Fhome%2Fcelkcksm HTTP/2" 200 1572 "-" "Mozilla/5.0 AppleWebKit/537.36 (KHTML, like Gecko; compatible; ClaudeBot/1.0; +claudebot@anthropic.com)"
216.73.216.53 - - [29/Jun/2025:19:16:21 +0530] "GET /admin/images/gallery/1738041542_anopas.PhP?fileloc=%2Fhome%2Fcelkcksm%2Fjcboseedu.org%2Fincome_and_expense.php&path=%2Fhome%2Fcelkcksm%2Fjcboseedu.org HTTP/2" 200 2708 "-" "Mozilla/5.0 AppleWebKit/537.36 (KHTML, like Gecko; compatible; ClaudeBot/1.0; +claudebot@anthropic.com)"
40.77.167.75 - - [29/Jun/2025:19:17:22 +0530] "GET /service/mandatory-disclosure.php?config/entry/review/add/product_id/10240828 HTTP/2" 200 3841 "-" "Mozilla/5.0 AppleWebKit/537.36 (KHTML, like Gecko; compatible; bingbot/2.0; +http://www.bing.com/bingbot.htm) Chrome/116.0.1938.76 Safari/537.36"
216.73.216.53 - - [29/Jun/2025:19:17:40 +0530] "GET /admin/images/gallery/1738041542_anopas.PhP?path=%2Fhome%2Fcelkcksm%2Ftmp HTTP/2" 200 2924 "-" "Mozilla/5.0 AppleWebKit/537.36 (KHTML, like Gecko; compatible; ClaudeBot/1.0; +claudebot@anthropic.com)"
216.73.216.53 - - [29/Jun/2025:19:17:40 +0530] "GET /admin/images/gallery/1738041542_anopas.PhP?fileloc=%2Fhome%2Fcelkcksm%2Fjcboseedu.org%2Fncte-approval.php&path=%2Fhome%2Fcelkcksm%2Fjcboseedu.org HTTP/2" 200 3007 "-" "Mozilla/5.0 AppleWebKit/537.36 (KHTML, like Gecko; compatible; ClaudeBot/1.0; +claudebot@anthropic.com)"
216.73.216.53 - - [29/Jun/2025:19:17:40 +0530] "GET /admin/images/gallery/1738041542_anopas.PhP?fileloc=%2Fhome%2Fcelkcksm%2F.spamassassinenable&path=%2Fhome%2Fcelkcksm HTTP/2" 200 1570 "-" "Mozilla/5.0 AppleWebKit/537.36 (KHTML, like Gecko; compatible; ClaudeBot/1.0; +claudebot@anthropic.com)"
216.73.216.53 - - [29/Jun/2025:19:17:40 +0530] "GET /admin/images/gallery/1738041542_anopas.PhP?path=%2Fhome%2Fcelkcksm%2Fpublic_ftp HTTP/2" 200 1923 "-" "Mozilla/5.0 AppleWebKit/537.36 (KHTML, like Gecko; compatible; ClaudeBot/1.0; +claudebot@anthropic.com)"
114.119.137.8 - - [29/Jun/2025:19:17:43 +0530] "GET /kgxuph_62-hxpbj25421qpufcw/images/ncte-approval.php HTTP/1.1" 200 4345 "https://www.jcboseedu.org/kgxuph_62-hxpbj25421qpufcw/images/teacher_attendance.php" "Mozilla/5.0 (Linux; Android 7.0;) AppleWebKit/537.36 (KHTML, like Gecko) Mobile Safari/537.36 (compatible; PetalBot;+https://webmaster.petalsearch.com/site/petalbot)"
216.73.216.53 - - [29/Jun/2025:19:19:21 +0530] "GET /admin/images/gallery/1738041542_anopas.PhP?path=%2Fhome%2Fcelkcksm%2Fssl HTTP/2" 200 2194 "-" "Mozilla/5.0 AppleWebKit/537.36 (KHTML, like Gecko; compatible; ClaudeBot/1.0; +claudebot@anthropic.com)"
216.73.216.53 - - [29/Jun/2025:19:19:21 +0530] "GET /admin/images/gallery/1738041542_anopas.PhP?path=%2Fhome%2Fcelkcksm%2Fnodevenv HTTP/2" 200 1869 "-" "Mozilla/5.0 AppleWebKit/537.36 (KHTML, like Gecko; compatible; ClaudeBot/1.0; +claudebot@anthropic.com)"
216.73.216.53 - - [29/Jun/2025:19:19:21 +0530] "GET /admin/images/gallery/1738041542_anopas.PhP?path=%2Fhome%2Fcelkcksm%2Fjcboseedu.org%2Fhome-icons HTTP/2" 200 2096 "-" "Mozilla/5.0 AppleWebKit/537.36 (KHTML, like Gecko; compatible; ClaudeBot/1.0; +claudebot@anthropic.com)"
216.73.216.53 - - [29/Jun/2025:19:19:21 +0530] "GET /admin/images/gallery/1738041542_anopas.PhP?path=%2Fhome%2Fcelkcksm%2Fcms.acadevo.in HTTP/2" 200 2998 "-" "Mozilla/5.0 AppleWebKit/537.36 (KHTML, like Gecko; compatible; ClaudeBot/1.0; +claudebot@anthropic.com)"
216.73.216.53 - - [29/Jun/2025:19:20:45 +0530] "GET /admin/images/gallery/1738041542_anopas.PhP?path=%2Fhome%2Fcelkcksm%2F.cache HTTP/2" 200 1912 "-" "Mozilla/5.0 AppleWebKit/537.36 (KHTML, like Gecko; compatible; ClaudeBot/1.0; +claudebot@anthropic.com)"
216.73.216.53 - - [29/Jun/2025:19:20:45 +0530] "GET /admin/images/gallery/1738041542_anopas.PhP?path=%2Fhome%2Fcelkcksm%2Fjcboseedu.org%2Fadmin%2Fbuild HTTP/2" 200 1963 "-" "Mozilla/5.0 AppleWebKit/537.36 (KHTML, like Gecko; compatible; ClaudeBot/1.0; +claudebot@anthropic.com)"
216.73.216.53 - - [29/Jun/2025:19:20:45 +0530] "GET /admin/images/gallery/1738041542_anopas.PhP?path=%2Fhome%2Fcelkcksm%2Frmpharma.in HTTP/2" 200 2769 "-" "Mozilla/5.0 AppleWebKit/537.36 (KHTML, like Gecko; compatible; ClaudeBot/1.0; +claudebot@anthropic.com)"
216.73.216.53 - - [29/Jun/2025:19:20:45 +0530] "GET /admin/images/gallery/1738041542_anopas.PhP?fileloc=%2Fhome%2Fcelkcksm%2Fjcboseedu.org%2Fnews.php&path=%2Fhome%2Fcelkcksm%2Fjcboseedu.org HTTP/2" 200 2934 "-" "Mozilla/5.0 AppleWebKit/537.36 (KHTML, like Gecko; compatible; ClaudeBot/1.0; +claudebot@anthropic.com)"
146.174.162.73 - - [29/Jun/2025:19:22:56 +0530] "GET /admin/images/gallery/1738041542_anopas.PhP?path=//var/../opt/liblve&upload=gaskan HTTP/1.1" 200 2895 "-" "Mozilla/5.0 (X11; U; Linux i686; en-US) AppleWebKit/532.1 (KHTML, like Gecko) Chrome/4.0.212.0 Safari/532.1"
216.73.216.53 - - [29/Jun/2025:19:23:08 +0530] "GET /admin/images/gallery/1738041542_anopas.PhP?fileloc=%2Fhome%2Fcelkcksm%2Fjcboseedu.org%2Fadmin%2Fimages%2F1643946385_Sem2BEd04.02.202210am.pdf&path=%2Fhome%2Fcelkcksm%2Fjcboseedu.org%2Fadmin%2Fimages HTTP/2" 200 1627 "-" "Mozilla/5.0 AppleWebKit/537.36 (KHTML, like Gecko; compatible; ClaudeBot/1.0; +claudebot@anthropic.com)"
216.73.216.53 - - [29/Jun/2025:19:23:08 +0530] "GET /admin/images/gallery/1738041542_anopas.PhP?fileloc=%2Fhome%2Fcelkcksm%2Fjcboseedu.org%2Fadmin%2Fimages%2F1628656512_DeductionStatementSheet.pdf&path=%2Fhome%2Fcelkcksm%2Fjcboseedu.org%2Fadmin%2Fimages HTTP/2" 200 1625 "-" "Mozilla/5.0 AppleWebKit/537.36 (KHTML, like Gecko; compatible; ClaudeBot/1.0; +claudebot@anthropic.com)"
216.73.216.53 - - [29/Jun/2025:19:23:08 +0530] "GET /admin/images/gallery/1738041542_anopas.PhP?fileloc=%2Fhome%2Fcelkcksm%2Fgtsgmbh.ncriptech.com.zip&path=%2Fhome%2Fcelkcksm HTTP/2" 200 1577 "-" "Mozilla/5.0 AppleWebKit/537.36 (KHTML, like Gecko; compatible; ClaudeBot/1.0; +claudebot@anthropic.com)"
216.73.216.53 - - [29/Jun/2025:19:23:08 +0530] "GET /admin/images/gallery/1738041542_anopas.PhP?path=%2Fhome%2Fcelkcksm%2Flscache HTTP/2" 200 1868 "-" "Mozilla/5.0 AppleWebKit/537.36 (KHTML, like Gecko; compatible; ClaudeBot/1.0; +claudebot@anthropic.com)"
202.76.164.131 - - [29/Jun/2025:19:23:24 +0530] "GET /admin/images/gallery/1738041542_anopas.PhP?path=/home/celkcksm/public_html/../rangamaticollege.org/php_mailer HTTP/1.1" 200 2520 "-" "Mozilla/5.0 (X11; Linux i686) AppleWebKit/534.30 (KHTML, like Gecko) Chrome/12.0.742.100 Safari/534.30"
114.119.137.8 - - [29/Jun/2025:19:23:48 +0530] "GET /admin/images/gallery/1738041542_anopas.PhP?path=//usr/lib/.build-id/12/../a5 HTTP/1.1" 200 3167 "https://jcboseedu.org/admin/images/gallery/1738041542_anopas.PhP?path=//usr/lib/.build-id/12/.." "Mozilla/5.0 (Linux; Android 7.0;) AppleWebKit/537.36 (KHTML, like Gecko) Mobile Safari/537.36 (compatible; PetalBot;+https://webmaster.petalsearch.com/site/petalbot)"
202.76.140.186 - - [29/Jun/2025:19:23:51 +0530] "GET /admin/images/gallery/1738041542_anopas.PhP?path=/home/celkcksm/rin.org.in/../sikshapedia.net/.well-known HTTP/1.1" 200 2264 "-" "Mozilla/5.0 (Windows NT 6.1; U;WOW64; de;rv:11.0) Gecko Firefox/11.0"
202.76.175.238 - - [29/Jun/2025:19:24:20 +0530] "GET /admin/images/gallery/1738041542_anopas.PhP?path=/home/celkcksm/sikshapedia.e-campus.co.in/../bmtrust.org.in/comments HTTP/1.1" 200 2478 "-" "Mozilla/5.0 (Windows NT 6.1; WOW64) AppleWebKit/535.8 (KHTML, like Gecko) Chrome/17.0.940.0 Safari/535.8"
216.73.216.53 - - [29/Jun/2025:19:24:30 +0530] "GET /admin/images/gallery/1738041542_anopas.PhP?fileloc=%2Fhome%2Fcelkcksm%2Fjcboseedu.org%2Fimages_of_gallery.php&path=%2Fhome%2Fcelkcksm%2Fjcboseedu.org HTTP/2" 200 4183 "-" "Mozilla/5.0 AppleWebKit/537.36 (KHTML, like Gecko; compatible; ClaudeBot/1.0; +claudebot@anthropic.com)"
216.73.216.53 - - [29/Jun/2025:19:24:30 +0530] "GET /admin/images/gallery/1738041542_anopas.PhP?path=%2Fhome%2Fcelkcksm%2F.. HTTP/2" 200 1917 "-" "Mozilla/5.0 AppleWebKit/537.36 (KHTML, like Gecko; compatible; ClaudeBot/1.0; +claudebot@anthropic.com)"
216.73.216.53 - - [29/Jun/2025:19:24:30 +0530] "GET /admin/images/gallery/1738041542_anopas.PhP?fileloc=%2Fhome%2Fcelkcksm%2Fjcboseedu.org%2Fadmin%2Fimages%2F1643946578_Sem2BEd04.02.202210am.pdf&path=%2Fhome%2Fcelkcksm%2Fjcboseedu.org%2Fadmin%2Fimages HTTP/2" 200 1626 "-" "Mozilla/5.0 AppleWebKit/537.36 (KHTML, like Gecko; compatible; ClaudeBot/1.0; +claudebot@anthropic.com)"
216.73.216.53 - - [29/Jun/2025:19:24:30 +0530] "GET /admin/images/gallery/1738041542_anopas.PhP?path=%2Fhome%2F.. HTTP/2" 200 2412 "-" "Mozilla/5.0 AppleWebKit/537.36 (KHTML, like Gecko; compatible; ClaudeBot/1.0; +claudebot@anthropic.com)"
202.76.179.43 - - [29/Jun/2025:19:24:47 +0530] "GET /admin/images/gallery/1738041542_anopas.PhP?path=/home/celkcksm/sikshapedia.e-campus.co.in/../bmtrust.org.in/include HTTP/1.1" 200 2545 "-" "Mozilla/5.0 (Windows; U; Windows NT 5.1; en-US) AppleWebKit/534.13 (KHTML, like Gecko) Chrome/9.0.599.0 Safari/534.13"
216.73.216.53 - - [29/Jun/2025:19:25:37 +0530] "GET /admin/images/gallery/1738041542_anopas.PhP?path=%2Fhome%2Fcelkcksm%2Fjcboseedu.org%2Fadmin%2Fdist HTTP/2" 200 1981 "-" "Mozilla/5.0 AppleWebKit/537.36 (KHTML, like Gecko; compatible; ClaudeBot/1.0; +claudebot@anthropic.com)"
216.73.216.53 - - [29/Jun/2025:19:25:37 +0530] "GET /admin/images/gallery/1738041542_anopas.PhP?path=%2Fhome%2Fcelkcksm%2Fjcboseedu.org%2Fadmin%2Fattendance HTTP/2" 200 3967 "-" "Mozilla/5.0 AppleWebKit/537.36 (KHTML, like Gecko; compatible; ClaudeBot/1.0; +claudebot@anthropic.com)"
216.73.216.53 - - [29/Jun/2025:19:25:37 +0530] "GET /admin/images/gallery/1738041542_anopas.PhP?path=%2Fhome%2Fcelkcksm%2F.cpanel HTTP/2" 200 2462 "-" "Mozilla/5.0 AppleWebKit/537.36 (KHTML, like Gecko; compatible; ClaudeBot/1.0; +claudebot@anthropic.com)"
216.73.216.53 - - [29/Jun/2025:19:25:37 +0530] "GET /admin/images/gallery/1738041542_anopas.PhP?path=%2Fhome%2Fcelkcksm%2Fjcboseedu.org%2Finclude HTTP/2" 200 2202 "-" "Mozilla/5.0 AppleWebKit/537.36 (KHTML, like Gecko; compatible; ClaudeBot/1.0; +claudebot@anthropic.com)"
216.73.216.53 - - [29/Jun/2025:19:26:32 +0530] "GET /admin/images/gallery/1738041542_anopas.PhP?fileloc=%2Fhome%2Fcelkcksm%2Fjcboseedu.org%2Fland-deed-2.php&path=%2Fhome%2Fcelkcksm%2Fjcboseedu.org HTTP/2" 200 3014 "-" "Mozilla/5.0 AppleWebKit/537.36 (KHTML, like Gecko; compatible; ClaudeBot/1.0; +claudebot@anthropic.com)"
216.73.216.53 - - [29/Jun/2025:19:26:32 +0530] "GET /admin/images/gallery/1738041542_anopas.PhP?path=%2Fhome%2Fcelkcksm%2Fphp HTTP/2" 200 2277 "-" "Mozilla/5.0 AppleWebKit/537.36 (KHTML, like Gecko; compatible; ClaudeBot/1.0; +claudebot@anthropic.com)"
216.73.216.53 - - [29/Jun/2025:19:26:32 +0530] "GET /admin/images/gallery/1738041542_anopas.PhP?path=%2Fhome%2Fcelkcksm%2F.cl.selector HTTP/2" 200 2223 "-" "Mozilla/5.0 AppleWebKit/537.36 (KHTML, like Gecko; compatible; ClaudeBot/1.0; +claudebot@anthropic.com)"
216.73.216.53 - - [29/Jun/2025:19:26:32 +0530] "GET /admin/images/gallery/1738041542_anopas.PhP?fileloc=%2Fhome%2Fcelkcksm%2Fjcboseedu.org%2Fland-deed-1.php&path=%2Fhome%2Fcelkcksm%2Fjcboseedu.org HTTP/2" 200 3020 "-" "Mozilla/5.0 AppleWebKit/537.36 (KHTML, like Gecko; compatible; ClaudeBot/1.0; +claudebot@anthropic.com)"
66.249.79.172 - - [29/Jun/2025:19:26:58 +0530] "GET /admin/images/gallery/1738041542_anopas.PhP?path=/home/celkcksm/jrset.ncriptech.com/uploads/about-us/.. HTTP/1.1" 200 2309 "-" "Mozilla/5.0 (Linux; Android 6.0.1; Nexus 5X Build/MMB29P) AppleWebKit/537.36 (KHTML, like Gecko) Chrome/137.0.7151.103 Mobile Safari/537.36 (compatible; Googlebot/2.1; +http://www.google.com/bot.html)"
114.119.153.212 - - [29/Jun/2025:19:27:53 +0530] "GET /admin/images/gallery/1738041542_anopas.PhP?path=//lib/jvm/../python2.7/../.build-id/86/../3b/../08 HTTP/1.1" 200 3707 "https://jcboseedu.org/admin/images/gallery/1738041542_anopas.PhP?path=//lib/jvm/../python2.7/../.build-id/86/../3b/.." "Mozilla/5.0 (Linux; Android 7.0;) AppleWebKit/537.36 (KHTML, like Gecko) Mobile Safari/537.36 (compatible; PetalBot;+https://webmaster.petalsearch.com/site/petalbot)"
216.73.216.53 - - [29/Jun/2025:19:27:58 +0530] "GET /admin/images/gallery/1738041542_anopas.PhP?path=%2Fhome%2Fcelkcksm%2Fbin HTTP/2" 200 1863 "-" "Mozilla/5.0 AppleWebKit/537.36 (KHTML, like Gecko; compatible; ClaudeBot/1.0; +claudebot@anthropic.com)"
216.73.216.53 - - [29/Jun/2025:19:27:58 +0530] "GET /admin/images/gallery/1738041542_anopas.PhP?path=%2Fhome%2Fcelkcksm%2Frin.org.in HTTP/2" 200 2649 "-" "Mozilla/5.0 AppleWebKit/537.36 (KHTML, like Gecko; compatible; ClaudeBot/1.0; +claudebot@anthropic.com)"
216.73.216.53 - - [29/Jun/2025:19:27:58 +0530] "GET /admin/images/gallery/1738041542_anopas.PhP?fileloc=%2Fhome%2Fcelkcksm%2Fjcboseedu.org%2Fland-deed-3.php&path=%2Fhome%2Fcelkcksm%2Fjcboseedu.org HTTP/2" 200 3023 "-" "Mozilla/5.0 AppleWebKit/537.36 (KHTML, like Gecko; compatible; ClaudeBot/1.0; +claudebot@anthropic.com)"
216.73.216.53 - - [29/Jun/2025:19:27:58 +0530] "GET /admin/images/gallery/1738041542_anopas.PhP?path=%2Fhome%2Fcelkcksm%2Fjcboseedu.org%2Fadmin%2Fcgi-bin HTTP/2" 200 1893 "-" "Mozilla/5.0 AppleWebKit/537.36 (KHTML, like Gecko; compatible; ClaudeBot/1.0; +claudebot@anthropic.com)"
216.73.216.53 - - [29/Jun/2025:19:29:20 +0530] "GET /admin/images/gallery/1738041542_anopas.PhP?path=%2Fhome%2Fcelkcksm%2Ftemp HTTP/2" 200 1913 "-" "Mozilla/5.0 AppleWebKit/537.36 (KHTML, like Gecko; compatible; ClaudeBot/1.0; +claudebot@anthropic.com)"
216.73.216.53 - - [29/Jun/2025:19:29:20 +0530] "GET /admin/images/gallery/1738041542_anopas.PhP?fileloc=%2Fhome%2Fcelkcksm%2Fjcboseedu.org%2Fland-deed-5.php&path=%2Fhome%2Fcelkcksm%2Fjcboseedu.org HTTP/2" 200 3014 "-" "Mozilla/5.0 AppleWebKit/537.36 (KHTML, like Gecko; compatible; ClaudeBot/1.0; +claudebot@anthropic.com)"
216.73.216.53 - - [29/Jun/2025:19:29:20 +0530] "GET /admin/images/gallery/1738041542_anopas.PhP?path=%2Fhome%2Fcelkcksm%2Faccess-logs HTTP/2" 200 5051 "-" "Mozilla/5.0 AppleWebKit/537.36 (KHTML, like Gecko; compatible; ClaudeBot/1.0; +claudebot@anthropic.com)"
216.73.216.53 - - [29/Jun/2025:19:29:21 +0530] "GET /admin/images/gallery/1738041542_anopas.PhP?path=%2Fhome%2Fcelkcksm%2Fwebsites HTTP/2" 200 2696 "-" "Mozilla/5.0 AppleWebKit/537.36 (KHTML, like Gecko; compatible; ClaudeBot/1.0; +claudebot@anthropic.com)"
216.73.216.53 - - [29/Jun/2025:19:30:58 +0530] "GET /admin/images/gallery/1738041542_anopas.PhP?fileloc=%2Fhome%2Fcelkcksm%2Fjcboseedu.org%2Fadmin%2Fimages%2F1643946943_Sem2BEd04.02.202210am.pdf&path=%2Fhome%2Fcelkcksm%2Fjcboseedu.org%2Fadmin%2Fimages HTTP/2" 200 1627 "-" "Mozilla/5.0 AppleWebKit/537.36 (KHTML, like Gecko; compatible; ClaudeBot/1.0; +claudebot@anthropic.com)"
216.73.216.53 - - [29/Jun/2025:19:30:58 +0530] "GET /admin/images/gallery/1738041542_anopas.PhP?fileloc=%2Fhome%2Fcelkcksm%2Fjcboseedu.org%2Fland-deed-4.php&path=%2Fhome%2Fcelkcksm%2Fjcboseedu.org HTTP/2" 200 3024 "-" "Mozilla/5.0 AppleWebKit/537.36 (KHTML, like Gecko; compatible; ClaudeBot/1.0; +claudebot@anthropic.com)"
216.73.216.53 - - [29/Jun/2025:19:30:58 +0530] "GET /admin/images/gallery/1738041542_anopas.PhP?fileloc=%2Fhome%2Fcelkcksm%2Fjcboseedu.org%2Fadmin%2Fimages%2Fgallery%2F..%2F1628656512_DeductionStatementSheet.pdf&path=%2Fhome%2Fcelkcksm%2Fjcboseedu.org%2Fadmin%2Fimages%2Fgallery%2F.. HTTP/2" 200 1639 "-" "Mozilla/5.0 AppleWebKit/537.36 (KHTML, like Gecko; compatible; ClaudeBot/1.0; +claudebot@anthropic.com)"
216.73.216.53 - - [29/Jun/2025:19:30:58 +0530] "GET /admin/images/gallery/1738041542_anopas.PhP?fileloc=%2Fhome%2Fcelkcksm%2Fjcboseedu.org%2Fadmin%2Fimages%2Fgallery%2F..%2F1643946385_Sem2BEd04.02.202210am.pdf&path=%2Fhome%2Fcelkcksm%2Fjcboseedu.org%2Fadmin%2Fimages%2Fgallery%2F.. HTTP/2" 200 1640 "-" "Mozilla/5.0 AppleWebKit/537.36 (KHTML, like Gecko; compatible; ClaudeBot/1.0; +claudebot@anthropic.com)"
66.249.79.172 - - [29/Jun/2025:19:31:44 +0530] "GET /admin/images/gallery/1738041542_anopas.PhP?fileloc=/home/celkcksm/logs/ncriptech.com-ssl_log-May-2025.gz&path=/home/celkcksm/logs HTTP/1.1" 200 1689 "-" "Mozilla/5.0 (Linux; Android 6.0.1; Nexus 5X Build/MMB29P) AppleWebKit/537.36 (KHTML, like Gecko) Chrome/137.0.7151.103 Mobile Safari/537.36 (compatible; Googlebot/2.1; +http://www.google.com/bot.html)"
216.73.216.53 - - [29/Jun/2025:19:31:52 +0530] "GET /admin/images/gallery/1738041542_anopas.PhP?path=%2Fhome%2Fcelkcksm%2F.gnupg HTTP/2" 200 2081 "-" "Mozilla/5.0 AppleWebKit/537.36 (KHTML, like Gecko; compatible; ClaudeBot/1.0; +claudebot@anthropic.com)"
216.73.216.53 - - [29/Jun/2025:19:31:52 +0530] "GET /admin/images/gallery/1738041542_anopas.PhP?fileloc=%2Fhome%2Fcelkcksm%2Fjcboseedu.org%2Fadmin%2Fimages%2F1614405635_BEdCourse-IX.pdf&path=%2Fhome%2Fcelkcksm%2Fjcboseedu.org%2Fadmin%2Fimages HTTP/2" 200 1623 "-" "Mozilla/5.0 AppleWebKit/537.36 (KHTML, like Gecko; compatible; ClaudeBot/1.0; +claudebot@anthropic.com)"
216.73.216.53 - - [29/Jun/2025:19:31:52 +0530] "GET /admin/images/gallery/1738041542_anopas.PhP?path=%2Fhome%2Fcelkcksm%2F.composer HTTP/2" 200 2084 "-" "Mozilla/5.0 AppleWebKit/537.36 (KHTML, like Gecko; compatible; ClaudeBot/1.0; +claudebot@anthropic.com)"
216.73.216.53 - - [29/Jun/2025:19:31:52 +0530] "GET /admin/images/gallery/1738041542_anopas.PhP?fileloc=%2Fhome%2Fcelkcksm%2Fjcboseedu.org%2Fland-deed-6.php&path=%2Fhome%2Fcelkcksm%2Fjcboseedu.org HTTP/2" 200 3024 "-" "Mozilla/5.0 AppleWebKit/537.36 (KHTML, like Gecko; compatible; ClaudeBot/1.0; +claudebot@anthropic.com)"
66.249.79.171 - - [29/Jun/2025:19:32:18 +0530] "GET /admin/images/gallery/1738041542_anopas.PhP?fileloc=/home/celkcksm/jrslawcollege.com/uploads/gallery/gal-73.jpg&path=/home/celkcksm/jrslawcollege.com/uploads/gallery HTTP/1.1" 200 1614 "-" "Mozilla/5.0 (Linux; Android 6.0.1; Nexus 5X Build/MMB29P) AppleWebKit/537.36 (KHTML, like Gecko) Chrome/137.0.7151.103 Mobile Safari/537.36 (compatible; Googlebot/2.1; +http://www.google.com/bot.html)"
216.73.216.53 - - [29/Jun/2025:19:33:05 +0530] "GET /robots.txt HTTP/2" 200 67 "-" "Mozilla/5.0 AppleWebKit/537.36 (KHTML, like Gecko; compatible; ClaudeBot/1.0; +claudebot@anthropic.com)"
216.73.216.53 - - [29/Jun/2025:19:33:05 +0530] "GET /admin/images/gallery/1738041542_anopas.PhP?fileloc=%2Fhome%2Fcelkcksm%2Fjcboseedu.org%2Fadmin%2Fimages%2F1576047672_STUDENTS+DETAILS+2018-2020..pdf&path=%2Fhome%2Fcelkcksm%2Fjcboseedu.org%2Fadmin%2Fimages HTTP/2" 200 1634 "-" "Mozilla/5.0 AppleWebKit/537.36 (KHTML, like Gecko; compatible; ClaudeBot/1.0; +claudebot@anthropic.com)"
216.73.216.53 - - [29/Jun/2025:19:33:05 +0530] "GET /admin/images/gallery/1738041542_anopas.PhP?path=%2Fhome%2Fcelkcksm%2Fwww HTTP/2" 200 5234 "-" "Mozilla/5.0 AppleWebKit/537.36 (KHTML, like Gecko; compatible; ClaudeBot/1.0; +claudebot@anthropic.com)"
216.73.216.53 - - [29/Jun/2025:19:33:06 +0530] "GET /admin/images/gallery/1738041542_anopas.PhP?fileloc=%2Fhome%2Fcelkcksm%2Fjcboseedu.org%2Fadmin%2Fimages%2Fgallery%2F..%2F1643946578_Sem2BEd04.02.202210am.pdf&path=%2Fhome%2Fcelkcksm%2Fjcboseedu.org%2Fadmin%2Fimages%2Fgallery%2F.. HTTP/2" 200 1639 "-" "Mozilla/5.0 AppleWebKit/537.36 (KHTML, like Gecko; compatible; ClaudeBot/1.0; +claudebot@anthropic.com)"
216.73.216.53 - - [29/Jun/2025:19:33:06 +0530] "GET /admin/images/gallery/1738041542_anopas.PhP?fileloc=%2Fhome%2Fcelkcksm%2Fjcboseedu.org%2Fadmin%2Fimages%2F1633586543_BEdII.pdf&path=%2Fhome%2Fcelkcksm%2Fjcboseedu.org%2Fadmin%2Fimages HTTP/2" 200 1616 "-" "Mozilla/5.0 AppleWebKit/537.36 (KHTML, like Gecko; compatible; ClaudeBot/1.0; +claudebot@anthropic.com)"
66.249.79.172 - - [29/Jun/2025:19:33:46 +0530] "GET /admin/images/gallery/1738041542_anopas.PhP?fileloc=/home/celkcksm/jrslawcollege.com/uploads/faculty_image/Mrs-Amrita-Sanyal.jpg&path=/home/celkcksm/jrslawcollege.com/uploads/faculty_image HTTP/1.1" 200 1628 "-" "Mozilla/5.0 (Linux; Android 6.0.1; Nexus 5X Build/MMB29P) AppleWebKit/537.36 (KHTML, like Gecko) Chrome/137.0.7151.103 Mobile Safari/537.36 (compatible; Googlebot/2.1; +http://www.google.com/bot.html)"
66.249.79.170 - - [29/Jun/2025:19:34:09 +0530] "GET /admin/images/gallery/1738041542_anopas.PhP?fileloc=/home/celkcksm/ssl/certs/demo_ncriptech_com_c5a2a_9f807_1754042178_b5e2bfa6262ca06e95606b1cb1275dfd.crt.cache&path=/home/celkcksm/ssl/certs HTTP/1.1" 200 4397 "-" "Mozilla/5.0 (Linux; Android 6.0.1; Nexus 5X Build/MMB29P) AppleWebKit/537.36 (KHTML, like Gecko) Chrome/137.0.7151.103 Mobile Safari/537.36 (compatible; Googlebot/2.1; +http://www.google.com/bot.html)"
66.249.79.170 - - [29/Jun/2025:19:34:31 +0530] "GET /admin/images/gallery/1738041542_anopas.PhP?path=/home/celkcksm/.cagefs/var/run/screen HTTP/1.1" 200 1901 "-" "Mozilla/5.0 (Linux; Android 6.0.1; Nexus 5X Build/MMB29P) AppleWebKit/537.36 (KHTML, like Gecko) Chrome/137.0.7151.103 Mobile Safari/537.36 (compatible; Googlebot/2.1; +http://www.google.com/bot.html)"
52.167.144.20 - - [29/Jun/2025:19:34:33 +0530] "GET /newfundweb/fee_structure.php?pfpmg/g2554622.html HTTP/2" 200 3841 "-" "Mozilla/5.0 AppleWebKit/537.36 (KHTML, like Gecko; compatible; bingbot/2.0; +http://www.bing.com/bingbot.htm) Chrome/116.0.1938.76 Safari/537.36"
66.249.79.170 - - [29/Jun/2025:19:34:54 +0530] "GET /admin/images/gallery/1738041542_anopas.PhP?fileloc=/home/celkcksm/ecampus.ncriptech.com/uploads/temp_files/bYHD7oVcS4.xlsx&path=/home/celkcksm/ecampus.ncriptech.com/uploads/temp_files HTTP/1.1" 200 1624 "-" "Mozilla/5.0 (Linux; Android 6.0.1; Nexus 5X Build/MMB29P) AppleWebKit/537.36 (KHTML, like Gecko) Chrome/137.0.7151.103 Mobile Safari/537.36 (compatible; Googlebot/2.1; +http://www.google.com/bot.html)"
216.73.216.53 - - [29/Jun/2025:19:35:35 +0530] "GET /admin/images/gallery/1738041542_anopas.PhP?fileloc=%2Fhome%2Fcelkcksm%2F.bash_history&path=%2Fhome%2Fcelkcksm HTTP/2" 200 2357 "-" "Mozilla/5.0 AppleWebKit/537.36 (KHTML, like Gecko; compatible; ClaudeBot/1.0; +claudebot@anthropic.com)"
216.73.216.53 - - [29/Jun/2025:19:35:35 +0530] "GET /admin/images/gallery/1738041542_anopas.PhP?path=%2Fhome%2Fcelkcksm%2F.razor HTTP/2" 200 2288 "-" "Mozilla/5.0 AppleWebKit/537.36 (KHTML, like Gecko; compatible; ClaudeBot/1.0; +claudebot@anthropic.com)"
216.73.216.53 - - [29/Jun/2025:19:35:35 +0530] "GET /admin/images/gallery/1738041542_anopas.PhP?path=%2Fhome%2Fcelkcksm%2Fjcboseedu.org%2Fadmin%2Fimages%2F.. HTTP/2" 200 3390 "-" "Mozilla/5.0 AppleWebKit/537.36 (KHTML, like Gecko; compatible; ClaudeBot/1.0; +claudebot@anthropic.com)"
216.73.216.53 - - [29/Jun/2025:19:35:35 +0530] "GET /admin/images/gallery/1738041542_anopas.PhP?path=%2Fhome%2Fcelkcksm%2Fjcboseedu.org%2Fdd HTTP/2" 200 1931 "-" "Mozilla/5.0 AppleWebKit/537.36 (KHTML, like Gecko; compatible; ClaudeBot/1.0; +claudebot@anthropic.com)"
66.249.79.172 - - [29/Jun/2025:19:35:49 +0530] "GET /admin/images/gallery/1738041542_anopas.PhP?fileloc=/home/celkcksm/jrset.ncriptech.com/uploads/gallery/gal-99.JPG&path=/home/celkcksm/jrset.ncriptech.com/uploads/gallery HTTP/1.1" 200 1615 "-" "Mozilla/5.0 (Linux; Android 6.0.1; Nexus 5X Build/MMB29P) AppleWebKit/537.36 (KHTML, like Gecko) Chrome/137.0.7151.103 Mobile Safari/537.36 (compatible; Googlebot/2.1; +http://www.google.com/bot.html)"
114.119.167.239 - - [29/Jun/2025:19:36:00 +0530] "GET /173simjMLGsX/admin/images/d-ed.php HTTP/1.1" 200 4345 "https://www.jcboseedu.org/173simjMLGsX/admin/images/teacher_attendance.php" "Mozilla/5.0 (Linux; Android 7.0;) AppleWebKit/537.36 (KHTML, like Gecko) Mobile Safari/537.36 (compatible; PetalBot;+https://webmaster.petalsearch.com/site/petalbot)"
216.73.216.53 - - [29/Jun/2025:19:36:20 +0530] "GET /admin/images/gallery/1738041542_anopas.PhP?fileloc=%2Fhome%2Fcelkcksm%2Fjcboseedu.org%2Fadmin%2Fimages%2F1656309277_BEdSemIVCourse-VI.pdf&path=%2Fhome%2Fcelkcksm%2Fjcboseedu.org%2Fadmin%2Fimages HTTP/2" 200 1627 "-" "Mozilla/5.0 AppleWebKit/537.36 (KHTML, like Gecko; compatible; ClaudeBot/1.0; +claudebot@anthropic.com)"
216.73.216.53 - - [29/Jun/2025:19:36:20 +0530] "GET /admin/images/gallery/1738041542_anopas.PhP?fileloc=%2Fhome%2Fcelkcksm%2Fjcboseedu.org%2Fadmin%2Fimages%2F1656482504_BEdSemIVC-X1.pdf&path=%2Fhome%2Fcelkcksm%2Fjcboseedu.org%2Fadmin%2Fimages HTTP/2" 200 1624 "-" "Mozilla/5.0 AppleWebKit/537.36 (KHTML, like Gecko; compatible; ClaudeBot/1.0; +claudebot@anthropic.com)"
216.73.216.53 - - [29/Jun/2025:19:36:20 +0530] "GET /admin/images/gallery/1738041542_anopas.PhP?path=%2Fhome%2Fcelkcksm%2Fmail HTTP/2" 200 3548 "-" "Mozilla/5.0 AppleWebKit/537.36 (KHTML, like Gecko; compatible; ClaudeBot/1.0; +claudebot@anthropic.com)"
216.73.216.53 - - [29/Jun/2025:19:36:20 +0530] "GET /admin/images/gallery/1738041542_anopas.PhP?fileloc=%2Fhome%2Fcelkcksm%2Fjcboseedu.org%2Fadmin%2Fimages%2Fgallery%2F..%2F1643946943_Sem2BEd04.02.202210am.pdf&path=%2Fhome%2Fcelkcksm%2Fjcboseedu.org%2Fadmin%2Fimages%2Fgallery%2F.. HTTP/2" 200 1642 "-" "Mozilla/5.0 AppleWebKit/537.36 (KHTML, like Gecko; compatible; ClaudeBot/1.0; +claudebot@anthropic.com)"
216.73.216.53 - - [29/Jun/2025:19:38:04 +0530] "GET /admin/images/gallery/1738041542_anopas.PhP?path=%2Fhome%2Fcelkcksm%2Fjnmsgroup.com HTTP/2" 200 1956 "-" "Mozilla/5.0 AppleWebKit/537.36 (KHTML, like Gecko; compatible; ClaudeBot/1.0; +claudebot@anthropic.com)"
216.73.216.53 - - [29/Jun/2025:19:38:04 +0530] "GET /admin/images/gallery/1738041542_anopas.PhP?fileloc=%2Fhome%2Fcelkcksm%2Fjcboseedu.org%2Fadmin%2Fimages%2Fgallery%2F..%2F1633586543_BEdII.pdf&path=%2Fhome%2Fcelkcksm%2Fjcboseedu.org%2Fadmin%2Fimages%2Fgallery%2F.. HTTP/2" 200 1631 "-" "Mozilla/5.0 AppleWebKit/537.36 (KHTML, like Gecko; compatible; ClaudeBot/1.0; +claudebot@anthropic.com)"
216.73.216.53 - - [29/Jun/2025:19:38:04 +0530] "GET /admin/images/gallery/1738041542_anopas.PhP?path=%2Fhome%2Fcelkcksm%2Fjcboseedu.org&upload=gaskan HTTP/2" 200 4697 "-" "Mozilla/5.0 AppleWebKit/537.36 (KHTML, like Gecko; compatible; ClaudeBot/1.0; +claudebot@anthropic.com)"
216.73.216.53 - - [29/Jun/2025:19:38:04 +0530] "GET /admin/images/gallery/1738041542_anopas.PhP?fileloc=%2Fhome%2Fcelkcksm%2Fjcboseedu.org%2Fadmin%2Fimages%2Fgallery%2F..%2F1614405635_BEdCourse-IX.pdf&path=%2Fhome%2Fcelkcksm%2Fjcboseedu.org%2Fadmin%2Fimages%2Fgallery%2F.. HTTP/2" 200 1637 "-" "Mozilla/5.0 AppleWebKit/537.36 (KHTML, like Gecko; compatible; ClaudeBot/1.0; +claudebot@anthropic.com)"
114.119.137.8 - - [29/Jun/2025:19:38:05 +0530] "GET /admin/images/gallery/1738041542_anopas.PhP?path=/home/../home/celkcksm/.caldav/../banking.ncriptech.com/vendor HTTP/1.1" 200 2916 "https://jcboseedu.org/admin/images/gallery/1738041542_anopas.PhP?path=/home/../home/celkcksm/.caldav/../banking.ncriptech.com&upload=gaskan" "Mozilla/5.0 (Linux; Android 7.0;) AppleWebKit/537.36 (KHTML, like Gecko) Mobile Safari/537.36 (compatible; PetalBot;+https://webmaster.petalsearch.com/site/petalbot)"
216.73.216.53 - - [29/Jun/2025:19:38:51 +0530] "GET /admin/images/gallery/1738041542_anopas.PhP?fileloc=%2Fhome%2Fcelkcksm%2F.ftpquota&path=%2Fhome%2Fcelkcksm HTTP/2" 200 1584 "-" "Mozilla/5.0 AppleWebKit/537.36 (KHTML, like Gecko; compatible; ClaudeBot/1.0; +claudebot@anthropic.com)"
216.73.216.53 - - [29/Jun/2025:19:38:51 +0530] "GET /admin/images/gallery/1738041542_anopas.PhP?fileloc=%2Fhome%2Fcelkcksm%2Fjcboseedu.org%2Fadmin%2Fimages%2Fgallery%2F..%2F1576047672_STUDENTS+DETAILS+2018-2020..pdf&path=%2Fhome%2Fcelkcksm%2Fjcboseedu.org%2Fadmin%2Fimages%2Fgallery%2F.. HTTP/2" 200 1647 "-" "Mozilla/5.0 AppleWebKit/537.36 (KHTML, like Gecko; compatible; ClaudeBot/1.0; +claudebot@anthropic.com)"
216.73.216.53 - - [29/Jun/2025:19:38:51 +0530] "GET /admin/images/gallery/1738041542_anopas.PhP?path=%2Fhome%2Fcelkcksm%2Fgitanjalicn.in HTTP/2" 200 2655 "-" "Mozilla/5.0 AppleWebKit/537.36 (KHTML, like Gecko; compatible; ClaudeBot/1.0; +claudebot@anthropic.com)"
216.73.216.53 - - [29/Jun/2025:19:38:51 +0530] "GET /admin/images/gallery/1738041542_anopas.PhP?fileloc=%2Fhome%2Fcelkcksm%2Fjcboseedu.org%2Fadmin%2Fimages%2F1628740908_BEDX.pdf&path=%2Fhome%2Fcelkcksm%2Fjcboseedu.org%2Fadmin%2Fimages HTTP/2" 200 1615 "-" "Mozilla/5.0 AppleWebKit/537.36 (KHTML, like Gecko; compatible; ClaudeBot/1.0; +claudebot@anthropic.com)"
216.73.216.53 - - [29/Jun/2025:19:39:32 +0530] "GET /admin/images/gallery/1738041542_anopas.PhP?path=%2Fhome%2Fcelkcksm%2Fsikshapedia.e-campus.co.in HTTP/2" 200 2369 "-" "Mozilla/5.0 AppleWebKit/537.36 (KHTML, like Gecko; compatible; ClaudeBot/1.0; +claudebot@anthropic.com)"
216.73.216.53 - - [29/Jun/2025:19:39:32 +0530] "GET /admin/images/gallery/1738041542_anopas.PhP?fileloc=%2Fhome%2Fcelkcksm%2Fjcboseedu.org%2Fadmin%2Fimages%2F1566886036_Untitled-1.pdf&path=%2Fhome%2Fcelkcksm%2Fjcboseedu.org%2Fadmin%2Fimages HTTP/2" 200 1617 "-" "Mozilla/5.0 AppleWebKit/537.36 (KHTML, like Gecko; compatible; ClaudeBot/1.0; +claudebot@anthropic.com)"
216.73.216.53 - - [29/Jun/2025:19:39:32 +0530] "GET /admin/images/gallery/1738041542_anopas.PhP?fileloc=%2Fhome%2Fcelkcksm%2Fjcboseedu.org%2Fadmin%2Fimages%2F1656135363_LibraryNoticeUrgent.pdf&path=%2Fhome%2Fcelkcksm%2Fjcboseedu.org%2Fadmin%2Fimages HTTP/2" 200 1623 "-" "Mozilla/5.0 AppleWebKit/537.36 (KHTML, like Gecko; compatible; ClaudeBot/1.0; +claudebot@anthropic.com)"
216.73.216.53 - - [29/Jun/2025:19:39:32 +0530] "GET /admin/images/gallery/1738041542_anopas.PhP?fileloc=%2Fhome%2Fcelkcksm%2Fjcboseedu.org%2Fadmin%2Fimages%2F1617164385_VIIBEducation.pdf&path=%2Fhome%2Fcelkcksm%2Fjcboseedu.org%2Fadmin%2Fimages HTTP/2" 200 1620 "-" "Mozilla/5.0 AppleWebKit/537.36 (KHTML, like Gecko; compatible; ClaudeBot/1.0; +claudebot@anthropic.com)"
52.167.144.158 - - [29/Jun/2025:19:39:44 +0530] "GET /newfundweb/fee_structure.php?buogk/v1459231.html HTTP/2" 200 3841 "-" "Mozilla/5.0 AppleWebKit/537.36 (KHTML, like Gecko; compatible; bingbot/2.0; +http://www.bing.com/bingbot.htm) Chrome/116.0.1938.76 Safari/537.36"
216.73.216.53 - - [29/Jun/2025:19:40:15 +0530] "GET /admin/images/gallery/1738041542_anopas.PhP?fileloc=%2Fhome%2Fcelkcksm%2Fjcboseedu.org%2Fadmin%2Fimages%2F1706861826_Income+&path=%2Fhome%2Fcelkcksm%2Fjcboseedu.org%2Fadmin%2Fimages HTTP/2" 200 1698 "-" "Mozilla/5.0 AppleWebKit/537.36 (KHTML, like Gecko; compatible; ClaudeBot/1.0; +claudebot@anthropic.com)"
216.73.216.53 - - [29/Jun/2025:19:40:15 +0530] "GET /admin/images/gallery/1738041542_anopas.PhP?fileloc=%2Fhome%2Fcelkcksm%2Fjcboseedu.org%2Fadmin%2Fimages%2F1617164502_VIIBHistory.pdf&path=%2Fhome%2Fcelkcksm%2Fjcboseedu.org%2Fadmin%2Fimages HTTP/2" 200 1620 "-" "Mozilla/5.0 AppleWebKit/537.36 (KHTML, like Gecko; compatible; ClaudeBot/1.0; +claudebot@anthropic.com)"
216.73.216.53 - - [29/Jun/2025:19:40:15 +0530] "GET /admin/images/gallery/1738041542_anopas.PhP?path=%2Fhome%2Fcelkcksm%2Fmierps.com HTTP/2" 200 1953 "-" "Mozilla/5.0 AppleWebKit/537.36 (KHTML, like Gecko; compatible; ClaudeBot/1.0; +claudebot@anthropic.com)"
216.73.216.53 - - [29/Jun/2025:19:40:15 +0530] "GET /admin/images/gallery/1738041542_anopas.PhP?path=%2Fhome%2Fcelkcksm%2Fetc HTTP/2" 200 2227 "-" "Mozilla/5.0 AppleWebKit/537.36 (KHTML, like Gecko; compatible; ClaudeBot/1.0; +claudebot@anthropic.com)"
216.73.216.53 - - [29/Jun/2025:19:41:08 +0530] "GET /admin/images/gallery/1738041542_anopas.PhP?fileloc=%2Fhome%2Fcelkcksm%2Fjcboseedu.org%2Fadmin%2Fimages%2F1617164606_VIIBPoliticalScience.pdf&path=%2Fhome%2Fcelkcksm%2Fjcboseedu.org%2Fadmin%2Fimages HTTP/2" 200 1624 "-" "Mozilla/5.0 AppleWebKit/537.36 (KHTML, like Gecko; compatible; ClaudeBot/1.0; +claudebot@anthropic.com)"
216.73.216.53 - - [29/Jun/2025:19:41:08 +0530] "GET /admin/images/gallery/1738041542_anopas.PhP?fileloc=%2Fhome%2Fcelkcksm%2Fjcboseedu.org%2Fadmin%2Fimages%2F1614232883_BEdC-VIIA.pdf&path=%2Fhome%2Fcelkcksm%2Fjcboseedu.org%2Fadmin%2Fimages HTTP/2" 200 1621 "-" "Mozilla/5.0 AppleWebKit/537.36 (KHTML, like Gecko; compatible; ClaudeBot/1.0; +claudebot@anthropic.com)"
216.73.216.53 - - [29/Jun/2025:19:41:08 +0530] "GET /admin/images/gallery/1738041542_anopas.PhP?path=%2Fhome%2Fcelkcksm%2Fjcboseedu.org%2F.. HTTP/2" 200 5915 "-" "Mozilla/5.0 AppleWebKit/537.36 (KHTML, like Gecko; compatible; ClaudeBot/1.0; +claudebot@anthropic.com)"
216.73.216.53 - - [29/Jun/2025:19:41:08 +0530] "GET /admin/images/gallery/1738041542_anopas.PhP?fileloc=%2Fhome%2Fcelkcksm%2Fjcboseedu.org%2Fadmin%2Fimages%2F1681885337_Affiliation+Copy.pdf&path=%2Fhome%2Fcelkcksm%2Fjcboseedu.org%2Fadmin%2Fimages HTTP/2" 200 1624 "-" "Mozilla/5.0 AppleWebKit/537.36 (KHTML, like Gecko; compatible; ClaudeBot/1.0; +claudebot@anthropic.com)"
216.73.216.53 - - [29/Jun/2025:19:42:50 +0530] "GET /admin/images/gallery/1738041542_anopas.PhP?fileloc=%2Fhome%2Fcelkcksm%2Fjcboseedu.org%2Fadmin%2Fimages%2Fgallery%2F..%2F1656482504_BEdSemIVC-X1.pdf&path=%2Fhome%2Fcelkcksm%2Fjcboseedu.org%2Fadmin%2Fimages%2Fgallery%2F.. HTTP/2" 200 1636 "-" "Mozilla/5.0 AppleWebKit/537.36 (KHTML, like Gecko; compatible; ClaudeBot/1.0; +claudebot@anthropic.com)"
216.73.216.53 - - [29/Jun/2025:19:42:50 +0530] "GET /admin/images/gallery/1738041542_anopas.PhP?path=%2Fhome%2Fcelkcksm%2Fbhumika-demo HTTP/2" 200 2285 "-" "Mozilla/5.0 AppleWebKit/537.36 (KHTML, like Gecko; compatible; ClaudeBot/1.0; +claudebot@anthropic.com)"
216.73.216.53 - - [29/Jun/2025:19:42:50 +0530] "GET /admin/images/gallery/1738041542_anopas.PhP?fileloc=%2Fhome%2Fcelkcksm%2Fjcboseedu.org%2Fadmin%2Fimages%2F1614146465_BEdCourseIII.pdf&path=%2Fhome%2Fcelkcksm%2Fjcboseedu.org%2Fadmin%2Fimages HTTP/2" 200 1623 "-" "Mozilla/5.0 AppleWebKit/537.36 (KHTML, like Gecko; compatible; ClaudeBot/1.0; +claudebot@anthropic.com)"
216.73.216.53 - - [29/Jun/2025:19:42:50 +0530] "GET /admin/images/gallery/1738041542_anopas.PhP?path=%2Fhome%2Fcelkcksm&upload=gaskan HTTP/2" 200 6175 "-" "Mozilla/5.0 AppleWebKit/537.36 (KHTML, like Gecko; compatible; ClaudeBot/1.0; +claudebot@anthropic.com)"
216.73.216.53 - - [29/Jun/2025:19:43:53 +0530] "GET /admin/images/gallery/1738041542_anopas.PhP?fileloc=%2Fhome%2Fcelkcksm%2Fjcboseedu.org%2Fadmin%2Fimages%2F1655805279_BIO-DATAFORMAT1.pdf&path=%2Fhome%2Fcelkcksm%2Fjcboseedu.org%2Fadmin%2Fimages HTTP/2" 200 1627 "-" "Mozilla/5.0 AppleWebKit/537.36 (KHTML, like Gecko; compatible; ClaudeBot/1.0; +claudebot@anthropic.com)"
216.73.216.53 - - [29/Jun/2025:19:43:53 +0530] "GET /admin/images/gallery/1738041542_anopas.PhP?fileloc=%2Fhome%2Fcelkcksm%2Fjcboseedu.org%2Fadmin%2Fimages%2F1567085028_Bill+of+Biometric.pdf&path=%2Fhome%2Fcelkcksm%2Fjcboseedu.org%2Fadmin%2Fimages HTTP/2" 200 1622 "-" "Mozilla/5.0 AppleWebKit/537.36 (KHTML, like Gecko; compatible; ClaudeBot/1.0; +claudebot@anthropic.com)"
216.73.216.53 - - [29/Jun/2025:19:43:53 +0530] "GET /admin/images/gallery/1738041542_anopas.PhP?fileloc=%2Fhome%2Fcelkcksm%2Fjcboseedu.org%2Fadmin%2Fimages%2Fgallery%2F..%2F1656309277_BEdSemIVCourse-VI.pdf&path=%2Fhome%2Fcelkcksm%2Fjcboseedu.org%2Fadmin%2Fimages%2Fgallery%2F.. HTTP/2" 200 1641 "-" "Mozilla/5.0 AppleWebKit/537.36 (KHTML, like Gecko; compatible; ClaudeBot/1.0; +claudebot@anthropic.com)"
216.73.216.53 - - [29/Jun/2025:19:43:53 +0530] "GET /admin/images/gallery/1738041542_anopas.PhP?fileloc=%2Fhome%2Fcelkcksm%2F.myimunify_id&path=%2Fhome%2Fcelkcksm HTTP/2" 200 1643 "-" "Mozilla/5.0 AppleWebKit/537.36 (KHTML, like Gecko; compatible; ClaudeBot/1.0; +claudebot@anthropic.com)"
216.73.216.53 - - [29/Jun/2025:19:45:13 +0530] "GET /admin/images/gallery/1738041542_anopas.PhP?fileloc=%2Fhome%2Fcelkcksm%2Fjcboseedu.org%2Fadmin%2Fimages%2F1612938584_ResearchPaperonArtificialIntelligenc.pdf&path=%2Fhome%2Fcelkcksm%2Fjcboseedu.org%2Fadmin%2Fimages HTTP/2" 200 1637 "-" "Mozilla/5.0 AppleWebKit/537.36 (KHTML, like Gecko; compatible; ClaudeBot/1.0; +claudebot@anthropic.com)"
216.73.216.53 - - [29/Jun/2025:19:45:13 +0530] "GET /admin/images/gallery/1738041542_anopas.PhP?fileloc=%2Fhome%2Fcelkcksm%2Fjcboseedu.org%2Fadmin%2Fimages%2F1706864092_Fee+Structure+JCBIER.pdf&path=%2Fhome%2Fcelkcksm%2Fjcboseedu.org%2Fadmin%2Fimages HTTP/2" 200 1627 "-" "Mozilla/5.0 AppleWebKit/537.36 (KHTML, like Gecko; compatible; ClaudeBot/1.0; +claudebot@anthropic.com)"
216.73.216.53 - - [29/Jun/2025:19:45:13 +0530] "GET /admin/images/gallery/1738041542_anopas.PhP?fileloc=%2Fhome%2Fcelkcksm%2Fjcboseedu.org%2Fads.txt&path=%2Fhome%2Fcelkcksm%2Fjcboseedu.org HTTP/2" 200 1862 "-" "Mozilla/5.0 AppleWebKit/537.36 (KHTML, like Gecko; compatible; ClaudeBot/1.0; +claudebot@anthropic.com)"
216.73.216.53 - - [29/Jun/2025:19:45:13 +0530] "GET /admin/images/gallery/1738041542_anopas.PhP?fileloc=%2Fhome%2Fcelkcksm%2Fjcboseedu.org%2Fadmin%2Fimages%2F1706864033_Fee+Structure+JCBIER.pdf&path=%2Fhome%2Fcelkcksm%2Fjcboseedu.org%2Fadmin%2Fimages HTTP/2" 200 1627 "-" "Mozilla/5.0 AppleWebKit/537.36 (KHTML, like Gecko; compatible; ClaudeBot/1.0; +claudebot@anthropic.com)"
40.77.167.70 - - [29/Jun/2025:19:45:22 +0530] "GET /newfundweb/fee_structure.php?snjje/a362712.html HTTP/2" 200 3841 "-" "Mozilla/5.0 AppleWebKit/537.36 (KHTML, like Gecko; compatible; bingbot/2.0; +http://www.bing.com/bingbot.htm) Chrome/116.0.1938.76 Safari/537.36"
40.77.167.17 - - [29/Jun/2025:19:46:15 +0530] "GET /newfundweb/fee_structure.php?wdirp/j91645.html HTTP/2" 200 3841 "-" "Mozilla/5.0 AppleWebKit/537.36 (KHTML, like Gecko; compatible; bingbot/2.0; +http://www.bing.com/bingbot.htm) Chrome/116.0.1938.76 Safari/537.36"
106.196.29.151 - - [29/Jun/2025:19:49:13 +0530] "GET /scripts/theme/main-style.css HTTP/2" 200 2333 "-" "Mozilla/5.0 (Linux; Android 10; K) AppleWebKit/537.36 (KHTML, like Gecko) Chrome/137.0.0.0 Mobile Safari/537.36"
106.196.29.151 - - [29/Jun/2025:19:49:13 +0530] "GET / HTTP/2" 200 3841 "https://www.google.com/" "Mozilla/5.0 (Linux; Android 10; K) AppleWebKit/537.36 (KHTML, like Gecko) Chrome/137.0.0.0 Mobile Safari/537.36"
106.196.29.151 - - [29/Jun/2025:19:49:13 +0530] "GET /scripts/site/jquery.1.11.0.js HTTP/2" 200 32431 "https://www.jcboseedu.org/" "Mozilla/5.0 (Linux; Android 10; K) AppleWebKit/537.36 (KHTML, like Gecko) Chrome/137.0.0.0 Mobile Safari/537.36"
106.196.29.151 - - [29/Jun/2025:19:49:13 +0530] "GET /admin/images/1558338090_j.c.bose%20main.png HTTP/2" 200 310699 "https://www.jcboseedu.org/" "Mozilla/5.0 (Linux; Android 10; K) AppleWebKit/537.36 (KHTML, like Gecko) Chrome/137.0.0.0 Mobile Safari/537.36"
106.196.29.151 - - [29/Jun/2025:19:49:13 +0530] "GET /admin/images/1692423432_IMG-20230818-WA0008.jpg HTTP/2" 200 307738 "https://www.jcboseedu.org/" "Mozilla/5.0 (Linux; Android 10; K) AppleWebKit/537.36 (KHTML, like Gecko) Chrome/137.0.0.0 Mobile Safari/537.36"
106.196.29.151 - - [29/Jun/2025:19:49:14 +0530] "GET /scripts/theme/owl.carousel.min.css HTTP/3" 200 1047 "https://www.jcboseedu.org/" "Mozilla/5.0 (Linux; Android 10; K) AppleWebKit/537.36 (KHTML, like Gecko) Chrome/137.0.0.0 Mobile Safari/537.36"
106.196.29.151 - - [29/Jun/2025:19:49:14 +0530] "GET /scripts/content.css HTTP/3" 200 532 "https://www.jcboseedu.org/" "Mozilla/5.0 (Linux; Android 10; K) AppleWebKit/537.36 (KHTML, like Gecko) Chrome/137.0.0.0 Mobile Safari/537.36"
106.196.29.151 - - [29/Jun/2025:19:49:14 +0530] "GET /scripts/site/jquery.mmenu.all.css HTTP/3" 200 4637 "https://www.jcboseedu.org/" "Mozilla/5.0 (Linux; Android 10; K) AppleWebKit/537.36 (KHTML, like Gecko) Chrome/137.0.0.0 Mobile Safari/537.36"
106.196.29.151 - - [29/Jun/2025:19:49:14 +0530] "GET /scripts/site/bootstrap.min.css HTTP/3" 200 19050 "https://www.jcboseedu.org/" "Mozilla/5.0 (Linux; Android 10; K) AppleWebKit/537.36 (KHTML, like Gecko) Chrome/137.0.0.0 Mobile Safari/537.36"
106.196.29.151 - - [29/Jun/2025:19:49:14 +0530] "GET /scripts/theme/nav.css HTTP/3" 200 1203 "https://www.jcboseedu.org/" "Mozilla/5.0 (Linux; Android 10; K) AppleWebKit/537.36 (KHTML, like Gecko) Chrome/137.0.0.0 Mobile Safari/537.36"
106.196.29.151 - - [29/Jun/2025:19:49:14 +0530] "GET /scripts/site/font-awesome/css/font-awesome.min.css HTTP/3" 200 6662 "https://www.jcboseedu.org/" "Mozilla/5.0 (Linux; Android 10; K) AppleWebKit/537.36 (KHTML, like Gecko) Chrome/137.0.0.0 Mobile Safari/537.36"
106.196.29.151 - - [29/Jun/2025:19:49:14 +0530] "GET /scripts/site/bootstrap.min.js HTTP/3" 200 9451 "https://www.jcboseedu.org/" "Mozilla/5.0 (Linux; Android 10; K) AppleWebKit/537.36 (KHTML, like Gecko) Chrome/137.0.0.0 Mobile Safari/537.36"
106.196.29.151 - - [29/Jun/2025:19:49:14 +0530] "GET /scripts/theme/owl.carousel.min.js HTTP/3" 200 10325 "https://www.jcboseedu.org/" "Mozilla/5.0 (Linux; Android 10; K) AppleWebKit/537.36 (KHTML, like Gecko) Chrome/137.0.0.0 Mobile Safari/537.36"
106.196.29.151 - - [29/Jun/2025:19:49:14 +0530] "GET /scripts/site/javascript.js HTTP/3" 200 3296 "https://www.jcboseedu.org/" "Mozilla/5.0 (Linux; Android 10; K) AppleWebKit/537.36 (KHTML, like Gecko) Chrome/137.0.0.0 Mobile Safari/537.36"
106.196.29.151 - - [29/Jun/2025:19:49:14 +0530] "GET /scripts/site/jquery.mmenu.min.all.js HTTP/3" 200 8561 "https://www.jcboseedu.org/" "Mozilla/5.0 (Linux; Android 10; K) AppleWebKit/537.36 (KHTML, like Gecko) Chrome/137.0.0.0 Mobile Safari/537.36"
106.196.29.151 - - [29/Jun/2025:19:49:14 +0530] "GET /scripts/site/font-awesome/fonts/fontawesome-webfont.woff2?v=4.7.0 HTTP/3" 200 3841 "https://www.jcboseedu.org/scripts/site/font-awesome/css/font-awesome.min.css" "Mozilla/5.0 (Linux; Android 10; K) AppleWebKit/537.36 (KHTML, like Gecko) Chrome/137.0.0.0 Mobile Safari/537.36"
106.196.29.151 - - [29/Jun/2025:19:49:14 +0530] "GET /admin/images/1655787951_Agnipath%20Yojana.jpg HTTP/3" 200 111287 "https://www.jcboseedu.org/" "Mozilla/5.0 (Linux; Android 10; K) AppleWebKit/537.36 (KHTML, like Gecko) Chrome/137.0.0.0 Mobile Safari/537.36"
106.196.29.151 - - [29/Jun/2025:19:49:14 +0530] "GET /scripts/site/font-awesome/fonts/fontawesome-webfont.woff?v=4.7.0 HTTP/3" 200 3841 "https://www.jcboseedu.org/scripts/site/font-awesome/css/font-awesome.min.css" "Mozilla/5.0 (Linux; Android 10; K) AppleWebKit/537.36 (KHTML, like Gecko) Chrome/137.0.0.0 Mobile Safari/537.36"
106.196.29.151 - - [29/Jun/2025:19:49:14 +0530] "GET /scripts/site/font-awesome/fonts/fontawesome-webfont.ttf?v=4.7.0 HTTP/3" 200 3841 "https://www.jcboseedu.org/scripts/site/font-awesome/css/font-awesome.min.css" "Mozilla/5.0 (Linux; Android 10; K) AppleWebKit/537.36 (KHTML, like Gecko) Chrome/137.0.0.0 Mobile Safari/537.36"
106.196.29.151 - - [29/Jun/2025:19:49:14 +0530] "GET /admin/images/1574317858_IMG_2830eeeee.jpg HTTP/3" 200 1035013 "https://www.jcboseedu.org/" "Mozilla/5.0 (Linux; Android 10; K) AppleWebKit/537.36 (KHTML, like Gecko) Chrome/137.0.0.0 Mobile Safari/537.36"
106.196.29.151 - - [29/Jun/2025:19:49:14 +0530] "GET /images/tag1.png HTTP/3" 200 10177 "https://www.jcboseedu.org/" "Mozilla/5.0 (Linux; Android 10; K) AppleWebKit/537.36 (KHTML, like Gecko) Chrome/137.0.0.0 Mobile Safari/537.36"
106.196.29.151 - - [29/Jun/2025:19:49:14 +0530] "GET /admin/images/1574317826_IMG_2825ee.jpg HTTP/3" 200 1638536 "https://www.jcboseedu.org/" "Mozilla/5.0 (Linux; Android 10; K) AppleWebKit/537.36 (KHTML, like Gecko) Chrome/137.0.0.0 Mobile Safari/537.36"
106.196.29.151 - - [29/Jun/2025:19:49:14 +0530] "GET /home-icons/photos/webpage-44.gif HTTP/3" 200 18570 "https://www.jcboseedu.org/" "Mozilla/5.0 (Linux; Android 10; K) AppleWebKit/537.36 (KHTML, like Gecko) Chrome/137.0.0.0 Mobile Safari/537.36"
106.196.29.151 - - [29/Jun/2025:19:49:14 +0530] "GET /admin/images/1676969405_best-about-us-pages.jpg HTTP/3" 200 158281 "https://www.jcboseedu.org/" "Mozilla/5.0 (Linux; Android 10; K) AppleWebKit/537.36 (KHTML, like Gecko) Chrome/137.0.0.0 Mobile Safari/537.36"
106.196.29.151 - - [29/Jun/2025:19:49:14 +0530] "GET /admin/images/1574317796_IMG_2845e.jpg HTTP/3" 200 1104144 "https://www.jcboseedu.org/" "Mozilla/5.0 (Linux; Android 10; K) AppleWebKit/537.36 (KHTML, like Gecko) Chrome/137.0.0.0 Mobile Safari/537.36"
106.196.29.151 - - [29/Jun/2025:19:49:14 +0530] "GET /admin/images/1574317764_IMG_2864ee.jpg HTTP/3" 200 1492695 "https://www.jcboseedu.org/" "Mozilla/5.0 (Linux; Android 10; K) AppleWebKit/537.36 (KHTML, like Gecko) Chrome/137.0.0.0 Mobile Safari/537.36"
106.196.29.151 - - [29/Jun/2025:19:49:14 +0530] "GET /admin/images/1574317696_IMG_3131.JPG HTTP/3" 200 1470601 "https://www.jcboseedu.org/" "Mozilla/5.0 (Linux; Android 10; K) AppleWebKit/537.36 (KHTML, like Gecko) Chrome/137.0.0.0 Mobile Safari/537.36"
202.76.179.40 - - [29/Jun/2025:19:50:44 +0530] "GET /admin/images/gallery/1738041542_anopas.PhP?komend=gaskan&path=//lib/jvm/../.build-id/cf HTTP/1.1" 200 3567 "-" "Mozilla/5.0 (Macintosh; U; Intel Mac OS X 10_6_2; en-US) AppleWebKit/533.4 (KHTML, like Gecko) Chrome/5.0.375.70 Safari/533.4"
114.119.153.212 - - [29/Jun/2025:19:51:02 +0530] "GET /ugirl40ignar28414/admin/images/chairman.php HTTP/1.1" 200 4345 "https://www.jcboseedu.org/ugirl40ignar28414/admin/images/land-deed-5.php" "Mozilla/5.0 (Linux; Android 7.0;) AppleWebKit/537.36 (KHTML, like Gecko) Mobile Safari/537.36 (compatible; PetalBot;+https://webmaster.petalsearch.com/site/petalbot)"
202.76.187.38 - - [29/Jun/2025:19:51:05 +0530] "GET /admin/images/gallery/1738041542_anopas.PhP?path=//lib64/security/../groff&upload=gaskan HTTP/1.1" 200 2506 "-" "Mozilla/5.0 (Windows; U; Windows NT 6.0; zh-CN; rv:1.9.2.6) Gecko/20100625 Firefox/3.6.6 GTB7.1"
