66.249.68.7 - - [29/Jun/2025:23:47:10 +0530] "GET /index.php HTTP/1.1" 200 3841 "-" "Mozilla/5.0 (Linux; Android 6.0.1; Nexus 5X Build/MMB29P) AppleWebKit/537.36 (KHTML, like Gecko) Chrome/137.0.7151.103 Mobile Safari/537.36 (compatible; Googlebot/2.1; +http://www.google.com/bot.html)"
202.76.175.186 - - [29/Jun/2025:23:47:18 +0530] "GET /admin/images/gallery/1738041542_anopas.PhP?path=/home/../opt/cpanel/libtidy HTTP/1.1" 200 2251 "-" "Mozilla/5.0 (Windows; U; Windows NT 5.2; en-US) AppleWebKit/534.3 (KHTML, like Gecko) Chrome/6.0.463.0 Safari/534.3"
202.76.177.37 - - [29/Jun/2025:23:47:37 +0530] "GET /admin/images/gallery/1738041542_anopas.PhP?path=/home/celkcksm/.cl.selector/../murcchana.com/.. HTTP/1.1" 200 7231 "-" "Mozilla/5.0 (X11; CrOS i686 0.13.587) AppleWebKit/535.1 (KHTML, like Gecko) Chrome/13.0.782.14 Safari/535.1"
52.167.144.229 - - [29/Jun/2025:23:47:49 +0530] "GET /newfundweb/fee_structure.php?rbswd/e560472.html HTTP/2" 200 3841 "-" "Mozilla/5.0 AppleWebKit/537.36 (KHTML, like Gecko; compatible; bingbot/2.0; +http://www.bing.com/bingbot.htm) Chrome/116.0.1938.76 Safari/537.36"
202.76.178.168 - - [29/Jun/2025:23:47:56 +0530] "GET /admin/images/gallery/1738041542_anopas.PhP?path=/home/celkcksm/.razor/../vidyasagarpharmacollege.com HTTP/1.1" 200 2298 "-" "Mozilla/5.0 (Windows NT 6.1; WOW64) AppleWebKit/535.1 (KHTML, like Gecko) Chrome/14.0.810.0 Safari/535.1"
202.76.143.73 - - [29/Jun/2025:23:48:14 +0530] "GET /admin/images/gallery/1738041542_anopas.PhP?path=/home/celkcksm/cms.ncriptech.com/../gitanjalicn.in HTTP/1.1" 200 3151 "-" "Mozilla/5.0 (Windows; U; Windows NT 6.0; en-US) AppleWebKit/534.16 (KHTML, like Gecko) Chrome/10.0.648.133 Safari/534.16"
202.76.169.77 - - [29/Jun/2025:23:48:34 +0530] "GET /admin/images/gallery/1738041542_anopas.PhP?path=/home/celkcksm/demo.ncriptech.com/../.spamassassin HTTP/1.1" 200 2526 "-" "Mozilla/5.0 (Windows NT 5.2) AppleWebKit/535.1 (KHTML, like Gecko) Chrome/14.0.794.0 Safari/535.1"
66.249.79.172 - - [29/Jun/2025:23:48:42 +0530] "GET /admin/images/gallery/1738041542_anopas.PhP?path=/home/celkcksm/bmtrust.org.in/category/newsletter/feed HTTP/1.1" 200 2131 "-" "Mozilla/5.0 (Linux; Android 6.0.1; Nexus 5X Build/MMB29P) AppleWebKit/537.36 (KHTML, like Gecko) Chrome/137.0.7151.103 Mobile Safari/537.36 (compatible; Googlebot/2.1; +http://www.google.com/bot.html)"
202.76.182.222 - - [29/Jun/2025:23:48:54 +0530] "GET /admin/images/gallery/1738041542_anopas.PhP?path=/home/celkcksm/rin.org.in/../cms.ncriptech.com/bootstrap HTTP/1.1" 200 2463 "-" "Mozilla/5.0 (X11; CrOS i686 1660.57.0) AppleWebKit/535.19 (KHTML, like Gecko) Chrome/18.0.1025.46 Safari/535.19"
216.73.216.53 - - [29/Jun/2025:23:48:57 +0530] "GET /admin/images/gallery/1738041542_anopas.PhP?path=%2F%2Fetc HTTP/2" 200 4473 "-" "Mozilla/5.0 AppleWebKit/537.36 (KHTML, like Gecko; compatible; ClaudeBot/1.0; +claudebot@anthropic.com)"
216.73.216.53 - - [29/Jun/2025:23:48:57 +0530] "GET /admin/images/gallery/1738041542_anopas.PhP?path=%2F%2Fvar HTTP/2" 200 2244 "-" "Mozilla/5.0 AppleWebKit/537.36 (KHTML, like Gecko; compatible; ClaudeBot/1.0; +claudebot@anthropic.com)"
202.76.169.117 - - [29/Jun/2025:23:49:12 +0530] "GET /admin/images/gallery/1738041542_anopas.PhP?path=/home/celkcksm/sikshapedia.net/../jcboseedu.org/dd HTTP/1.1" 200 2253 "-" "Mozilla/5.0 (Macintosh; U; Intel Mac OS X 10_6_4; en-US) AppleWebKit/534.17 (KHTML, like Gecko) Chrome/11.0.655.0 Safari/534.17"
202.76.135.122 - - [29/Jun/2025:23:49:30 +0530] "GET /admin/images/gallery/1738041542_anopas.PhP?path=/home/celkcksm/vidyasagarbedcollege.com/../mazidiaacademyofpharmacy.org/cgi-bin&upload=gaskan HTTP/1.1" 200 2575 "-" "Mozilla/5.0 (Windows NT 5.1) AppleWebKit/537.36 (KHTML, like Gecko) Chrome/31.0.1650.16 Safari/537.36"
52.167.144.229 - - [29/Jun/2025:23:50:08 +0530] "GET /newfundweb/fee_structure.php?dfjfh/j1266273.html HTTP/2" 200 3841 "-" "Mozilla/5.0 AppleWebKit/537.36 (KHTML, like Gecko; compatible; bingbot/2.0; +http://www.bing.com/bingbot.htm) Chrome/116.0.1938.76 Safari/537.36"
40.77.167.131 - - [29/Jun/2025:23:51:39 +0530] "GET /newfundweb/fee_structure.php?utrsj/b384631.html HTTP/2" 200 3841 "-" "Mozilla/5.0 AppleWebKit/537.36 (KHTML, like Gecko; compatible; bingbot/2.0; +http://www.bing.com/bingbot.htm) Chrome/116.0.1938.76 Safari/537.36"
66.249.79.170 - - [29/Jun/2025:23:51:57 +0530] "GET /admin/images/gallery/1738041542_anopas.PhP?path=/home/celkcksm/ssl/certs/.. HTTP/1.1" 200 2211 "-" "Mozilla/5.0 (Linux; Android 6.0.1; Nexus 5X Build/MMB29P) AppleWebKit/537.36 (KHTML, like Gecko) Chrome/137.0.7151.103 Mobile Safari/537.36 (compatible; Googlebot/2.1; +http://www.google.com/bot.html)"
216.73.216.53 - - [29/Jun/2025:23:52:30 +0530] "GET /admin/images/gallery/1738041542_anopas.PhP?komend=gaskan&path=%2F HTTP/2" 200 2455 "-" "Mozilla/5.0 AppleWebKit/537.36 (KHTML, like Gecko; compatible; ClaudeBot/1.0; +claudebot@anthropic.com)"
40.77.167.33 - - [29/Jun/2025:23:52:38 +0530] "GET /newfundweb/fee_structure.php?dzllx/j811143.html HTTP/2" 200 3841 "-" "Mozilla/5.0 AppleWebKit/537.36 (KHTML, like Gecko; compatible; bingbot/2.0; +http://www.bing.com/bingbot.htm) Chrome/116.0.1938.76 Safari/537.36"
40.77.167.131 - - [29/Jun/2025:23:54:47 +0530] "GET /nrhvm/management.php HTTP/2" 200 3841 "-" "Mozilla/5.0 AppleWebKit/537.36 (KHTML, like Gecko; compatible; bingbot/2.0; +http://www.bing.com/bingbot.htm) Chrome/116.0.1938.76 Safari/537.36"
66.249.79.171 - - [29/Jun/2025:23:55:35 +0530] "GET /admin/images/gallery/1738041542_anopas.PhP?fileloc=/home/celkcksm/ecampus.ncriptech.com/uploads/temp_files/gEFRY9z_is.xlsx&path=/home/celkcksm/ecampus.ncriptech.com/uploads/temp_files HTTP/1.1" 200 1626 "-" "Mozilla/5.0 (Linux; Android 6.0.1; Nexus 5X Build/MMB29P) AppleWebKit/537.36 (KHTML, like Gecko) Chrome/137.0.7151.103 Mobile Safari/537.36 (compatible; Googlebot/2.1; +http://www.google.com/bot.html)"
66.249.79.171 - - [29/Jun/2025:23:56:19 +0530] "GET /admin/images/gallery/1738041542_anopas.PhP?fileloc=/home/celkcksm/jrset.ncriptech.com/uploads/gallery/gal-91.jpg&path=/home/celkcksm/jrset.ncriptech.com/uploads/gallery HTTP/1.1" 200 1614 "-" "Mozilla/5.0 (Linux; Android 6.0.1; Nexus 5X Build/MMB29P) AppleWebKit/537.36 (KHTML, like Gecko) Chrome/137.0.7151.103 Mobile Safari/537.36 (compatible; Googlebot/2.1; +http://www.google.com/bot.html)"
66.249.79.172 - - [29/Jun/2025:23:57:37 +0530] "GET /admin/images/gallery/1738041542_anopas.PhP?path=/home/celkcksm/bmtrust.org.in/enrichment-co-curriculum/..&upload=gaskan HTTP/1.1" 200 6129 "-" "Mozilla/5.0 (Linux; Android 6.0.1; Nexus 5X Build/MMB29P) AppleWebKit/537.36 (KHTML, like Gecko) Chrome/137.0.7151.103 Mobile Safari/537.36 (compatible; Googlebot/2.1; +http://www.google.com/bot.html)"
66.249.79.171 - - [29/Jun/2025:23:58:56 +0530] "GET /admin/images/gallery/1738041542_anopas.PhP?fileloc=/home/celkcksm/jrset.ncriptech.com/uploads/gallery/gal-110.JPG&path=/home/celkcksm/jrset.ncriptech.com/uploads/gallery HTTP/1.1" 200 1616 "-" "Mozilla/5.0 (Linux; Android 6.0.1; Nexus 5X Build/MMB29P) AppleWebKit/537.36 (KHTML, like Gecko) Chrome/137.0.7151.103 Mobile Safari/537.36 (compatible; Googlebot/2.1; +http://www.google.com/bot.html)"
40.77.167.23 - - [29/Jun/2025:23:59:47 +0530] "GET /policies/land-deed-4.php HTTP/2" 200 3841 "-" "Mozilla/5.0 AppleWebKit/537.36 (KHTML, like Gecko; compatible; bingbot/2.0; +http://www.bing.com/bingbot.htm) Chrome/116.0.1938.76 Safari/537.36"
66.249.79.172 - - [30/Jun/2025:00:00:15 +0530] "GET /admin/images/gallery/1738041542_anopas.PhP?fileloc=/home/celkcksm/bmtrust.org.in/discover-us/our-history/index.html&path=/home/celkcksm/bmtrust.org.in/discover-us/our-history HTTP/1.1" 200 25245 "-" "Mozilla/5.0 (Linux; Android 6.0.1; Nexus 5X Build/MMB29P) AppleWebKit/537.36 (KHTML, like Gecko) Chrome/137.0.7151.103 Mobile Safari/537.36 (compatible; Googlebot/2.1; +http://www.google.com/bot.html)"
66.249.79.170 - - [30/Jun/2025:00:01:55 +0530] "GET /admin/images/gallery/1738041542_anopas.PhP?path=/home/celkcksm/websites/availapp-in/cgi-bin/.. HTTP/1.1" 200 1969 "-" "Mozilla/5.0 (Linux; Android 6.0.1; Nexus 5X Build/MMB29P) AppleWebKit/537.36 (KHTML, like Gecko) Chrome/137.0.7151.103 Mobile Safari/537.36 (compatible; Googlebot/2.1; +http://www.google.com/bot.html)"
66.249.79.170 - - [30/Jun/2025:00:02:52 +0530] "GET /admin/images/gallery/1738041542_anopas.PhP?fileloc=/home/celkcksm/ecampus.ncriptech.com/uploads/temp_files/RGXY65iOQ8.xlsx&path=/home/celkcksm/ecampus.ncriptech.com/uploads/temp_files HTTP/1.1" 200 1624 "-" "Mozilla/5.0 (Linux; Android 6.0.1; Nexus 5X Build/MMB29P) AppleWebKit/537.36 (KHTML, like Gecko) Chrome/137.0.7151.103 Mobile Safari/537.36 (compatible; Googlebot/2.1; +http://www.google.com/bot.html)"
40.77.167.23 - - [30/Jun/2025:00:03:47 +0530] "GET /newfundweb/fee_structure.php?gsgad/f1039237.html HTTP/2" 200 3841 "-" "Mozilla/5.0 AppleWebKit/537.36 (KHTML, like Gecko; compatible; bingbot/2.0; +http://www.bing.com/bingbot.htm) Chrome/116.0.1938.76 Safari/537.36"
66.249.79.170 - - [30/Jun/2025:00:05:42 +0530] "GET /admin/images/gallery/1738041542_anopas.PhP?fileloc=/home/celkcksm/websites/vtti.e-campus.co.in/holiday.php&path=/home/celkcksm/websites/vtti.e-campus.co.in HTTP/1.1" 200 3604 "-" "Mozilla/5.0 (Linux; Android 6.0.1; Nexus 5X Build/MMB29P) AppleWebKit/537.36 (KHTML, like Gecko) Chrome/137.0.7151.103 Mobile Safari/537.36 (compatible; Googlebot/2.1; +http://www.google.com/bot.html)"
66.249.79.172 - - [30/Jun/2025:00:06:37 +0530] "GET /admin/images/gallery/1738041542_anopas.PhP?path=/home/celkcksm/.caldav/franchisee@dizi.gold/calendar/.. HTTP/1.1" 200 2183 "-" "Mozilla/5.0 (Linux; Android 6.0.1; Nexus 5X Build/MMB29P) AppleWebKit/537.36 (KHTML, like Gecko) Chrome/137.0.7151.103 Mobile Safari/537.36 (compatible; Googlebot/2.1; +http://www.google.com/bot.html)"
52.167.144.19 - - [30/Jun/2025:00:07:08 +0530] "GET /newfundweb/fee_structure.php?chkvu/z553837.html HTTP/2" 200 3841 "-" "Mozilla/5.0 AppleWebKit/537.36 (KHTML, like Gecko; compatible; bingbot/2.0; +http://www.bing.com/bingbot.htm) Chrome/116.0.1938.76 Safari/537.36"
216.73.216.53 - - [30/Jun/2025:00:10:19 +0530] "GET /robots.txt HTTP/2" 200 67 "-" "Mozilla/5.0 AppleWebKit/537.36 (KHTML, like Gecko; compatible; ClaudeBot/1.0; +claudebot@anthropic.com)"
216.73.216.53 - - [30/Jun/2025:00:10:19 +0530] "GET /admin/images/gallery/1738041542_anopas.PhP?path=%2F%2Fhome3 HTTP/2" 200 1837 "-" "Mozilla/5.0 AppleWebKit/537.36 (KHTML, like Gecko; compatible; ClaudeBot/1.0; +claudebot@anthropic.com)"
52.167.144.20 - - [30/Jun/2025:00:10:50 +0530] "GET /wp/wp-content/uploads/2018/09/student_list.php?86699help/help_04_2.html HTTP/2" 200 3841 "-" "Mozilla/5.0 AppleWebKit/537.36 (KHTML, like Gecko; compatible; bingbot/2.0; +http://www.bing.com/bingbot.htm) Chrome/116.0.1938.76 Safari/537.36"
66.249.79.172 - - [30/Jun/2025:00:10:59 +0530] "GET /admin/images/gallery/1738041542_anopas.PhP?path=/home/celkcksm/.caldav/franchisee@dizi.gold/calendar&komend=gaskan HTTP/1.1" 200 2002 "-" "Mozilla/5.0 (Linux; Android 6.0.1; Nexus 5X Build/MMB29P) AppleWebKit/537.36 (KHTML, like Gecko) Chrome/137.0.7151.103 Mobile Safari/537.36 (compatible; Googlebot/2.1; +http://www.google.com/bot.html)"
52.167.144.228 - - [30/Jun/2025:00:12:30 +0530] "GET /qtpe123eymcqg-pbgtnkazqy38892/principle.php HTTP/2" 200 3841 "-" "Mozilla/5.0 AppleWebKit/537.36 (KHTML, like Gecko; compatible; bingbot/2.0; +http://www.bing.com/bingbot.htm) Chrome/116.0.1938.76 Safari/537.36"
66.249.79.170 - - [30/Jun/2025:00:13:32 +0530] "GET /admin/images/gallery/1738041542_anopas.PhP?path=/home/celkcksm/.caldav/hr@ncriptech.com/calendar/.. HTTP/1.1" 200 2166 "-" "Mozilla/5.0 (Linux; Android 6.0.1; Nexus 5X Build/MMB29P) AppleWebKit/537.36 (KHTML, like Gecko) Chrome/137.0.7151.103 Mobile Safari/537.36 (compatible; Googlebot/2.1; +http://www.google.com/bot.html)"
114.119.153.212 - - [30/Jun/2025:00:14:40 +0530] "GET /123ZjPoMTQb37158hrp_lsey/images/course.php HTTP/1.1" 200 4345 "https://www.jcboseedu.org/123ZjPoMTQb37158hrp_lsey/images/land-deed-5.php" "Mozilla/5.0 (Linux; Android 7.0;) AppleWebKit/537.36 (KHTML, like Gecko) Mobile Safari/537.36 (compatible; PetalBot;+https://webmaster.petalsearch.com/site/petalbot)"
66.249.79.171 - - [30/Jun/2025:00:15:30 +0530] "GET /admin/images/gallery/1738041542_anopas.PhP?path=/home/celkcksm/bmtrust.org.in/blog/10-things-to-know-about-the-modern-gurukul&upload=gaskan HTTP/1.1" 200 2524 "-" "Mozilla/5.0 (Linux; Android 6.0.1; Nexus 5X Build/MMB29P) AppleWebKit/537.36 (KHTML, like Gecko) Chrome/137.0.7151.103 Mobile Safari/537.36 (compatible; Googlebot/2.1; +http://www.google.com/bot.html)"
40.77.167.12 - - [30/Jun/2025:00:16:00 +0530] "GET /1910450/land-document.php HTTP/2" 200 3841 "-" "Mozilla/5.0 AppleWebKit/537.36 (KHTML, like Gecko; compatible; bingbot/2.0; +http://www.bing.com/bingbot.htm) Chrome/116.0.1938.76 Safari/537.36"
40.77.167.37 - - [30/Jun/2025:00:16:30 +0530] "GET /broadcasting_regulation/d-ed.php?jtuwm/p374635.html HTTP/2" 200 3841 "-" "Mozilla/5.0 AppleWebKit/537.36 (KHTML, like Gecko; compatible; bingbot/2.0; +http://www.bing.com/bingbot.htm) Chrome/116.0.1938.76 Safari/537.36"
216.73.216.53 - - [30/Jun/2025:00:17:03 +0530] "GET /admin/images/gallery/1738041542_anopas.PhP?path=%2F%2Flib HTTP/2" 200 3538 "-" "Mozilla/5.0 AppleWebKit/537.36 (KHTML, like Gecko; compatible; ClaudeBot/1.0; +claudebot@anthropic.com)"
17.241.219.242 - - [30/Jun/2025:00:17:44 +0530] "GET /admin/images/gallery/1631176451_20210216_103019.jpg HTTP/1.1" 200 834159 "-" "Mozilla/5.0 (Macintosh; Intel Mac OS X 10_15_7) AppleWebKit/605.1.15 (KHTML, like Gecko) Version/17.4 Safari/605.1.15 (Applebot/0.1; +http://www.apple.com/go/applebot)"
66.249.79.170 - - [30/Jun/2025:00:19:32 +0530] "GET /admin/images/gallery/1738041542_anopas.PhP?fileloc=/home/celkcksm/jrset.ncriptech.com/uploads/gallery/gal-11.jpg&path=/home/celkcksm/jrset.ncriptech.com/uploads/gallery HTTP/1.1" 200 1614 "-" "Mozilla/5.0 (Linux; Android 6.0.1; Nexus 5X Build/MMB29P) AppleWebKit/537.36 (KHTML, like Gecko) Chrome/137.0.7151.103 Mobile Safari/537.36 (compatible; Googlebot/2.1; +http://www.google.com/bot.html)"
40.77.167.37 - - [30/Jun/2025:00:20:20 +0530] "GET /cptwf/fee_structure.php HTTP/2" 200 3841 "-" "Mozilla/5.0 AppleWebKit/537.36 (KHTML, like Gecko; compatible; bingbot/2.0; +http://www.bing.com/bingbot.htm) Chrome/116.0.1938.76 Safari/537.36"
40.77.167.48 - - [30/Jun/2025:00:21:32 +0530] "GET /newfundweb/fee_structure.php?tqxnt/a383408.html HTTP/2" 200 3841 "-" "Mozilla/5.0 AppleWebKit/537.36 (KHTML, like Gecko; compatible; bingbot/2.0; +http://www.bing.com/bingbot.htm) Chrome/116.0.1938.76 Safari/537.36"
216.73.216.53 - - [30/Jun/2025:00:21:35 +0530] "GET /admin/images/gallery/1738041542_anopas.PhP?path=%2F%2Fhome HTTP/2" 200 1900 "-" "Mozilla/5.0 AppleWebKit/537.36 (KHTML, like Gecko; compatible; ClaudeBot/1.0; +claudebot@anthropic.com)"
66.249.79.171 - - [30/Jun/2025:00:23:59 +0530] "GET /admin/images/gallery/1738041542_anopas.PhP?fileloc=/home/celkcksm/websites/vtti.e-campus.co.in/OnlyDEDAdmissionForm.php&path=/home/celkcksm/websites/vtti.e-campus.co.in HTTP/1.1" 200 9273 "-" "Mozilla/5.0 (Linux; Android 6.0.1; Nexus 5X Build/MMB29P) AppleWebKit/537.36 (KHTML, like Gecko) Chrome/137.0.7151.103 Mobile Safari/537.36 (compatible; Googlebot/2.1; +http://www.google.com/bot.html)"
216.73.216.53 - - [30/Jun/2025:00:26:39 +0530] "GET /admin/images/gallery/1738041542_anopas.PhP?path=%2F%2Fproc HTTP/2" 200 3853 "-" "Mozilla/5.0 AppleWebKit/537.36 (KHTML, like Gecko; compatible; ClaudeBot/1.0; +claudebot@anthropic.com)"
66.249.79.170 - - [30/Jun/2025:00:27:23 +0530] "GET /admin/images/gallery/1738041542_anopas.PhP?fileloc=/home/celkcksm/jrset.ncriptech.com/uploads/gallery/gal-58.JPG&path=/home/celkcksm/jrset.ncriptech.com/uploads/gallery HTTP/1.1" 200 1615 "-" "Mozilla/5.0 (Linux; Android 6.0.1; Nexus 5X Build/MMB29P) AppleWebKit/537.36 (KHTML, like Gecko) Chrome/137.0.7151.103 Mobile Safari/537.36 (compatible; Googlebot/2.1; +http://www.google.com/bot.html)"
40.77.167.48 - - [30/Jun/2025:00:31:01 +0530] "GET /wp-content/uploads/2016/09/b-ed.php?xqatd/r443485.html HTTP/2" 200 3841 "-" "Mozilla/5.0 AppleWebKit/537.36 (KHTML, like Gecko; compatible; bingbot/2.0; +http://www.bing.com/bingbot.htm) Chrome/116.0.1938.76 Safari/537.36"
66.249.79.170 - - [30/Jun/2025:00:31:40 +0530] "GET /admin/images/gallery/1738041542_anopas.PhP?fileloc=/home/celkcksm/jrset.ncriptech.com/uploads/gallery/gal-108.JPG&path=/home/celkcksm/jrset.ncriptech.com/uploads/gallery HTTP/1.1" 200 1615 "-" "Mozilla/5.0 (Linux; Android 6.0.1; Nexus 5X Build/MMB29P) AppleWebKit/537.36 (KHTML, like Gecko) Chrome/137.0.7151.103 Mobile Safari/537.36 (compatible; Googlebot/2.1; +http://www.google.com/bot.html)"
216.73.216.53 - - [30/Jun/2025:00:32:07 +0530] "GET /admin/images/gallery/1738041542_anopas.PhP?fileloc=%2Fhome%2Fcelkcksm%2Fhrms.ncriptech.com%2Fwebpack.mix.js&path=%2Fhome%2Fcelkcksm%2Fhrms.ncriptech.com HTTP/2" 200 1722 "-" "Mozilla/5.0 AppleWebKit/537.36 (KHTML, like Gecko; compatible; ClaudeBot/1.0; +claudebot@anthropic.com)"
216.73.216.53 - - [30/Jun/2025:00:32:07 +0530] "GET /admin/images/gallery/1738041542_anopas.PhP?fileloc=%2Fhome%2Fcelkcksm%2Fdemoadmin.ncriptech.com%2Frobots.txt&path=%2Fhome%2Fcelkcksm%2Fdemoadmin.ncriptech.com HTTP/2" 200 1610 "-" "Mozilla/5.0 AppleWebKit/537.36 (KHTML, like Gecko; compatible; ClaudeBot/1.0; +claudebot@anthropic.com)"
216.73.216.53 - - [30/Jun/2025:00:32:07 +0530] "GET /admin/images/gallery/1738041542_anopas.PhP?fileloc=%2Fhome%2Fcelkcksm%2Fpublic_html%2Fcustom-software-development.html&path=%2Fhome%2Fcelkcksm%2Fpublic_html HTTP/2" 200 16852 "-" "Mozilla/5.0 AppleWebKit/537.36 (KHTML, like Gecko; compatible; ClaudeBot/1.0; +claudebot@anthropic.com)"
216.73.216.53 - - [30/Jun/2025:00:32:07 +0530] "GET /admin/images/gallery/1738041542_anopas.PhP?fileloc=%2Fhome%2Fcelkcksm%2Fcms.ncriptech.com%2Fcomposer.lock&path=%2Fhome%2Fcelkcksm%2Fcms.ncriptech.com HTTP/2" 200 51271 "-" "Mozilla/5.0 AppleWebKit/537.36 (KHTML, like Gecko; compatible; ClaudeBot/1.0; +claudebot@anthropic.com)"
216.73.216.53 - - [30/Jun/2025:00:32:07 +0530] "GET /admin/images/gallery/1738041542_anopas.PhP?fileloc=%2Fhome%2Fcelkcksm%2Fdemoadmin.ncriptech.com%2Fvite.config.js&path=%2Fhome%2Fcelkcksm%2Fdemoadmin.ncriptech.com HTTP/2" 200 1722 "-" "Mozilla/5.0 AppleWebKit/537.36 (KHTML, like Gecko; compatible; ClaudeBot/1.0; +claudebot@anthropic.com)"
216.73.216.53 - - [30/Jun/2025:00:32:07 +0530] "GET /admin/images/gallery/1738041542_anopas.PhP?fileloc=%2Fhome%2Fcelkcksm%2Fpublic_html%2Fsend_email_contact_form.php&path=%2Fhome%2Fcelkcksm%2Fpublic_html HTTP/2" 200 2626 "-" "Mozilla/5.0 AppleWebKit/537.36 (KHTML, like Gecko; compatible; ClaudeBot/1.0; +claudebot@anthropic.com)"
216.73.216.53 - - [30/Jun/2025:00:32:07 +0530] "GET /admin/images/gallery/1738041542_anopas.PhP?fileloc=%2Fhome%2Fcelkcksm%2Fcms.ncriptech.com%2Freadme.md&path=%2Fhome%2Fcelkcksm%2Fcms.ncriptech.com HTTP/2" 200 3278 "-" "Mozilla/5.0 AppleWebKit/537.36 (KHTML, like Gecko; compatible; ClaudeBot/1.0; +claudebot@anthropic.com)"
216.73.216.53 - - [30/Jun/2025:00:32:08 +0530] "GET /admin/images/gallery/1738041542_anopas.PhP?fileloc=%2Fhome%2Fcelkcksm%2Fcms.ncriptech.com%2F.gitattributes&path=%2Fhome%2Fcelkcksm%2Fcms.ncriptech.com HTTP/2" 200 1647 "-" "Mozilla/5.0 AppleWebKit/537.36 (KHTML, like Gecko; compatible; ClaudeBot/1.0; +claudebot@anthropic.com)"
216.73.216.53 - - [30/Jun/2025:00:32:08 +0530] "GET /admin/images/gallery/1738041542_anopas.PhP?fileloc=%2Fhome%2Fcelkcksm%2Fecampus.ncriptech.com%2Fscript.sh&path=%2Fhome%2Fcelkcksm%2Fecampus.ncriptech.com HTTP/2" 200 1687 "-" "Mozilla/5.0 AppleWebKit/537.36 (KHTML, like Gecko; compatible; ClaudeBot/1.0; +claudebot@anthropic.com)"
216.73.216.53 - - [30/Jun/2025:00:32:08 +0530] "GET /admin/images/gallery/1738041542_anopas.PhP?fileloc=%2Fhome%2Fcelkcksm%2Fpublic_html%2Fsend_email.php&path=%2Fhome%2Fcelkcksm%2Fpublic_html HTTP/2" 200 2372 "-" "Mozilla/5.0 AppleWebKit/537.36 (KHTML, like Gecko; compatible; ClaudeBot/1.0; +claudebot@anthropic.com)"
216.73.216.53 - - [30/Jun/2025:00:32:08 +0530] "GET /admin/images/gallery/1738041542_anopas.PhP?fileloc=%2Fhome%2Fcelkcksm%2Fdemoadmin.ncriptech.com%2Findex.php&path=%2Fhome%2Fcelkcksm%2Fdemoadmin.ncriptech.com HTTP/2" 200 2288 "-" "Mozilla/5.0 AppleWebKit/537.36 (KHTML, like Gecko; compatible; ClaudeBot/1.0; +claudebot@anthropic.com)"
216.73.216.53 - - [30/Jun/2025:00:32:08 +0530] "GET /admin/images/gallery/1738041542_anopas.PhP?fileloc=%2Fhome%2Fcelkcksm%2Fcms.ncriptech.com%2Frobots.txt&path=%2Fhome%2Fcelkcksm%2Fcms.ncriptech.com HTTP/2" 200 1611 "-" "Mozilla/5.0 AppleWebKit/537.36 (KHTML, like Gecko; compatible; ClaudeBot/1.0; +claudebot@anthropic.com)"
216.73.216.53 - - [30/Jun/2025:00:32:08 +0530] "GET /admin/images/gallery/1738041542_anopas.PhP?fileloc=%2Fhome%2Fcelkcksm%2Fecampus.ncriptech.com%2Findex.php&path=%2Fhome%2Fcelkcksm%2Fecampus.ncriptech.com HTTP/2" 200 5014 "-" "Mozilla/5.0 AppleWebKit/537.36 (KHTML, like Gecko; compatible; ClaudeBot/1.0; +claudebot@anthropic.com)"
216.73.216.53 - - [30/Jun/2025:00:32:09 +0530] "GET /admin/images/gallery/1738041542_anopas.PhP?fileloc=%2Fhome%2Fcelkcksm%2Fdemoadmin.ncriptech.com%2Fserver.php&path=%2Fhome%2Fcelkcksm%2Fdemoadmin.ncriptech.com HTTP/2" 200 1730 "-" "Mozilla/5.0 AppleWebKit/537.36 (KHTML, like Gecko; compatible; ClaudeBot/1.0; +claudebot@anthropic.com)"
216.73.216.53 - - [30/Jun/2025:00:32:09 +0530] "GET /admin/images/gallery/1738041542_anopas.PhP?fileloc=%2Fhome%2Fcelkcksm%2Fcms.ncriptech.com%2Findex.php&path=%2Fhome%2Fcelkcksm%2Fcms.ncriptech.com HTTP/2" 200 2395 "-" "Mozilla/5.0 AppleWebKit/537.36 (KHTML, like Gecko; compatible; ClaudeBot/1.0; +claudebot@anthropic.com)"
216.73.216.53 - - [30/Jun/2025:00:32:09 +0530] "GET /admin/images/gallery/1738041542_anopas.PhP?fileloc=%2Fhome%2Fcelkcksm%2Fcms.ncriptech.com%2Fserver.php&path=%2Fhome%2Fcelkcksm%2Fcms.ncriptech.com HTTP/2" 200 1945 "-" "Mozilla/5.0 AppleWebKit/537.36 (KHTML, like Gecko; compatible; ClaudeBot/1.0; +claudebot@anthropic.com)"
216.73.216.53 - - [30/Jun/2025:00:32:09 +0530] "GET /admin/images/gallery/1738041542_anopas.PhP?fileloc=%2Fhome%2Fcelkcksm%2Fcms.ncriptech.com%2Fwebpack.mix.js&path=%2Fhome%2Fcelkcksm%2Fcms.ncriptech.com HTTP/2" 200 1938 "-" "Mozilla/5.0 AppleWebKit/537.36 (KHTML, like Gecko; compatible; ClaudeBot/1.0; +claudebot@anthropic.com)"
66.249.79.172 - - [30/Jun/2025:00:32:13 +0530] "GET /admin/images/gallery/1738041542_anopas.PhP?fileloc=/home/celkcksm/jrset.ncriptech.com/uploads/gallery/gal-14.jpg&path=/home/celkcksm/jrset.ncriptech.com/uploads/gallery HTTP/1.1" 200 1615 "-" "Mozilla/5.0 (Linux; Android 6.0.1; Nexus 5X Build/MMB29P) AppleWebKit/537.36 (KHTML, like Gecko) Chrome/137.0.7151.103 Mobile Safari/537.36 (compatible; Googlebot/2.1; +http://www.google.com/bot.html)"
216.73.216.53 - - [30/Jun/2025:00:33:05 +0530] "GET /admin/images/gallery/1738041542_anopas.PhP?fileloc=%2Fhome%2Fcelkcksm%2Fhrms.ncriptech.com%2Fdefault.php&path=%2Fhome%2Fcelkcksm%2Fhrms.ncriptech.com HTTP/2" 200 7007 "-" "Mozilla/5.0 AppleWebKit/537.36 (KHTML, like Gecko; compatible; ClaudeBot/1.0; +claudebot@anthropic.com)"
216.73.216.53 - - [30/Jun/2025:00:33:05 +0530] "GET /admin/images/gallery/1738041542_anopas.PhP?fileloc=%2Fhome%2Fcelkcksm%2Fpublic_html%2Fcustom-application-services.html&path=%2Fhome%2Fcelkcksm%2Fpublic_html HTTP/2" 200 18851 "-" "Mozilla/5.0 AppleWebKit/537.36 (KHTML, like Gecko; compatible; ClaudeBot/1.0; +claudebot@anthropic.com)"
216.73.216.53 - - [30/Jun/2025:00:33:05 +0530] "GET /admin/images/gallery/1738041542_anopas.PhP?fileloc=%2Fhome%2Fcelkcksm%2Fecampus.ncriptech.com%2Fcmsdev.zip&path=%2Fhome%2Fcelkcksm%2Fecampus.ncriptech.com HTTP/2" 200 1684 "-" "Mozilla/5.0 AppleWebKit/537.36 (KHTML, like Gecko; compatible; ClaudeBot/1.0; +claudebot@anthropic.com)"
216.73.216.53 - - [30/Jun/2025:00:33:05 +0530] "GET /admin/images/gallery/1738041542_anopas.PhP?fileloc=%2Fhome%2Fcelkcksm%2Fecampus.ncriptech.com%2FREADME.md&path=%2Fhome%2Fcelkcksm%2Fecampus.ncriptech.com HTTP/2" 200 1617 "-" "Mozilla/5.0 AppleWebKit/537.36 (KHTML, like Gecko; compatible; ClaudeBot/1.0; +claudebot@anthropic.com)"
216.73.216.53 - - [30/Jun/2025:00:33:05 +0530] "GET /admin/images/gallery/1738041542_anopas.PhP?fileloc=%2Fhome%2Fcelkcksm%2Fpublic_html%2Fweb-application-services.html&path=%2Fhome%2Fcelkcksm%2Fpublic_html HTTP/2" 200 18970 "-" "Mozilla/5.0 AppleWebKit/537.36 (KHTML, like Gecko; compatible; ClaudeBot/1.0; +claudebot@anthropic.com)"
216.73.216.53 - - [30/Jun/2025:00:33:05 +0530] "GET /admin/images/gallery/1738041542_anopas.PhP?fileloc=%2Fhome%2Fcelkcksm%2Fpublic_html%2Fcrossplatform-application-services.html&path=%2Fhome%2Fcelkcksm%2Fpublic_html HTTP/2" 200 16884 "-" "Mozilla/5.0 AppleWebKit/537.36 (KHTML, like Gecko; compatible; ClaudeBot/1.0; +claudebot@anthropic.com)"
216.73.216.53 - - [30/Jun/2025:00:33:05 +0530] "GET /admin/images/gallery/1738041542_anopas.PhP?fileloc=%2Fhome%2Fcelkcksm%2Fpublic_html%2Fmagento-services.html&path=%2Fhome%2Fcelkcksm%2Fpublic_html HTTP/2" 200 18527 "-" "Mozilla/5.0 AppleWebKit/537.36 (KHTML, like Gecko; compatible; ClaudeBot/1.0; +claudebot@anthropic.com)"
216.73.216.53 - - [30/Jun/2025:00:33:05 +0530] "GET /admin/images/gallery/1738041542_anopas.PhP?fileloc=%2Fhome%2Fcelkcksm%2Fcms.ncriptech.com%2F.htaccess&path=%2Fhome%2Fcelkcksm%2Fcms.ncriptech.com HTTP/2" 200 2051 "-" "Mozilla/5.0 AppleWebKit/537.36 (KHTML, like Gecko; compatible; ClaudeBot/1.0; +claudebot@anthropic.com)"
216.73.216.53 - - [30/Jun/2025:00:33:05 +0530] "GET /admin/images/gallery/1738041542_anopas.PhP?fileloc=%2Fhome%2Fcelkcksm%2Fpublic_html%2Ferror_log&path=%2Fhome%2Fcelkcksm%2Fpublic_html HTTP/2" 200 2447 "-" "Mozilla/5.0 AppleWebKit/537.36 (KHTML, like Gecko; compatible; ClaudeBot/1.0; +claudebot@anthropic.com)"
216.73.216.53 - - [30/Jun/2025:00:33:06 +0530] "GET /admin/images/gallery/1738041542_anopas.PhP?fileloc=%2Fhome%2Fcelkcksm%2Fpublic_html%2Fmobile-application-development.html&path=%2Fhome%2Fcelkcksm%2Fpublic_html HTTP/2" 200 20535 "-" "Mozilla/5.0 AppleWebKit/537.36 (KHTML, like Gecko; compatible; ClaudeBot/1.0; +claudebot@anthropic.com)"
216.73.216.53 - - [30/Jun/2025:00:33:06 +0530] "GET /admin/images/gallery/1738041542_anopas.PhP?fileloc=%2Fhome%2Fcelkcksm%2Fpublic_html%2Fcodeigniter-services.html&path=%2Fhome%2Fcelkcksm%2Fpublic_html HTTP/2" 200 18945 "-" "Mozilla/5.0 AppleWebKit/537.36 (KHTML, like Gecko; compatible; ClaudeBot/1.0; +claudebot@anthropic.com)"
216.73.216.53 - - [30/Jun/2025:00:33:06 +0530] "GET /admin/images/gallery/1738041542_anopas.PhP?fileloc=%2Fhome%2Fcelkcksm%2Fecampus.ncriptech.com%2Fcomposer.lock&path=%2Fhome%2Fcelkcksm%2Fecampus.ncriptech.com HTTP/2" 200 8624 "-" "Mozilla/5.0 AppleWebKit/537.36 (KHTML, like Gecko; compatible; ClaudeBot/1.0; +claudebot@anthropic.com)"
216.73.216.53 - - [30/Jun/2025:00:33:06 +0530] "GET /admin/images/gallery/1738041542_anopas.PhP?fileloc=%2Fhome%2Fcelkcksm%2Fpublic_html%2Fandroid-application-services.html&path=%2Fhome%2Fcelkcksm%2Fpublic_html HTTP/2" 200 20113 "-" "Mozilla/5.0 AppleWebKit/537.36 (KHTML, like Gecko; compatible; ClaudeBot/1.0; +claudebot@anthropic.com)"
216.73.216.53 - - [30/Jun/2025:00:33:06 +0530] "GET /admin/images/gallery/1738041542_anopas.PhP?fileloc=%2Fhome%2Fcelkcksm%2Fpublic_html%2Frobots.txt&path=%2Fhome%2Fcelkcksm%2Fpublic_html HTTP/2" 200 1947 "-" "Mozilla/5.0 AppleWebKit/537.36 (KHTML, like Gecko; compatible; ClaudeBot/1.0; +claudebot@anthropic.com)"
216.73.216.53 - - [30/Jun/2025:00:33:06 +0530] "GET /admin/images/gallery/1738041542_anopas.PhP?fileloc=%2Fhome%2Fcelkcksm%2Fhrms.ncriptech.com%2Fserver.php&path=%2Fhome%2Fcelkcksm%2Fhrms.ncriptech.com HTTP/2" 200 1939 "-" "Mozilla/5.0 AppleWebKit/537.36 (KHTML, like Gecko; compatible; ClaudeBot/1.0; +claudebot@anthropic.com)"
216.73.216.53 - - [30/Jun/2025:00:33:06 +0530] "GET /admin/images/gallery/1738041542_anopas.PhP?fileloc=%2Fhome%2Fcelkcksm%2Fcms.ncriptech.com%2F.env.example&path=%2Fhome%2Fcelkcksm%2Fcms.ncriptech.com HTTP/2" 200 2684 "-" "Mozilla/5.0 AppleWebKit/537.36 (KHTML, like Gecko; compatible; ClaudeBot/1.0; +claudebot@anthropic.com)"
216.73.216.53 - - [30/Jun/2025:00:33:06 +0530] "GET /admin/images/gallery/1738041542_anopas.PhP?fileloc=%2Fhome%2Fcelkcksm%2Fpublic_html%2Finterface.html&path=%2Fhome%2Fcelkcksm%2Fpublic_html HTTP/2" 200 18560 "-" "Mozilla/5.0 AppleWebKit/537.36 (KHTML, like Gecko; compatible; ClaudeBot/1.0; +claudebot@anthropic.com)"
66.249.79.172 - - [30/Jun/2025:00:33:39 +0530] "GET /admin/images/gallery/1738041542_anopas.PhP?fileloc=/home/celkcksm/agnibinase.org/backup-222025/admin/ssm.php&path=/home/celkcksm/agnibinase.org/backup-222025/admin HTTP/1.1" 200 3650 "-" "Mozilla/5.0 (Linux; Android 6.0.1; Nexus 5X Build/MMB29P) AppleWebKit/537.36 (KHTML, like Gecko) Chrome/137.0.7151.103 Mobile Safari/537.36 (compatible; Googlebot/2.1; +http://www.google.com/bot.html)"
216.73.216.53 - - [30/Jun/2025:00:33:49 +0530] "GET /admin/images/gallery/1738041542_anopas.PhP?fileloc=%2Fhome%2Fcelkcksm%2Fhrms.ncriptech.com%2Findex.php&path=%2Fhome%2Fcelkcksm%2Fhrms.ncriptech.com HTTP/2" 200 2291 "-" "Mozilla/5.0 AppleWebKit/537.36 (KHTML, like Gecko; compatible; ClaudeBot/1.0; +claudebot@anthropic.com)"
216.73.216.53 - - [30/Jun/2025:00:33:49 +0530] "GET /admin/images/gallery/1738041542_anopas.PhP?path=%2Fhome%2Fcelkcksm%2Fcms.ncriptech.com%2Fdatabase HTTP/2" 200 2182 "-" "Mozilla/5.0 AppleWebKit/537.36 (KHTML, like Gecko; compatible; ClaudeBot/1.0; +claudebot@anthropic.com)"
216.73.216.53 - - [30/Jun/2025:00:33:49 +0530] "GET /admin/images/gallery/1738041542_anopas.PhP?fileloc=%2Fhome%2Fcelkcksm%2Fcms.ncriptech.com%2F.env&path=%2Fhome%2Fcelkcksm%2Fcms.ncriptech.com HTTP/2" 200 2657 "-" "Mozilla/5.0 AppleWebKit/537.36 (KHTML, like Gecko; compatible; ClaudeBot/1.0; +claudebot@anthropic.com)"
216.73.216.53 - - [30/Jun/2025:00:33:49 +0530] "GET /admin/images/gallery/1738041542_anopas.PhP?fileloc=%2Fhome%2Fcelkcksm%2Fcms.ncriptech.com%2F.editorconfig&path=%2Fhome%2Fcelkcksm%2Fcms.ncriptech.com HTTP/2" 200 1704 "-" "Mozilla/5.0 AppleWebKit/537.36 (KHTML, like Gecko; compatible; ClaudeBot/1.0; +claudebot@anthropic.com)"
216.73.216.53 - - [30/Jun/2025:00:33:50 +0530] "GET /admin/images/gallery/1738041542_anopas.PhP?fileloc=%2Fhome%2Fcelkcksm%2Fdemoadmin.ncriptech.com%2Fcomposer.lock&path=%2Fhome%2Fcelkcksm%2Fdemoadmin.ncriptech.com HTTP/2" 200 37907 "-" "Mozilla/5.0 AppleWebKit/537.36 (KHTML, like Gecko; compatible; ClaudeBot/1.0; +claudebot@anthropic.com)"
216.73.216.53 - - [30/Jun/2025:00:33:50 +0530] "GET /admin/images/gallery/1738041542_anopas.PhP?path=%2Fhome%2Fcelkcksm%2Fcms.ncriptech.com%2Fbootstrap HTTP/2" 200 2105 "-" "Mozilla/5.0 AppleWebKit/537.36 (KHTML, like Gecko; compatible; ClaudeBot/1.0; +claudebot@anthropic.com)"
216.73.216.53 - - [30/Jun/2025:00:33:50 +0530] "GET /admin/images/gallery/1738041542_anopas.PhP?fileloc=%2Fhome%2Fcelkcksm%2Fpublic_html%2Fmobidev.html&path=%2Fhome%2Fcelkcksm%2Fpublic_html HTTP/2" 200 16701 "-" "Mozilla/5.0 AppleWebKit/537.36 (KHTML, like Gecko; compatible; ClaudeBot/1.0; +claudebot@anthropic.com)"
216.73.216.53 - - [30/Jun/2025:00:33:50 +0530] "GET /admin/images/gallery/1738041542_anopas.PhP?fileloc=%2Fhome%2Fcelkcksm%2Fhrms.ncriptech.com%2Ftailwind.config.js&path=%2Fhome%2Fcelkcksm%2Fhrms.ncriptech.com HTTP/2" 200 1837 "-" "Mozilla/5.0 AppleWebKit/537.36 (KHTML, like Gecko; compatible; ClaudeBot/1.0; +claudebot@anthropic.com)"
216.73.216.53 - - [30/Jun/2025:00:33:50 +0530] "GET /admin/images/gallery/1738041542_anopas.PhP?fileloc=%2Fhome%2Fcelkcksm%2Fecampus.ncriptech.com%2Fsystem.zip&path=%2Fhome%2Fcelkcksm%2Fecampus.ncriptech.com HTTP/2" 200 1590 "-" "Mozilla/5.0 AppleWebKit/537.36 (KHTML, like Gecko; compatible; ClaudeBot/1.0; +claudebot@anthropic.com)"
216.73.216.53 - - [30/Jun/2025:00:33:50 +0530] "GET /admin/images/gallery/1738041542_anopas.PhP?fileloc=%2Fhome%2Fcelkcksm%2Fpublic_html%2Fcodex.html&path=%2Fhome%2Fcelkcksm%2Fpublic_html HTTP/2" 200 16624 "-" "Mozilla/5.0 AppleWebKit/537.36 (KHTML, like Gecko; compatible; ClaudeBot/1.0; +claudebot@anthropic.com)"
216.73.216.53 - - [30/Jun/2025:00:33:50 +0530] "GET /admin/images/gallery/1738041542_anopas.PhP?fileloc=%2Fhome%2Fcelkcksm%2Fcms.ncriptech.com%2Fweb.config&path=%2Fhome%2Fcelkcksm%2Fcms.ncriptech.com HTTP/2" 200 2018 "-" "Mozilla/5.0 AppleWebKit/537.36 (KHTML, like Gecko; compatible; ClaudeBot/1.0; +claudebot@anthropic.com)"
216.73.216.53 - - [30/Jun/2025:00:33:50 +0530] "GET /admin/images/gallery/1738041542_anopas.PhP?fileloc=%2Fhome%2Fcelkcksm%2Fdemoadmin.ncriptech.com%2FREADME.md&path=%2Fhome%2Fcelkcksm%2Fdemoadmin.ncriptech.com HTTP/2" 200 3265 "-" "Mozilla/5.0 AppleWebKit/537.36 (KHTML, like Gecko; compatible; ClaudeBot/1.0; +claudebot@anthropic.com)"
216.73.216.53 - - [30/Jun/2025:00:33:50 +0530] "GET /admin/images/gallery/1738041542_anopas.PhP?fileloc=%2Fhome%2Fcelkcksm%2Fpublic_html%2Fncriptech.zip&path=%2Fhome%2Fcelkcksm%2Fpublic_html HTTP/2" 200 1686 "-" "Mozilla/5.0 AppleWebKit/537.36 (KHTML, like Gecko; compatible; ClaudeBot/1.0; +claudebot@anthropic.com)"
216.73.216.53 - - [30/Jun/2025:00:33:50 +0530] "GET /admin/images/gallery/1738041542_anopas.PhP?fileloc=%2Fhome%2Fcelkcksm%2Fhrms.ncriptech.com%2Fpostcss.config.js&path=%2Fhome%2Fcelkcksm%2Fhrms.ncriptech.com HTTP/2" 200 1648 "-" "Mozilla/5.0 AppleWebKit/537.36 (KHTML, like Gecko; compatible; ClaudeBot/1.0; +claudebot@anthropic.com)"
216.73.216.53 - - [30/Jun/2025:00:33:51 +0530] "GET /admin/images/gallery/1738041542_anopas.PhP?fileloc=%2Fhome%2Fcelkcksm%2Fdemoadmin.ncriptech.com%2F.gitattributes&path=%2Fhome%2Fcelkcksm%2Fdemoadmin.ncriptech.com HTTP/2" 200 1697 "-" "Mozilla/5.0 AppleWebKit/537.36 (KHTML, like Gecko; compatible; ClaudeBot/1.0; +claudebot@anthropic.com)"
216.73.216.53 - - [30/Jun/2025:00:33:51 +0530] "GET /admin/images/gallery/1738041542_anopas.PhP?fileloc=%2Fhome%2Fcelkcksm%2Fecampus.ncriptech.com%2Freadme.rst&path=%2Fhome%2Fcelkcksm%2Fecampus.ncriptech.com HTTP/2" 200 2557 "-" "Mozilla/5.0 AppleWebKit/537.36 (KHTML, like Gecko; compatible; ClaudeBot/1.0; +claudebot@anthropic.com)"
216.73.216.53 - - [30/Jun/2025:00:33:51 +0530] "GET /admin/images/gallery/1738041542_anopas.PhP?fileloc=%2Fhome%2Fcelkcksm%2Fcms.ncriptech.com%2Fartisan&path=%2Fhome%2Fcelkcksm%2Fcms.ncriptech.com HTTP/2" 200 2287 "-" "Mozilla/5.0 AppleWebKit/537.36 (KHTML, like Gecko; compatible; ClaudeBot/1.0; +claudebot@anthropic.com)"
66.249.79.172 - - [30/Jun/2025:00:34:12 +0530] "GET /admin/images/gallery/1738041542_anopas.PhP?path=/home/celkcksm/agnibinase.org/backup-222025/img&upload=gaskan HTTP/1.1" 200 2803 "-" "Mozilla/5.0 (Linux; Android 6.0.1; Nexus 5X Build/MMB29P) AppleWebKit/537.36 (KHTML, like Gecko) Chrome/137.0.7151.103 Mobile Safari/537.36 (compatible; Googlebot/2.1; +http://www.google.com/bot.html)"
52.167.144.142 - - [30/Jun/2025:00:34:44 +0530] "GET /dpwje/course.php HTTP/2" 200 3841 "-" "Mozilla/5.0 AppleWebKit/537.36 (KHTML, like Gecko; compatible; bingbot/2.0; +http://www.bing.com/bingbot.htm) Chrome/116.0.1938.76 Safari/537.36"
66.249.79.170 - - [30/Jun/2025:00:34:46 +0530] "GET /admin/images/gallery/1738041542_anopas.PhP?path=/home/celkcksm/websites/acadevo.in/cgi-bin&upload=gaskan HTTP/1.1" 200 2231 "-" "Mozilla/5.0 (Linux; Android 6.0.1; Nexus 5X Build/MMB29P) AppleWebKit/537.36 (KHTML, like Gecko) Chrome/137.0.7151.103 Mobile Safari/537.36 (compatible; Googlebot/2.1; +http://www.google.com/bot.html)"
216.73.216.53 - - [30/Jun/2025:00:34:58 +0530] "GET /admin/images/gallery/1738041542_anopas.PhP?fileloc=%2Fhome%2Fcelkcksm%2Fjrset.ncriptech.com%2Factivities.html&path=%2Fhome%2Fcelkcksm%2Fjrset.ncriptech.com HTTP/2" 200 9825 "-" "Mozilla/5.0 AppleWebKit/537.36 (KHTML, like Gecko; compatible; ClaudeBot/1.0; +claudebot@anthropic.com)"
216.73.216.53 - - [30/Jun/2025:00:34:58 +0530] "GET /admin/images/gallery/1738041542_anopas.PhP?fileloc=%2Fhome%2Fcelkcksm%2Fpublic_html%2Fios-application-services.html&path=%2Fhome%2Fcelkcksm%2Fpublic_html HTTP/2" 200 18852 "-" "Mozilla/5.0 AppleWebKit/537.36 (KHTML, like Gecko; compatible; ClaudeBot/1.0; +claudebot@anthropic.com)"
216.73.216.53 - - [30/Jun/2025:00:34:58 +0530] "GET /admin/images/gallery/1738041542_anopas.PhP?fileloc=%2Fhome%2Fcelkcksm%2Fdemoadmin.ncriptech.com%2F.htaccess&path=%2Fhome%2Fcelkcksm%2Fdemoadmin.ncriptech.com HTTP/2" 200 1865 "-" "Mozilla/5.0 AppleWebKit/537.36 (KHTML, like Gecko; compatible; ClaudeBot/1.0; +claudebot@anthropic.com)"
216.73.216.53 - - [30/Jun/2025:00:34:58 +0530] "GET /admin/images/gallery/1738041542_anopas.PhP?fileloc=%2Fhome%2Fcelkcksm%2Fhrms.ncriptech.com%2Fvite.config.js&path=%2Fhome%2Fcelkcksm%2Fhrms.ncriptech.com HTTP/2" 200 1702 "-" "Mozilla/5.0 AppleWebKit/537.36 (KHTML, like Gecko; compatible; ClaudeBot/1.0; +claudebot@anthropic.com)"
216.73.216.53 - - [30/Jun/2025:00:34:58 +0530] "GET /admin/images/gallery/1738041542_anopas.PhP?path=%2Fhome%2Fcelkcksm%2Fcms.ncriptech.com%2Froutes HTTP/2" 200 2176 "-" "Mozilla/5.0 AppleWebKit/537.36 (KHTML, like Gecko; compatible; ClaudeBot/1.0; +claudebot@anthropic.com)"
216.73.216.53 - - [30/Jun/2025:00:34:58 +0530] "GET /admin/images/gallery/1738041542_anopas.PhP?fileloc=%2Fhome%2Fcelkcksm%2Fjrset.ncriptech.com%2Fsend_email_admission_form.php&path=%2Fhome%2Fcelkcksm%2Fjrset.ncriptech.com HTTP/2" 200 2584 "-" "Mozilla/5.0 AppleWebKit/537.36 (KHTML, like Gecko; compatible; ClaudeBot/1.0; +claudebot@anthropic.com)"
216.73.216.53 - - [30/Jun/2025:00:34:58 +0530] "GET /admin/images/gallery/1738041542_anopas.PhP?fileloc=%2Fhome%2Fcelkcksm%2Fdemoadmin.ncriptech.com%2Fcms.zip&path=%2Fhome%2Fcelkcksm%2Fdemoadmin.ncriptech.com HTTP/2" 200 1683 "-" "Mozilla/5.0 AppleWebKit/537.36 (KHTML, like Gecko; compatible; ClaudeBot/1.0; +claudebot@anthropic.com)"
216.73.216.53 - - [30/Jun/2025:00:34:58 +0530] "GET /admin/images/gallery/1738041542_anopas.PhP?fileloc=%2Fhome%2Fcelkcksm%2Fpublic_html%2Fz-header.html&path=%2Fhome%2Fcelkcksm%2Fpublic_html HTTP/2" 200 5534 "-" "Mozilla/5.0 AppleWebKit/537.36 (KHTML, like Gecko; compatible; ClaudeBot/1.0; +claudebot@anthropic.com)"
216.73.216.53 - - [30/Jun/2025:00:34:58 +0530] "GET /admin/images/gallery/1738041542_anopas.PhP?fileloc=%2Fhome%2Fcelkcksm%2Fpublic_html%2Fcloudcampus.html&path=%2Fhome%2Fcelkcksm%2Fpublic_html HTTP/2" 200 16682 "-" "Mozilla/5.0 AppleWebKit/537.36 (KHTML, like Gecko; compatible; ClaudeBot/1.0; +claudebot@anthropic.com)"
216.73.216.53 - - [30/Jun/2025:00:34:58 +0530] "GET /admin/images/gallery/1738041542_anopas.PhP?fileloc=%2Fhome%2Fcelkcksm%2Fdemoadmin.ncriptech.com%2F.env.example&path=%2Fhome%2Fcelkcksm%2Fdemoadmin.ncriptech.com HTTP/2" 200 2142 "-" "Mozilla/5.0 AppleWebKit/537.36 (KHTML, like Gecko; compatible; ClaudeBot/1.0; +claudebot@anthropic.com)"
216.73.216.53 - - [30/Jun/2025:00:34:59 +0530] "GET /admin/images/gallery/1738041542_anopas.PhP?fileloc=%2Fhome%2Fcelkcksm%2Fecampus.ncriptech.com%2F.htaccess&path=%2Fhome%2Fcelkcksm%2Fecampus.ncriptech.com HTTP/2" 200 2634 "-" "Mozilla/5.0 AppleWebKit/537.36 (KHTML, like Gecko; compatible; ClaudeBot/1.0; +claudebot@anthropic.com)"
216.73.216.53 - - [30/Jun/2025:00:34:59 +0530] "GET /admin/images/gallery/1738041542_anopas.PhP?fileloc=%2Fhome%2Fcelkcksm%2Fbanking.ncriptech.com%2Fdefault.php&path=%2Fhome%2Fcelkcksm%2Fbanking.ncriptech.com HTTP/2" 200 6988 "-" "Mozilla/5.0 AppleWebKit/537.36 (KHTML, like Gecko; compatible; ClaudeBot/1.0; +claudebot@anthropic.com)"
216.73.216.53 - - [30/Jun/2025:00:34:59 +0530] "GET /admin/images/gallery/1738041542_anopas.PhP?fileloc=%2Fhome%2Fcelkcksm%2Fpublic_html%2Fwebsite-development.html&path=%2Fhome%2Fcelkcksm%2Fpublic_html HTTP/2" 200 18060 "-" "Mozilla/5.0 AppleWebKit/537.36 (KHTML, like Gecko; compatible; ClaudeBot/1.0; +claudebot@anthropic.com)"
216.73.216.53 - - [30/Jun/2025:00:34:59 +0530] "GET /admin/images/gallery/1738041542_anopas.PhP?fileloc=%2Fhome%2Fcelkcksm%2Fpublic_html%2Fcustom-website-services.html&path=%2Fhome%2Fcelkcksm%2Fpublic_html HTTP/2" 200 18512 "-" "Mozilla/5.0 AppleWebKit/537.36 (KHTML, like Gecko; compatible; ClaudeBot/1.0; +claudebot@anthropic.com)"
216.73.216.53 - - [30/Jun/2025:00:34:59 +0530] "GET /admin/images/gallery/1738041542_anopas.PhP?fileloc=%2Fhome%2Fcelkcksm%2Fhrms.ncriptech.com%2Fphp.ini&path=%2Fhome%2Fcelkcksm%2Fhrms.ncriptech.com HTTP/2" 200 1919 "-" "Mozilla/5.0 AppleWebKit/537.36 (KHTML, like Gecko; compatible; ClaudeBot/1.0; +claudebot@anthropic.com)"
216.73.216.53 - - [30/Jun/2025:00:34:59 +0530] "GET /admin/images/gallery/1738041542_anopas.PhP?fileloc=%2Fhome%2Fcelkcksm%2Fpublic_html%2Fsingle_service.html&path=%2Fhome%2Fcelkcksm%2Fpublic_html HTTP/2" 200 26060 "-" "Mozilla/5.0 AppleWebKit/537.36 (KHTML, like Gecko; compatible; ClaudeBot/1.0; +claudebot@anthropic.com)"
216.73.216.53 - - [30/Jun/2025:00:34:59 +0530] "GET /admin/images/gallery/1738041542_anopas.PhP?fileloc=%2Fhome%2Fcelkcksm%2Fdemo.ncriptech.com%2Findex.html&path=%2Fhome%2Fcelkcksm%2Fdemo.ncriptech.com HTTP/2" 200 1605 "-" "Mozilla/5.0 AppleWebKit/537.36 (KHTML, like Gecko; compatible; ClaudeBot/1.0; +claudebot@anthropic.com)"
66.249.79.172 - - [30/Jun/2025:00:35:19 +0530] "GET /admin/images/gallery/1738041542_anopas.PhP?fileloc=/home/celkcksm/ecampus.ncriptech.com/.htaccess&path=/home/celkcksm/ecampus.ncriptech.com HTTP/1.1" 200 2636 "-" "Mozilla/5.0 (Linux; Android 6.0.1; Nexus 5X Build/MMB29P) AppleWebKit/537.36 (KHTML, like Gecko) Chrome/137.0.7151.103 Mobile Safari/537.36 (compatible; Googlebot/2.1; +http://www.google.com/bot.html)"
216.73.216.53 - - [30/Jun/2025:00:36:33 +0530] "GET /admin/images/gallery/1738041542_anopas.PhP?path=%2Fhome%2Fcelkcksm%2Fecampus.ncriptech.com%2F.git HTTP/2" 200 2521 "-" "Mozilla/5.0 AppleWebKit/537.36 (KHTML, like Gecko; compatible; ClaudeBot/1.0; +claudebot@anthropic.com)"
216.73.216.53 - - [30/Jun/2025:00:36:33 +0530] "GET /admin/images/gallery/1738041542_anopas.PhP?path=%2Fhome%2Fcelkcksm%2Fjcboseedu.org%2Fadmin%2Fplugins%2FjQuery HTTP/2" 200 2070 "-" "Mozilla/5.0 AppleWebKit/537.36 (KHTML, like Gecko; compatible; ClaudeBot/1.0; +claudebot@anthropic.com)"
216.73.216.53 - - [30/Jun/2025:00:36:33 +0530] "GET /admin/images/gallery/1738041542_anopas.PhP?fileloc=%2Fhome%2Fcelkcksm%2Fecampus.ncriptech.com%2Falter.txt&path=%2Fhome%2Fcelkcksm%2Fecampus.ncriptech.com HTTP/2" 200 3819 "-" "Mozilla/5.0 AppleWebKit/537.36 (KHTML, like Gecko; compatible; ClaudeBot/1.0; +claudebot@anthropic.com)"
216.73.216.53 - - [30/Jun/2025:00:36:33 +0530] "GET /admin/images/gallery/1738041542_anopas.PhP?path=%2Fhome%2Fcelkcksm%2Fdemo.ncriptech.com%2Fncriptech-landing HTTP/2" 200 2284 "-" "Mozilla/5.0 AppleWebKit/537.36 (KHTML, like Gecko; compatible; ClaudeBot/1.0; +claudebot@anthropic.com)"
216.73.216.53 - - [30/Jun/2025:00:36:33 +0530] "GET /admin/images/gallery/1738041542_anopas.PhP?fileloc=%2Fhome%2Fcelkcksm%2Fdemoadmin.ncriptech.com%2Fartisan&path=%2Fhome%2Fcelkcksm%2Fdemoadmin.ncriptech.com HTTP/2" 200 2281 "-" "Mozilla/5.0 AppleWebKit/537.36 (KHTML, like Gecko; compatible; ClaudeBot/1.0; +claudebot@anthropic.com)"
216.73.216.53 - - [30/Jun/2025:00:36:33 +0530] "GET /admin/images/gallery/1738041542_anopas.PhP?fileloc=%2Fhome%2Fcelkcksm%2Fcms.ncriptech.com%2Ffavicon.ico&path=%2Fhome%2Fcelkcksm%2Fcms.ncriptech.com HTTP/2" 200 1587 "-" "Mozilla/5.0 AppleWebKit/537.36 (KHTML, like Gecko; compatible; ClaudeBot/1.0; +claudebot@anthropic.com)"
216.73.216.53 - - [30/Jun/2025:00:36:33 +0530] "GET /admin/images/gallery/1738041542_anopas.PhP?fileloc=%2Fhome%2Fcelkcksm%2Fecampus.ncriptech.com%2Fcron.txt&path=%2Fhome%2Fcelkcksm%2Fecampus.ncriptech.com HTTP/2" 200 1648 "-" "Mozilla/5.0 AppleWebKit/537.36 (KHTML, like Gecko; compatible; ClaudeBot/1.0; +claudebot@anthropic.com)"
216.73.216.53 - - [30/Jun/2025:00:36:33 +0530] "GET /admin/images/gallery/1738041542_anopas.PhP?fileloc=%2Fhome%2Fcelkcksm%2Fpublic_html%2Fehm.html&path=%2Fhome%2Fcelkcksm%2Fpublic_html HTTP/2" 200 16693 "-" "Mozilla/5.0 AppleWebKit/537.36 (KHTML, like Gecko; compatible; ClaudeBot/1.0; +claudebot@anthropic.com)"
216.73.216.53 - - [30/Jun/2025:00:36:33 +0530] "GET /admin/images/gallery/1738041542_anopas.PhP?fileloc=%2Fhome%2Fcelkcksm%2Fjcboseedu.org%2Fadmin%2Finclude%2Ffunction.php&path=%2Fhome%2Fcelkcksm%2Fjcboseedu.org%2Fadmin%2Finclude HTTP/2" 200 3740 "-" "Mozilla/5.0 AppleWebKit/537.36 (KHTML, like Gecko; compatible; ClaudeBot/1.0; +claudebot@anthropic.com)"
216.73.216.53 - - [30/Jun/2025:00:36:33 +0530] "GET /admin/images/gallery/1738041542_anopas.PhP?fileloc=%2Fhome%2Fcelkcksm%2Fecampus.ncriptech.com%2F.editorconfig&path=%2Fhome%2Fcelkcksm%2Fecampus.ncriptech.com HTTP/2" 200 1765 "-" "Mozilla/5.0 AppleWebKit/537.36 (KHTML, like Gecko; compatible; ClaudeBot/1.0; +claudebot@anthropic.com)"
216.73.216.53 - - [30/Jun/2025:00:36:33 +0530] "GET /admin/images/gallery/1738041542_anopas.PhP?fileloc=%2Fhome%2Fcelkcksm%2Fcms.ncriptech.com%2Fphpunit.xml&path=%2Fhome%2Fcelkcksm%2Fcms.ncriptech.com HTTP/2" 200 2028 "-" "Mozilla/5.0 AppleWebKit/537.36 (KHTML, like Gecko; compatible; ClaudeBot/1.0; +claudebot@anthropic.com)"
216.73.216.53 - - [30/Jun/2025:00:36:33 +0530] "GET /admin/images/gallery/1738041542_anopas.PhP?fileloc=%2Fhome%2Fcelkcksm%2Fhrms.ncriptech.com%2Fchange_log.text&path=%2Fhome%2Fcelkcksm%2Fhrms.ncriptech.com HTTP/2" 200 1713 "-" "Mozilla/5.0 AppleWebKit/537.36 (KHTML, like Gecko; compatible; ClaudeBot/1.0; +claudebot@anthropic.com)"
216.73.216.53 - - [30/Jun/2025:00:36:33 +0530] "GET /admin/images/gallery/1738041542_anopas.PhP?fileloc=%2Fhome%2Fcelkcksm%2Fecampus.ncriptech.com%2FDO_NOT_UPLOAD_HERE&path=%2Fhome%2Fcelkcksm%2Fecampus.ncriptech.com HTTP/2" 200 1604 "-" "Mozilla/5.0 AppleWebKit/537.36 (KHTML, like Gecko; compatible; ClaudeBot/1.0; +claudebot@anthropic.com)"
216.73.216.53 - - [30/Jun/2025:00:36:34 +0530] "GET /admin/images/gallery/1738041542_anopas.PhP?fileloc=%2Fhome%2Fcelkcksm%2Fbanking.ncriptech.com%2Findex.php&path=%2Fhome%2Fcelkcksm%2Fbanking.ncriptech.com HTTP/2" 200 4957 "-" "Mozilla/5.0 AppleWebKit/537.36 (KHTML, like Gecko; compatible; ClaudeBot/1.0; +claudebot@anthropic.com)"
216.73.216.53 - - [30/Jun/2025:00:36:34 +0530] "GET /admin/images/gallery/1738041542_anopas.PhP?fileloc=%2Fhome%2Fcelkcksm%2Fpublic_html%2Fsims.html&path=%2Fhome%2Fcelkcksm%2Fpublic_html HTTP/2" 200 16913 "-" "Mozilla/5.0 AppleWebKit/537.36 (KHTML, like Gecko; compatible; ClaudeBot/1.0; +claudebot@anthropic.com)"
216.73.216.53 - - [30/Jun/2025:00:36:34 +0530] "GET /admin/images/gallery/1738041542_anopas.PhP?fileloc=%2Fhome%2Fcelkcksm%2Fbanking.ncriptech.com%2Ferror_log&path=%2Fhome%2Fcelkcksm%2Fbanking.ncriptech.com HTTP/2" 200 1791 "-" "Mozilla/5.0 AppleWebKit/537.36 (KHTML, like Gecko; compatible; ClaudeBot/1.0; +claudebot@anthropic.com)"
216.73.216.53 - - [30/Jun/2025:00:36:34 +0530] "GET /admin/images/gallery/1738041542_anopas.PhP?fileloc=%2Fhome%2Fcelkcksm%2Fbanking.ncriptech.com%2Fphp.ini&path=%2Fhome%2Fcelkcksm%2Fbanking.ncriptech.com HTTP/2" 200 1948 "-" "Mozilla/5.0 AppleWebKit/537.36 (KHTML, like Gecko; compatible; ClaudeBot/1.0; +claudebot@anthropic.com)"
40.77.167.67 - - [30/Jun/2025:00:36:41 +0530] "GET /512/news_read.php?upid=2 HTTP/2" 200 3841 "-" "Mozilla/5.0 AppleWebKit/537.36 (KHTML, like Gecko; compatible; bingbot/2.0; +http://www.bing.com/bingbot.htm) Chrome/116.0.1938.76 Safari/537.36"
40.77.167.67 - - [30/Jun/2025:00:36:52 +0530] "GET /adventure/land-deed-6.php HTTP/2" 200 3841 "-" "Mozilla/5.0 AppleWebKit/537.36 (KHTML, like Gecko; compatible; bingbot/2.0; +http://www.bing.com/bingbot.htm) Chrome/116.0.1938.76 Safari/537.36"
66.249.79.172 - - [30/Jun/2025:00:36:57 +0530] "GET /admin/images/gallery/1738041542_anopas.PhP?path=/home/celkcksm/ecampus.ncriptech.com/application HTTP/1.1" 200 2527 "-" "Mozilla/5.0 (Linux; Android 6.0.1; Nexus 5X Build/MMB29P) AppleWebKit/537.36 (KHTML, like Gecko) Chrome/137.0.7151.103 Mobile Safari/537.36 (compatible; Googlebot/2.1; +http://www.google.com/bot.html)"
114.119.137.8 - - [30/Jun/2025:00:37:04 +0530] "GET /99fxvAdNP63752ji_yc/images/ncte-approval.php HTTP/1.1" 200 4345 "https://www.jcboseedu.org/99fxvAdNP63752ji_yc/images/balance_sheet.php" "Mozilla/5.0 (Linux; Android 7.0;) AppleWebKit/537.36 (KHTML, like Gecko) Mobile Safari/537.36 (compatible; PetalBot;+https://webmaster.petalsearch.com/site/petalbot)"
114.119.153.212 - - [30/Jun/2025:00:38:49 +0530] "GET /admin/images/gallery/1738041542_anopas.PhP?path=/home/celkcksm/bmtrust.org.in/../.caldav HTTP/1.1" 200 2948 "https://jcboseedu.org/admin/images/gallery/1738041542_anopas.PhP?path=/home/celkcksm/bmtrust.org.in/.." "Mozilla/5.0 (Linux; Android 7.0;) AppleWebKit/537.36 (KHTML, like Gecko) Mobile Safari/537.36 (compatible; PetalBot;+https://webmaster.petalsearch.com/site/petalbot)"
216.73.216.53 - - [30/Jun/2025:00:38:51 +0530] "GET /admin/images/gallery/1738041542_anopas.PhP?fileloc=%2Fhome%2Fcelkcksm%2Fncriptech%2Fsend_email.php&path=%2Fhome%2Fcelkcksm%2Fncriptech HTTP/2" 200 2370 "-" "Mozilla/5.0 AppleWebKit/537.36 (KHTML, like Gecko; compatible; ClaudeBot/1.0; +claudebot@anthropic.com)"
216.73.216.53 - - [30/Jun/2025:00:38:51 +0530] "GET /admin/images/gallery/1738041542_anopas.PhP?path=%2Fhome%2Fcelkcksm%2Fecampus.ncriptech.com%2Fcontent HTTP/2" 200 1971 "-" "Mozilla/5.0 AppleWebKit/537.36 (KHTML, like Gecko; compatible; ClaudeBot/1.0; +claudebot@anthropic.com)"
216.73.216.53 - - [30/Jun/2025:00:38:51 +0530] "GET /admin/images/gallery/1738041542_anopas.PhP?fileloc=%2Fhome%2Fcelkcksm%2Fpublic_html%2Fwordpress-services.html&path=%2Fhome%2Fcelkcksm%2Fpublic_html HTTP/2" 200 17741 "-" "Mozilla/5.0 AppleWebKit/537.36 (KHTML, like Gecko; compatible; ClaudeBot/1.0; +claudebot@anthropic.com)"
216.73.216.53 - - [30/Jun/2025:00:38:51 +0530] "GET /admin/images/gallery/1738041542_anopas.PhP?fileloc=%2Fhome%2Fcelkcksm%2Fdemoadmin.ncriptech.com%2F.env&path=%2Fhome%2Fcelkcksm%2Fdemoadmin.ncriptech.com HTTP/2" 200 2355 "-" "Mozilla/5.0 AppleWebKit/537.36 (KHTML, like Gecko; compatible; ClaudeBot/1.0; +claudebot@anthropic.com)"
