Server IP : 103.191.208.50 / Your IP : 216.73.216.53 Web Server : LiteSpeed System : Linux orion.herosite.pro 4.18.0-553.53.1.lve.el8.x86_64 #1 SMP Wed May 28 17:01:02 UTC 2025 x86_64 User : celkcksm ( 1031) PHP Version : 7.4.33 Disable Function : show_source, system, shell_exec, passthru, popen, exec MySQL : OFF | cURL : ON | WGET : ON | Perl : ON | Python : ON Directory (0750) : /home/celkcksm/gtsgmbh.ncriptech.com/../access-logs/ |
[ Home ] | [ C0mmand ] | [ Upload File ] |
---|
103.191.208.50 - - [29/Jun/2025:19:11:36 +0530] "GET /.well-known/acme-challenge/1Q_H29ZTTDPJ-XWXVJCDV6KCQT7RXGAF HTTP/1.1" 200 64 "-" "Cpanel-HTTP-Client/1.0"
103.191.208.50 - - [29/Jun/2025:19:11:36 +0530] "GET /.well-known/acme-challenge/NEV-AW4T8Z1-JH0K80UKJYQ96XDR9BLW HTTP/1.1" 200 64 "-" "Cpanel-HTTP-Client/1.0"
103.191.208.50 - - [29/Jun/2025:19:11:37 +0530] "GET /.well-known/acme-challenge/459K7QHAYL19Q9629JKZBE7S-JJXTKDU HTTP/1.1" 200 64 "-" "Cpanel-HTTP-Client/1.0"
103.191.208.50 - - [29/Jun/2025:19:11:38 +0530] "GET /.well-known/acme-challenge/_2CRXECMEUQ8H_8E438GYKOXPOI3DLHR HTTP/1.1" 200 64 "-" "Cpanel-HTTP-Client/1.0"
103.191.208.50 - - [29/Jun/2025:19:11:38 +0530] "GET /.well-known/acme-challenge/I5K262M02SGD-MLRN0N0D5RWPN3Z9RK1 HTTP/1.1" 200 64 "-" "Cpanel-HTTP-Client/1.0"
103.191.208.50 - - [29/Jun/2025:19:11:38 +0530] "GET /.well-known/acme-challenge/N_H81UM_H5HHUN08VKZGZX9NTRFDWAHD HTTP/1.1" 200 64 "-" "Cpanel-HTTP-Client/1.0"
103.191.208.50 - - [29/Jun/2025:19:11:40 +0530] "GET /.well-known/acme-challenge/2OIW8PZ-WKND4DNUD8XMGC3A_SP5UZY_ HTTP/1.1" 200 64 "-" "Cpanel-HTTP-Client/1.0"
103.191.208.50 - - [29/Jun/2025:19:11:40 +0530] "GET /.well-known/acme-challenge/I3JHMLRZP65A9268LM7HPCR44K0HJUEX HTTP/1.1" 200 64 "-" "Cpanel-HTTP-Client/1.0"
103.191.208.50 - - [29/Jun/2025:19:11:42 +0530] "GET /.well-known/acme-challenge/W7MCAA77LW66J0CZJ0IR-2HILZAE7G1V HTTP/1.1" 200 64 "-" "Cpanel-HTTP-Client/1.0"
46.250.175.95 - - [29/Jun/2025:19:19:17 +0530] "GET /refund-policy HTTP/1.1" 200 14407 "http://skmpharma.in/refund-policy" "Mozilla/5.0 (Windows NT 10.0; Win64; x64) AppleWebKit/537.36 (KHTML, like Gecko) Chrome/101.0.4951.64 Safari/537.36 Edg/101.0.1210.47"
174.138.28.78 - - [29/Jun/2025:20:31:17 +0530] "GET /.env HTTP/1.1" 200 16192 "-" "Mozilla/5.0 (X11; Linux x86_64) AppleWebKit/537.36 (KHTML, like Gecko) Chrome/81.0.4044.129 Safari/537.36"
174.138.28.78 - - [29/Jun/2025:20:31:20 +0530] "POST / HTTP/1.1" 200 23825 "-" "Mozilla/5.0 (X11; Linux x86_64) AppleWebKit/537.36 (KHTML, like Gecko) Chrome/81.0.4044.129 Safari/537.36"
174.138.28.78 - - [29/Jun/2025:20:31:24 +0530] "GET /.env HTTP/1.1" 200 16192 "-" "Mozilla/5.0 (X11; Linux x86_64) AppleWebKit/537.36 (KHTML, like Gecko) Chrome/81.0.4044.129 Safari/537.36"
174.138.28.78 - - [29/Jun/2025:20:31:27 +0530] "POST / HTTP/1.1" 200 23825 "-" "Mozilla/5.0 (X11; Linux x86_64) AppleWebKit/537.36 (KHTML, like Gecko) Chrome/81.0.4044.129 Safari/537.36"
174.138.28.78 - - [29/Jun/2025:20:31:28 +0530] "GET /sendgrid/.env HTTP/1.1" 200 16192 "-" "Mozilla/5.0 (X11; Linux x86_64) AppleWebKit/537.36 (KHTML, like Gecko) Chrome/81.0.4044.129 Safari/537.36"
174.138.28.78 - - [29/Jun/2025:20:31:35 +0530] "POST / HTTP/1.1" 200 23825 "-" "Mozilla/5.0 (X11; Linux x86_64) AppleWebKit/537.36 (KHTML, like Gecko) Chrome/81.0.4044.129 Safari/537.36"
174.138.28.78 - - [29/Jun/2025:20:31:43 +0530] "GET /.env HTTP/1.1" 200 16259 "-" "Mozlila/5.0 (Linux; Android 7.0; SM-G892A Bulid/NRD90M; wv) AppleWebKit/537.36 (KHTML, like Gecko) Version/4.0 Chrome/60.0.3112.107 Moblie Safari/537.36"
124.243.184.45 - - [29/Jun/2025:21:51:20 +0530] "GET /accomodation HTTP/1.1" 200 13963 "http://skmpharma.in/accomodation" "Mozilla/5.0 (Macintosh; Intel Mac OS X 10_15_7) AppleWebKit/537.36 (KHTML, like Gecko) Chrome/131.0.0.0 Safari/537.36"
103.191.208.50 - - [29/Jun/2025:22:11:29 +0530] "GET /.well-known/acme-challenge/MSWA60Y0CUWE5GRE23HI-EY7Q57MATEC HTTP/1.1" 200 64 "-" "Cpanel-HTTP-Client/1.0"
103.191.208.50 - - [29/Jun/2025:22:11:29 +0530] "GET /.well-known/acme-challenge/DGUNF-97QUD63QP5ZXR_PPKFL16E8APG HTTP/1.1" 200 64 "-" "Cpanel-HTTP-Client/1.0"
103.191.208.50 - - [29/Jun/2025:22:11:31 +0530] "GET /.well-known/acme-challenge/9304-X_0G1BS6NR14SFQBYMRED7N61VY HTTP/1.1" 200 64 "-" "Cpanel-HTTP-Client/1.0"
103.191.208.50 - - [29/Jun/2025:22:11:31 +0530] "GET /.well-known/acme-challenge/JQVNH2D_EDAH3HOUTGQ13_I6OREHGFG4 HTTP/1.1" 200 64 "-" "Cpanel-HTTP-Client/1.0"
103.191.208.50 - - [29/Jun/2025:22:11:31 +0530] "GET /.well-known/acme-challenge/C705_7ZDD4LTYIVVVG8C2N-C_HR5_O24 HTTP/1.1" 200 64 "-" "Cpanel-HTTP-Client/1.0"
103.191.208.50 - - [29/Jun/2025:22:11:31 +0530] "GET /.well-known/acme-challenge/EV5VNW08MX9NC5PCR_2GB2LKMO8A8DV8 HTTP/1.1" 200 64 "-" "Cpanel-HTTP-Client/1.0"
103.191.208.50 - - [29/Jun/2025:22:11:33 +0530] "GET /.well-known/acme-challenge/C7N2R4Z-H91WYQJUR7LZSQN0G-NPUSWE HTTP/1.1" 200 64 "-" "Cpanel-HTTP-Client/1.0"
103.191.208.50 - - [29/Jun/2025:22:11:34 +0530] "GET /.well-known/acme-challenge/A3BQBR22XDG_AE6CGM2MG8XX9DC6M7A_ HTTP/1.1" 200 64 "-" "Cpanel-HTTP-Client/1.0"
103.191.208.50 - - [29/Jun/2025:22:11:35 +0530] "GET /.well-known/acme-challenge/EZIZ-MBRPAKB37XX5GLWK_1UEJ4GN5O_ HTTP/1.1" 200 64 "-" "Cpanel-HTTP-Client/1.0"
2a06:98c0:3600::103 - - [29/Jun/2025:23:10:44 +0530] "GET /wordpress/wp-admin/setup-config.php HTTP/1.1" 200 16196 "-" "Mozilla/5.0 (Windows NT 10.0; Win64; x64) AppleWebKit/537.36 (KHTML, like Gecko) Chrome/137.0.0.0 Safari/537.36"
2a06:98c0:3600::103 - - [29/Jun/2025:23:12:49 +0530] "GET /wp-admin/setup-config.php HTTP/1.1" 200 16196 "-" "Mozilla/5.0 (Windows NT 10.0; Win64; x64) AppleWebKit/537.36 (KHTML, like Gecko) Chrome/137.0.0.0 Safari/537.36"
103.191.208.50 - - [30/Jun/2025:01:12:24 +0530] "GET /.well-known/acme-challenge/2Y9ZI13C4BXSLI1HXFH5BGP72Z0YS_QW HTTP/1.1" 200 64 "-" "Cpanel-HTTP-Client/1.0"
103.191.208.50 - - [30/Jun/2025:01:12:25 +0530] "GET /.well-known/acme-challenge/0HW4E1RNO_0A4G1OUD5XW7_LIFVGF1W1 HTTP/1.1" 200 64 "-" "Cpanel-HTTP-Client/1.0"
103.191.208.50 - - [30/Jun/2025:01:12:26 +0530] "GET /.well-known/acme-challenge/GU0TZZPO6_GDECIT4A3ITAG8QH07E8YE HTTP/1.1" 200 64 "-" "Cpanel-HTTP-Client/1.0"
103.191.208.50 - - [30/Jun/2025:01:12:27 +0530] "GET /.well-known/acme-challenge/TLCDNG1P-GDJ4062R83Q9JC98G1A4ZGR HTTP/1.1" 200 64 "-" "Cpanel-HTTP-Client/1.0"
103.191.208.50 - - [30/Jun/2025:01:12:27 +0530] "GET /.well-known/acme-challenge/7H2-OSSAIBS1FMC8NL_Q5CTJNS1YY3LZ HTTP/1.1" 200 64 "-" "Cpanel-HTTP-Client/1.0"
103.191.208.50 - - [30/Jun/2025:01:12:27 +0530] "GET /.well-known/acme-challenge/DA82W8JA9-S3MOFYDFQ8ZH3HHVYH7MSX HTTP/1.1" 200 64 "-" "Cpanel-HTTP-Client/1.0"
103.191.208.50 - - [30/Jun/2025:01:12:29 +0530] "GET /.well-known/acme-challenge/9ST7_463VXX4KBK2B3ZUW_03700NVF1U HTTP/1.1" 200 64 "-" "Cpanel-HTTP-Client/1.0"
103.191.208.50 - - [30/Jun/2025:01:12:29 +0530] "GET /.well-known/acme-challenge/DOCAO4HD_X948P-K8J-GNOT5W2-JABGJ HTTP/1.1" 200 64 "-" "Cpanel-HTTP-Client/1.0"
103.191.208.50 - - [30/Jun/2025:01:12:31 +0530] "GET /.well-known/acme-challenge/XJLV8K5G2CTMAD6398-NRJ1GCHRPPFQV HTTP/1.1" 200 64 "-" "Cpanel-HTTP-Client/1.0"
66.249.79.205 - - [30/Jun/2025:01:15:31 +0530] "GET / HTTP/1.1" 200 20183 "-" "Mozilla/5.0 (compatible; Googlebot/2.1; +http://www.google.com/bot.html)"
66.249.79.204 - - [30/Jun/2025:01:16:03 +0530] "GET /public/new-assets/css/timercss.css HTTP/1.1" 200 909 "http://skmpharma.in/" "Mozilla/5.0 AppleWebKit/537.36 (KHTML, like Gecko; compatible; Googlebot/2.1; +http://www.google.com/bot.html) Chrome/137.0.7151.68 Safari/537.36"
66.249.79.206 - - [30/Jun/2025:01:16:03 +0530] "GET /public/assets/js/jquery-migrate-3.4.0.min.js HTTP/1.1" 200 4603 "http://skmpharma.in/" "Mozilla/5.0 AppleWebKit/537.36 (KHTML, like Gecko; compatible; Googlebot/2.1; +http://www.google.com/bot.html) Chrome/137.0.7151.68 Safari/537.36"
66.249.79.206 - - [30/Jun/2025:01:16:04 +0530] "GET /public/new-assets/img/menu-burger.svg HTTP/1.1" 200 138 "http://skmpharma.in/" "Mozilla/5.0 AppleWebKit/537.36 (KHTML, like Gecko; compatible; Googlebot/2.1; +http://www.google.com/bot.html) Chrome/137.0.7151.68 Safari/537.36"
66.249.79.205 - - [30/Jun/2025:01:16:04 +0530] "GET /public/new-assets/css/jquery.fancybox.min.css HTTP/1.1" 200 3150 "http://skmpharma.in/" "Mozilla/5.0 AppleWebKit/537.36 (KHTML, like Gecko; compatible; Googlebot/2.1; +http://www.google.com/bot.html) Chrome/137.0.7151.68 Safari/537.36"
66.249.79.204 - - [30/Jun/2025:01:16:05 +0530] "GET /public/new-assets/js/owl.carousel.min.js HTTP/1.1" 200 11139 "http://skmpharma.in/" "Mozilla/5.0 AppleWebKit/537.36 (KHTML, like Gecko; compatible; Googlebot/2.1; +http://www.google.com/bot.html) Chrome/137.0.7151.68 Safari/537.36"
66.249.79.206 - - [30/Jun/2025:01:16:05 +0530] "GET /public/new-assets/img/angle-right.svg HTTP/1.1" 200 273 "http://skmpharma.in/" "Mozilla/5.0 AppleWebKit/537.36 (KHTML, like Gecko; compatible; Googlebot/2.1; +http://www.google.com/bot.html) Chrome/137.0.7151.68 Safari/537.36"
66.249.79.205 - - [30/Jun/2025:01:16:06 +0530] "GET /public/new-assets/img/angle-left.svg HTTP/1.1" 200 281 "http://skmpharma.in/" "Mozilla/5.0 AppleWebKit/537.36 (KHTML, like Gecko; compatible; Googlebot/2.1; +http://www.google.com/bot.html) Chrome/137.0.7151.68 Safari/537.36"
66.249.79.205 - - [30/Jun/2025:01:16:32 +0530] "GET /favicon.ico HTTP/1.1" 404 1251 "-" "Googlebot-Image/1.0"
66.249.79.205 - - [30/Jun/2025:01:16:33 +0530] "GET /public/new-assets/img/fevicon.png HTTP/1.1" 200 13949 "-" "Googlebot-Image/1.0"
2a06:98c0:3600::103 - - [30/Jun/2025:01:37:48 +0530] "GET /wordpress/wp-admin/setup-config.php HTTP/1.1" 200 16196 "-" "Mozilla/5.0 (Windows NT 10.0; Win64; x64) AppleWebKit/537.36 (KHTML, like Gecko) Chrome/137.0.0.0 Safari/537.36"
2a06:98c0:3600::103 - - [30/Jun/2025:01:38:41 +0530] "GET /wp-admin/setup-config.php HTTP/1.1" 200 16196 "-" "Mozilla/5.0 (Windows NT 10.0; Win64; x64) AppleWebKit/537.36 (KHTML, like Gecko) Chrome/137.0.0.0 Safari/537.36"
217.194.215.46 - - [30/Jun/2025:02:15:28 +0530] "GET /ALFA_DATA/alfacgiapi HTTP/1.1" 200 13989 "-" "Mozilla/5.0 (Windows NT 10.0; Win64; x64) AppleWebKit/537.36 (KHTML, like Gecko) Chrome/87.0.4280.141 Safari/537.36"
217.194.215.46 - - [30/Jun/2025:02:21:21 +0530] "GET /wp-admin/ALFA_DATA/alfacgiapi/ HTTP/1.1" 200 20162 "-" "Mozilla/5.0 (Windows NT 10.0; Win64; x64) AppleWebKit/537.36 (KHTML, like Gecko) Chrome/87.0.4280.141 Safari/537.36"
217.194.215.46 - - [30/Jun/2025:02:26:12 +0530] "GET /wp-content/ALFA_DATA/alfacgiapi/ HTTP/1.1" 200 20162 "-" "Mozilla/5.0 (Windows NT 10.0; Win64; x64) AppleWebKit/537.36 (KHTML, like Gecko) Chrome/87.0.4280.141 Safari/537.36"
217.194.215.46 - - [30/Jun/2025:02:28:58 +0530] "GET /wp-includes/ALFA_DATA/alfacgiapi/ HTTP/1.1" 200 20162 "-" "Mozilla/5.0 (Windows NT 10.0; Win64; x64) AppleWebKit/537.36 (KHTML, like Gecko) Chrome/87.0.4280.141 Safari/537.36"
217.194.215.46 - - [30/Jun/2025:02:32:18 +0530] "GET /.well-known/ALFA_DATA/alfacgiapi/ HTTP/1.1" 200 20162 "-" "Mozilla/5.0 (Windows NT 10.0; Win64; x64) AppleWebKit/537.36 (KHTML, like Gecko) Chrome/87.0.4280.141 Safari/537.36"
217.194.215.46 - - [30/Jun/2025:02:35:32 +0530] "GET /files/ALFA_DATA/alfacgiapi/ HTTP/1.1" 200 20162 "-" "Mozilla/5.0 (Windows NT 10.0; Win64; x64) AppleWebKit/537.36 (KHTML, like Gecko) Chrome/87.0.4280.141 Safari/537.36"
217.194.215.46 - - [30/Jun/2025:02:37:36 +0530] "GET /images/ALFA_DATA/alfacgiapi/ HTTP/1.1" 404 1251 "-" "Mozilla/5.0 (Windows NT 10.0; Win64; x64) AppleWebKit/537.36 (KHTML, like Gecko) Chrome/87.0.4280.141 Safari/537.36"
217.194.215.46 - - [30/Jun/2025:02:40:48 +0530] "GET /css/ALFA_DATA/alfacgiapi/ HTTP/1.1" 200 20162 "-" "Mozilla/5.0 (Windows NT 10.0; Win64; x64) AppleWebKit/537.36 (KHTML, like Gecko) Chrome/87.0.4280.141 Safari/537.36"
217.194.215.46 - - [30/Jun/2025:02:43:34 +0530] "GET /wp-admin/alfacgiapi/ HTTP/1.1" 200 20162 "-" "Mozilla/5.0 (Windows NT 10.0; Win64; x64) AppleWebKit/537.36 (KHTML, like Gecko) Chrome/87.0.4280.141 Safari/537.36"
217.194.215.46 - - [30/Jun/2025:02:45:40 +0530] "GET /wp-admin/css/about.php/alfacgiapi/ HTTP/1.1" 200 20162 "-" "Mozilla/5.0 (Windows NT 10.0; Win64; x64) AppleWebKit/537.36 (KHTML, like Gecko) Chrome/87.0.4280.141 Safari/537.36"
217.194.215.46 - - [30/Jun/2025:02:48:23 +0530] "GET /wp-includes/alfacgiapi/ HTTP/1.1" 200 20162 "-" "Mozilla/5.0 (Windows NT 10.0; Win64; x64) AppleWebKit/537.36 (KHTML, like Gecko) Chrome/87.0.4280.141 Safari/537.36"
217.194.215.46 - - [30/Jun/2025:02:51:35 +0530] "GET /alfacgiapi/ HTTP/1.1" 200 20162 "-" "Mozilla/5.0 (Windows NT 10.0; Win64; x64) AppleWebKit/537.36 (KHTML, like Gecko) Chrome/87.0.4280.141 Safari/537.36"
217.194.215.46 - - [30/Jun/2025:02:53:19 +0530] "GET /tmp_images/alfacgiapi/ HTTP/1.1" 200 20162 "-" "Mozilla/5.0 (Windows NT 10.0; Win64; x64) AppleWebKit/537.36 (KHTML, like Gecko) Chrome/87.0.4280.141 Safari/537.36"
217.194.215.46 - - [30/Jun/2025:02:56:52 +0530] "GET /wp-content/alfacgiapi/ HTTP/1.1" 200 20162 "-" "Mozilla/5.0 (Windows NT 10.0; Win64; x64) AppleWebKit/537.36 (KHTML, like Gecko) Chrome/87.0.4280.141 Safari/537.36"
40.77.167.69 - - [30/Jun/2025:02:57:29 +0530] "GET /public/assets/images/convo-images/convo-img-9.jpg HTTP/1.1" 200 151570 "-" "Mozilla/5.0 AppleWebKit/537.36 (KHTML, like Gecko; compatible; bingbot/2.0; +http://www.bing.com/bingbot.htm) Chrome/116.0.1938.76 Safari/537.36"
217.194.215.46 - - [30/Jun/2025:02:59:17 +0530] "GET /assets/upload/ALFA_DATA/alfacgiapi/ HTTP/1.1" 200 20162 "-" "Mozilla/5.0 (Windows NT 10.0; Win64; x64) AppleWebKit/537.36 (KHTML, like Gecko) Chrome/87.0.4280.141 Safari/537.36"
217.194.215.46 - - [30/Jun/2025:03:02:14 +0530] "GET /blog/ALFA_DATA/alfacgiapi/ HTTP/1.1" 200 20162 "-" "Mozilla/5.0 (Windows NT 10.0; Win64; x64) AppleWebKit/537.36 (KHTML, like Gecko) Chrome/87.0.4280.141 Safari/537.36"
217.194.215.46 - - [30/Jun/2025:03:05:33 +0530] "GET /wp/ALFA_DATA/alfacgiapi/ HTTP/1.1" 200 20162 "-" "Mozilla/5.0 (Windows NT 10.0; Win64; x64) AppleWebKit/537.36 (KHTML, like Gecko) Chrome/87.0.4280.141 Safari/537.36"
217.194.215.46 - - [30/Jun/2025:03:09:32 +0530] "GET /wordpress/ALFA_DATA/alfacgiapi/ HTTP/1.1" 200 20162 "-" "Mozilla/5.0 (Windows NT 10.0; Win64; x64) AppleWebKit/537.36 (KHTML, like Gecko) Chrome/87.0.4280.141 Safari/537.36"
217.194.215.46 - - [30/Jun/2025:03:11:24 +0530] "GET /components/ALFA_DATA/alfacgiapi/ HTTP/1.1" 200 20162 "-" "Mozilla/5.0 (Windows NT 10.0; Win64; x64) AppleWebKit/537.36 (KHTML, like Gecko) Chrome/87.0.4280.141 Safari/537.36"
217.194.215.46 - - [30/Jun/2025:03:13:24 +0530] "GET /upload/ALFA_DATA/alfacgiapi/ HTTP/1.1" 200 20162 "-" "Mozilla/5.0 (Windows NT 10.0; Win64; x64) AppleWebKit/537.36 (KHTML, like Gecko) Chrome/87.0.4280.141 Safari/537.36"
217.194.215.46 - - [30/Jun/2025:03:15:24 +0530] "GET /uploads/ALFA_DATA/alfacgiapi/ HTTP/1.1" 404 1251 "-" "Mozilla/5.0 (Windows NT 10.0; Win64; x64) AppleWebKit/537.36 (KHTML, like Gecko) Chrome/87.0.4280.141 Safari/537.36"
217.194.215.46 - - [30/Jun/2025:03:17:48 +0530] "GET /cgi-bin/ALFA_DATA/alfacgiapi/ HTTP/1.1" 404 1251 "-" "Mozilla/5.0 (Windows NT 10.0; Win64; x64) AppleWebKit/537.36 (KHTML, like Gecko) Chrome/87.0.4280.141 Safari/537.36"
64.233.172.132 - - [30/Jun/2025:03:26:22 +0530] "GET / HTTP/1.1" 200 20183 "-" "Google-Display-Ads-Bot"
217.194.215.46 - - [30/Jun/2025:03:27:07 +0530] "GET /deployment-config.json HTTP/1.1" 200 14023 "-" "Mozilla/5.0 (Windows NT 10.0; Win64; x64) AppleWebKit/537.36 (KHTML, like Gecko) Chrome/87.0.4280.141 Safari/537.36"
217.194.215.46 - - [30/Jun/2025:03:29:28 +0530] "GET /sftp-config.json HTTP/1.1" 200 13999 "-" "Mozilla/5.0 (Windows NT 10.0; Win64; x64) AppleWebKit/537.36 (KHTML, like Gecko) Chrome/87.0.4280.141 Safari/537.36"
217.194.215.46 - - [30/Jun/2025:03:31:20 +0530] "GET /sftp.json HTTP/1.1" 200 13968 "-" "Mozilla/5.0 (Windows NT 10.0; Win64; x64) AppleWebKit/537.36 (KHTML, like Gecko) Chrome/87.0.4280.141 Safari/537.36"
64.233.172.132 - - [30/Jun/2025:03:31:39 +0530] "GET / HTTP/1.1" 200 20183 "-" "Google-Display-Ads-Bot"
64.233.172.133 - - [30/Jun/2025:03:34:03 +0530] "GET / HTTP/1.1" 200 20183 "-" "Google-Display-Ads-Bot"
217.194.215.46 - - [30/Jun/2025:03:37:19 +0530] "GET /.ftpconfig HTTP/1.1" 200 13987 "-" "Mozilla/5.0 (Windows NT 10.0; Win64; x64) AppleWebKit/537.36 (KHTML, like Gecko) Chrome/87.0.4280.141 Safari/537.36"
217.194.215.46 - - [30/Jun/2025:03:39:54 +0530] "GET /config.json HTTP/1.1" 200 13945 "-" "Mozilla/5.0 (Windows NT 10.0; Win64; x64) AppleWebKit/537.36 (KHTML, like Gecko) Chrome/87.0.4280.141 Safari/537.36"
217.194.215.46 - - [30/Jun/2025:03:42:04 +0530] "GET /.aws/credentials HTTP/1.1" 200 13948 "-" "Mozilla/5.0 (Windows NT 10.0; Win64; x64) AppleWebKit/537.36 (KHTML, like Gecko) Chrome/87.0.4280.141 Safari/537.36"
217.194.215.46 - - [30/Jun/2025:03:44:44 +0530] "GET /.env HTTP/1.1" 200 13960 "-" "Mozilla/5.0 (Windows NT 10.0; Win64; x64) AppleWebKit/537.36 (KHTML, like Gecko) Chrome/87.0.4280.141 Safari/537.36"
217.194.215.46 - - [30/Jun/2025:03:46:51 +0530] "GET /api/.env HTTP/1.1" 200 13960 "-" "Mozilla/5.0 (Windows NT 10.0; Win64; x64) AppleWebKit/537.36 (KHTML, like Gecko) Chrome/87.0.4280.141 Safari/537.36"
217.194.215.46 - - [30/Jun/2025:03:52:25 +0530] "GET /core/.env HTTP/1.1" 200 13960 "-" "Mozilla/5.0 (Windows NT 10.0; Win64; x64) AppleWebKit/537.36 (KHTML, like Gecko) Chrome/87.0.4280.141 Safari/537.36"
217.194.215.46 - - [30/Jun/2025:03:55:48 +0530] "GET /sftp.json HTTP/1.1" 200 13968 "-" "Mozilla/5.0 (Windows NT 10.0; Win64; x64) AppleWebKit/537.36 (KHTML, like Gecko) Chrome/87.0.4280.141 Safari/537.36"
103.191.208.50 - - [30/Jun/2025:04:11:03 +0530] "GET /.well-known/acme-challenge/3XPK6NYG2J7DXCI59_BCM4UXOCER89DL HTTP/1.1" 200 64 "-" "Cpanel-HTTP-Client/1.0"
103.191.208.50 - - [30/Jun/2025:04:11:04 +0530] "GET /.well-known/acme-challenge/1E8Z8_Y0539DWHS3NXNRL57TOYTVRF_S HTTP/1.1" 200 64 "-" "Cpanel-HTTP-Client/1.0"
103.191.208.50 - - [30/Jun/2025:04:11:05 +0530] "GET /.well-known/acme-challenge/9P57NXAXG2KV9VQC0U2SOWOHQG2M70P3 HTTP/1.1" 200 64 "-" "Cpanel-HTTP-Client/1.0"
103.191.208.50 - - [30/Jun/2025:04:11:06 +0530] "GET /.well-known/acme-challenge/-_1UKZP47PVFAF9ULVFHG6KB6GMO48E2 HTTP/1.1" 200 64 "-" "Cpanel-HTTP-Client/1.0"
103.191.208.50 - - [30/Jun/2025:04:11:06 +0530] "GET /.well-known/acme-challenge/RZUQ_YSIVHPRC-DXTN19JAUYH--UJJEU HTTP/1.1" 200 64 "-" "Cpanel-HTTP-Client/1.0"
103.191.208.50 - - [30/Jun/2025:04:11:06 +0530] "GET /.well-known/acme-challenge/_ZD04LVHXLUZSXORPZ5XDJ8B48DDZ-ES HTTP/1.1" 200 64 "-" "Cpanel-HTTP-Client/1.0"
103.191.208.50 - - [30/Jun/2025:04:11:07 +0530] "GET /.well-known/acme-challenge/H4FJYF0GLJYL8V9_-NPR2L00CHV8TDF0 HTTP/1.1" 200 64 "-" "Cpanel-HTTP-Client/1.0"
103.191.208.50 - - [30/Jun/2025:04:11:08 +0530] "GET /.well-known/acme-challenge/-6WUJ2VFSCI_7GNIZFIVTDOX1ZXWA8I9 HTTP/1.1" 200 64 "-" "Cpanel-HTTP-Client/1.0"
103.191.208.50 - - [30/Jun/2025:04:11:09 +0530] "GET /.well-known/acme-challenge/Q-Z967W3H33-7K0AD9D-M5QNYNQ92FLY HTTP/1.1" 200 64 "-" "Cpanel-HTTP-Client/1.0"
40.77.167.17 - - [30/Jun/2025:05:07:26 +0530] "GET /public/assets/images/convo-images/convo-img-3.jpg HTTP/1.1" 200 145832 "-" "Mozilla/5.0 AppleWebKit/537.36 (KHTML, like Gecko; compatible; bingbot/2.0; +http://www.bing.com/bingbot.htm) Chrome/116.0.1938.76 Safari/537.36"
52.167.144.17 - - [30/Jun/2025:05:28:43 +0530] "GET /public/assets/images/convo-images/convo-img-9.jpg HTTP/1.1" 200 151570 "-" "Mozilla/5.0 AppleWebKit/537.36 (KHTML, like Gecko; compatible; bingbot/2.0; +http://www.bing.com/bingbot.htm) Chrome/116.0.1938.76 Safari/537.36"
51.222.253.20 - - [30/Jun/2025:05:44:38 +0530] "GET /robots.txt HTTP/1.1" 200 87 "-" "Mozilla/5.0 (compatible; AhrefsBot/7.0; +http://ahrefs.com/robot/)"
51.222.253.10 - - [30/Jun/2025:05:50:17 +0530] "GET /robots.txt HTTP/1.1" 200 87 "-" "Mozilla/5.0 (compatible; AhrefsBot/7.0; +http://ahrefs.com/robot/)"
64.233.172.132 - - [30/Jun/2025:06:25:33 +0530] "GET / HTTP/1.1" 200 20183 "-" "Google-Display-Ads-Bot"
64.233.172.132 - - [30/Jun/2025:06:25:39 +0530] "GET / HTTP/1.1" 200 20183 "-" "Google-Display-Ads-Bot"
64.233.172.134 - - [30/Jun/2025:06:26:22 +0530] "GET / HTTP/1.1" 200 20183 "-" "Google-Display-Ads-Bot"
64.233.172.132 - - [30/Jun/2025:06:29:01 +0530] "GET / HTTP/1.1" 200 20183 "-" "Google-Display-Ads-Bot"
64.233.172.132 - - [30/Jun/2025:06:30:37 +0530] "GET / HTTP/1.1" 200 20183 "-" "Google-Display-Ads-Bot"
64.233.172.133 - - [30/Jun/2025:06:30:56 +0530] "GET / HTTP/1.1" 200 20183 "-" "Google-Display-Ads-Bot"
103.191.208.50 - - [30/Jun/2025:07:10:58 +0530] "GET /.well-known/acme-challenge/V12ORVB56E5IXNN7Z82EVDL05ESIPF7U HTTP/1.1" 200 64 "-" "Cpanel-HTTP-Client/1.0"
103.191.208.50 - - [30/Jun/2025:07:10:59 +0530] "GET /.well-known/acme-challenge/6QDDDL7SAFM8WI6EQ44QHX2M7V_LSDS7 HTTP/1.1" 200 64 "-" "Cpanel-HTTP-Client/1.0"
103.191.208.50 - - [30/Jun/2025:07:11:00 +0530] "GET /.well-known/acme-challenge/FX5XYF1H8KEE79L596QT8_FH73VINKVQ HTTP/1.1" 200 64 "-" "Cpanel-HTTP-Client/1.0"
103.191.208.50 - - [30/Jun/2025:07:11:01 +0530] "GET /.well-known/acme-challenge/YQSA97C3Q7--YYSUYHEID0ZDLF9QMG_J HTTP/1.1" 200 64 "-" "Cpanel-HTTP-Client/1.0"
103.191.208.50 - - [30/Jun/2025:07:11:01 +0530] "GET /.well-known/acme-challenge/AVTL-Y-78LB86BY83AVHPAQ72I6O159R HTTP/1.1" 200 64 "-" "Cpanel-HTTP-Client/1.0"
103.191.208.50 - - [30/Jun/2025:07:11:01 +0530] "GET /.well-known/acme-challenge/7GB-VQVF_YL8YTF_8EIXK_QFYTQ7_ABV HTTP/1.1" 200 64 "-" "Cpanel-HTTP-Client/1.0"
103.191.208.50 - - [30/Jun/2025:07:11:03 +0530] "GET /.well-known/acme-challenge/V7EVPPJV9KOZG42HLDXKLFXR3CKZ5QY_ HTTP/1.1" 200 64 "-" "Cpanel-HTTP-Client/1.0"
103.191.208.50 - - [30/Jun/2025:07:11:03 +0530] "GET /.well-known/acme-challenge/I06D9HZQUSZMNY3PFQVSJGMTD2D3_VW4 HTTP/1.1" 200 64 "-" "Cpanel-HTTP-Client/1.0"
103.191.208.50 - - [30/Jun/2025:07:11:04 +0530] "GET /.well-known/acme-challenge/XAP0MBKP_9WTG3JB5T4C_Z63VE9TKRKL HTTP/1.1" 200 64 "-" "Cpanel-HTTP-Client/1.0"
101.44.25.131 - - [30/Jun/2025:09:38:21 +0530] "GET /mission HTTP/1.1" 200 14868 "http://skmpharma.in/mission" "Mozilla/5.0 (Windows NT 10.0; Win64; x64) AppleWebKit/537.36 (KHTML, like Gecko) Chrome/107.0.0.0 Safari/537.36"
103.191.208.50 - - [30/Jun/2025:10:11:30 +0530] "GET /.well-known/acme-challenge/KHRJY1DPPJ8191YDH2V3R4AB_ZAOO77Z HTTP/1.1" 200 64 "-" "Cpanel-HTTP-Client/1.0"
103.191.208.50 - - [30/Jun/2025:10:11:31 +0530] "GET /.well-known/acme-challenge/S6IKP1__HA3Q0NXJRAC7YFGESY7PVTWO HTTP/1.1" 200 64 "-" "Cpanel-HTTP-Client/1.0"
103.191.208.50 - - [30/Jun/2025:10:11:32 +0530] "GET /.well-known/acme-challenge/O-NXMGWVE6764OLVCHC4LE94TS26NNT9 HTTP/1.1" 200 64 "-" "Cpanel-HTTP-Client/1.0"
103.191.208.50 - - [30/Jun/2025:10:11:33 +0530] "GET /.well-known/acme-challenge/LGBHT7LOC03_TIDIFI07_F5FOT1FOJ2U HTTP/1.1" 200 64 "-" "Cpanel-HTTP-Client/1.0"
103.191.208.50 - - [30/Jun/2025:10:11:33 +0530] "GET /.well-known/acme-challenge/2C9QPR58SLONGSR0B7L0VHIG-_90MJTQ HTTP/1.1" 200 64 "-" "Cpanel-HTTP-Client/1.0"
103.191.208.50 - - [30/Jun/2025:10:11:33 +0530] "GET /.well-known/acme-challenge/8471W8J6OWB8K1X-FQHX9OB70P_D508- HTTP/1.1" 200 64 "-" "Cpanel-HTTP-Client/1.0"
103.191.208.50 - - [30/Jun/2025:10:11:34 +0530] "GET /.well-known/acme-challenge/OEJE6G39VDA-A64F8HK5-9J268SCMDK2 HTTP/1.1" 200 64 "-" "Cpanel-HTTP-Client/1.0"
103.191.208.50 - - [30/Jun/2025:10:11:35 +0530] "GET /.well-known/acme-challenge/QYFPW4GMZLH2HWRF4D6E0FWC6A884GM0 HTTP/1.1" 200 64 "-" "Cpanel-HTTP-Client/1.0"
103.191.208.50 - - [30/Jun/2025:10:11:36 +0530] "GET /.well-known/acme-challenge/BQ_EGWYUW72VEDF4_ONQGF9JCDMH42PO HTTP/1.1" 200 64 "-" "Cpanel-HTTP-Client/1.0"
2a06:98c0:3600::103 - - [30/Jun/2025:11:10:55 +0530] "GET /wordpress/wp-admin/setup-config.php HTTP/1.1" 200 16196 "-" "Mozilla/5.0 (Windows NT 10.0; Win64; x64) AppleWebKit/537.36 (KHTML, like Gecko) Chrome/137.0.0.0 Safari/537.36"
2a06:98c0:3600::103 - - [30/Jun/2025:11:13:33 +0530] "GET /wp-admin/setup-config.php HTTP/1.1" 200 16223 "-" "Mozilla/5.0 (Windows NT 10.0; Win64; x64) AppleWebKit/537.36 (KHTML, like Gecko) Chrome/137.0.0.0 Safari/537.36"
103.191.208.50 - - [30/Jun/2025:13:11:29 +0530] "GET /.well-known/acme-challenge/_BQZAK24XYV0RWD5V1GG-7_10INKSAB4 HTTP/1.1" 200 64 "-" "Cpanel-HTTP-Client/1.0"
103.191.208.50 - - [30/Jun/2025:13:11:30 +0530] "GET /.well-known/acme-challenge/BJZWZAMBN5U5KOG3CJNOZMUE_D-0VM60 HTTP/1.1" 200 64 "-" "Cpanel-HTTP-Client/1.0"
103.191.208.50 - - [30/Jun/2025:13:11:31 +0530] "GET /.well-known/acme-challenge/2J8QQUUPWDKV7_YID8_QF9ZAXMQW7IAW HTTP/1.1" 200 64 "-" "Cpanel-HTTP-Client/1.0"
103.191.208.50 - - [30/Jun/2025:13:11:32 +0530] "GET /.well-known/acme-challenge/3QP7HCDGR28VGY6_DKER6PD1RDXRY2Q9 HTTP/1.1" 200 64 "-" "Cpanel-HTTP-Client/1.0"
103.191.208.50 - - [30/Jun/2025:13:11:32 +0530] "GET /.well-known/acme-challenge/11LG93YMXBQF7OFUWXAM5SC7HMGQBQS9 HTTP/1.1" 200 64 "-" "Cpanel-HTTP-Client/1.0"
103.191.208.50 - - [30/Jun/2025:13:11:32 +0530] "GET /.well-known/acme-challenge/5DJMR3LAZWB9Q54UWIV5VI_4EUI92YNH HTTP/1.1" 200 64 "-" "Cpanel-HTTP-Client/1.0"
103.191.208.50 - - [30/Jun/2025:13:11:33 +0530] "GET /.well-known/acme-challenge/MTCIZZ470XH_H89DZXB7-7I98JS-OXAC HTTP/1.1" 200 64 "-" "Cpanel-HTTP-Client/1.0"
103.191.208.50 - - [30/Jun/2025:13:11:34 +0530] "GET /.well-known/acme-challenge/LL0SK9PJ9VKHQ0HZ2BPFEA47CGBIV15Z HTTP/1.1" 200 64 "-" "Cpanel-HTTP-Client/1.0"
103.191.208.50 - - [30/Jun/2025:13:11:35 +0530] "GET /.well-known/acme-challenge/I407IY2HYGAJUL19D1FS9RPV-3HBFSNA HTTP/1.1" 200 64 "-" "Cpanel-HTTP-Client/1.0"
64.233.172.134 - - [30/Jun/2025:13:24:55 +0530] "GET / HTTP/1.1" 200 20183 "-" "Google-Display-Ads-Bot"
64.233.172.132 - - [30/Jun/2025:15:20:06 +0530] "GET / HTTP/1.1" 200 20183 "-" "Google-Display-Ads-Bot"
64.233.172.134 - - [30/Jun/2025:15:23:16 +0530] "GET / HTTP/1.1" 200 20183 "-" "Google-Display-Ads-Bot"
64.233.172.133 - - [30/Jun/2025:15:24:12 +0530] "GET / HTTP/1.1" 200 20183 "-" "Google-Display-Ads-Bot"